--
-- Script was generated by Devart dbForge Studio for MySQL, Version 8.0.40.0
-- Product home page: http://www.devart.com/dbforge/mysql/studio
-- Script date 2019-05-20 3:54:42 PM
-- Client version: 4.1
--

-- 
-- Disable foreign keys
-- 

-- 
-- Set SQL mode
-- 

-- 
-- Set character set the client will use to send SQL statements to the server
--

--
-- Set default database
--
USE osgamma_real;

--
-- Drop table `codemasters`
--

--
-- Drop table `m_doshatypeandquestions`
--

--
-- Drop table `m_doshauserhists`
--

--
-- Drop table `m_doshatypes`
--

--
-- Drop table `m_fatquiestionanswerconfigs`
--

--
-- Drop table `m_fattypeanswerlists`
--

--
-- Drop table `m_fatanswers`
--

--
-- Drop table `m_fatquestions`
--

--
-- Drop table `m_fattypes`
--

--
-- Drop table `products`
--

--
-- Drop table `categories`
--

--
-- Drop table `programsandlessons`
--

--
-- Drop table `schedules`
--

--
-- Drop table `teachersandlessons`
--

--
-- Drop table `trainingandlessons`
--

--
-- Drop table `lessons`
--

--
-- Drop table `rooms`
--

--
-- Drop table `m_mobilityanswerlists`
--

--
-- Drop table `m_mobilityanswers`
--

--
-- Drop table `m_mobilityquestions`
--

--
-- Drop table `m_mobilitytypes`
--

--
-- Drop table `payments`
--

--
-- Drop table `system_roles`
--

--
-- Drop table `m_doshaanswerlists`
--

--
-- Drop table `m_answers`
--

--
-- Drop table `m_questions`
--

--
-- Drop table `m_subcategories`
--

--
-- Drop table `m_maincategories`
--

--
-- Drop table `contracts`
--

--
-- Drop table `studentsandtrainings`
--

--
-- Drop table `trainings`
--

--
-- Drop table `programs`
--

--
-- Set default database
--
USE osgamma_real;

--
-- Create table `programs`
--
CREATE TABLE programs (
  id int(11) NOT NULL AUTO_INCREMENT,
  name varchar(255) NOT NULL,
  description varchar(255) NOT NULL,
  isactive int(11) NOT NULL DEFAULT 1,
  created_at datetime NOT NULL,
  updated_at datetime NOT NULL,
  PRIMARY KEY (id)
)
ENGINE = INNODB,
AUTO_INCREMENT = 8,
AVG_ROW_LENGTH = 2730,
CHARACTER SET utf8,
COLLATE utf8_general_ci;

--
-- Create index `name` on table `programs`
--
ALTER TABLE programs
ADD UNIQUE INDEX name (name);

--
-- Create table `trainings`
--
CREATE TABLE trainings (
  id int(11) NOT NULL AUTO_INCREMENT,
  name varchar(255) NOT NULL,
  amount float NOT NULL,
  description varchar(255) DEFAULT NULL,
  status int(11) NOT NULL DEFAULT 1,
  regbegindate datetime DEFAULT NULL,
  regenddate datetime DEFAULT NULL,
  begindate datetime NOT NULL,
  enddate datetime NOT NULL,
  created_at datetime NOT NULL,
  updated_at datetime NOT NULL,
  programid int(11) DEFAULT NULL,
  PRIMARY KEY (id)
)
ENGINE = INNODB,
AUTO_INCREMENT = 5,
AVG_ROW_LENGTH = 5461,
CHARACTER SET utf8,
COLLATE utf8_general_ci;

--
-- Create foreign key
--
ALTER TABLE trainings
ADD CONSTRAINT trainings_ibfk_1 FOREIGN KEY (programid)
REFERENCES programs (id) ON DELETE SET NULL ON UPDATE CASCADE;

--
-- Create table `studentsandtrainings`
--
CREATE TABLE studentsandtrainings (
  id int(11) NOT NULL AUTO_INCREMENT,
  created_at datetime NOT NULL,
  updated_at datetime NOT NULL,
  studentid int(11) DEFAULT NULL,
  trainingid int(11) DEFAULT NULL,
  PRIMARY KEY (id)
)
ENGINE = INNODB,
AUTO_INCREMENT = 28,
AVG_ROW_LENGTH = 2340,
CHARACTER SET utf8,
COLLATE utf8_general_ci;

--
-- Create foreign key
--
ALTER TABLE studentsandtrainings
ADD CONSTRAINT studentsandtrainings_ibfk_1 FOREIGN KEY (studentid)
REFERENCES students (id) ON DELETE SET NULL ON UPDATE CASCADE;

--
-- Create foreign key
--
ALTER TABLE studentsandtrainings
ADD CONSTRAINT studentsandtrainings_ibfk_2 FOREIGN KEY (trainingid)
REFERENCES trainings (id) ON DELETE SET NULL ON UPDATE CASCADE;

--
-- Create table `contracts`
--
CREATE TABLE contracts (
  id int(11) NOT NULL AUTO_INCREMENT,
  contractcode varchar(255) DEFAULT NULL,
  amount float NOT NULL,
  begindate datetime DEFAULT NULL,
  enddate datetime DEFAULT NULL,
  status int(11) DEFAULT NULL,
  created_at datetime NOT NULL,
  updated_at datetime NOT NULL,
  studentsandtrainingsid int(11) DEFAULT NULL,
  PRIMARY KEY (id)
)
ENGINE = INNODB,
AUTO_INCREMENT = 28,
AVG_ROW_LENGTH = 2340,
CHARACTER SET utf8,
COLLATE utf8_general_ci;

--
-- Create index `contractcode` on table `contracts`
--
ALTER TABLE contracts
ADD UNIQUE INDEX contractcode (contractcode);

--
-- Create foreign key
--
ALTER TABLE contracts
ADD CONSTRAINT contracts_ibfk_1 FOREIGN KEY (studentsandtrainingsid)
REFERENCES studentsandtrainings (id) ON DELETE SET NULL ON UPDATE CASCADE;

--
-- Create table `m_maincategories`
--
CREATE TABLE m_maincategories (
  id int(11) NOT NULL AUTO_INCREMENT,
  name varchar(255) NOT NULL,
  description varchar(2555) DEFAULT NULL,
  content varchar(255) DEFAULT NULL,
  created_at datetime NOT NULL,
  updated_at datetime NOT NULL,
  PRIMARY KEY (id)
)
ENGINE = INNODB,
AUTO_INCREMENT = 4,
AVG_ROW_LENGTH = 8192,
CHARACTER SET utf8,
COLLATE utf8_general_ci;

--
-- Create table `m_subcategories`
--
CREATE TABLE m_subcategories (
  id int(11) NOT NULL AUTO_INCREMENT,
  name varchar(255) NOT NULL,
  description varchar(255) DEFAULT NULL,
  created_at datetime NOT NULL,
  updated_at datetime NOT NULL,
  maincatid int(11) DEFAULT NULL,
  calctype int(11) DEFAULT NULL,
  PRIMARY KEY (id)
)
ENGINE = INNODB,
AUTO_INCREMENT = 66,
AVG_ROW_LENGTH = 455,
CHARACTER SET utf8,
COLLATE utf8_general_ci;

--
-- Create index `name` on table `m_subcategories`
--
ALTER TABLE m_subcategories
ADD UNIQUE INDEX name (name);

--
-- Create foreign key
--
ALTER TABLE m_subcategories
ADD CONSTRAINT m_subcategories_ibfk_1 FOREIGN KEY (maincatid)
REFERENCES m_maincategories (id) ON DELETE SET NULL ON UPDATE CASCADE;

--
-- Create table `m_questions`
--
CREATE TABLE m_questions (
  id int(11) NOT NULL AUTO_INCREMENT,
  question varchar(2555) DEFAULT NULL,
  description varchar(255) DEFAULT NULL,
  content varchar(255) DEFAULT NULL,
  created_at datetime NOT NULL,
  updated_at datetime NOT NULL,
  subcatid int(11) DEFAULT NULL,
  PRIMARY KEY (id)
)
ENGINE = INNODB,
AUTO_INCREMENT = 122,
AVG_ROW_LENGTH = 431,
CHARACTER SET utf8,
COLLATE utf8_general_ci;

--
-- Create foreign key
--
ALTER TABLE m_questions
ADD CONSTRAINT m_questions_ibfk_1 FOREIGN KEY (subcatid)
REFERENCES m_subcategories (id) ON DELETE SET NULL ON UPDATE CASCADE;

--
-- Create table `m_answers`
--
CREATE TABLE m_answers (
  id int(11) NOT NULL AUTO_INCREMENT,
  answer varchar(255) DEFAULT NULL,
  description varchar(255) DEFAULT NULL,
  created_at datetime NOT NULL,
  updated_at datetime NOT NULL,
  questionid int(11) DEFAULT NULL,
  score decimal(10, 1) DEFAULT 0.0,
  PRIMARY KEY (id)
)
ENGINE = INNODB,
AUTO_INCREMENT = 369,
AVG_ROW_LENGTH = 143,
CHARACTER SET utf8,
COLLATE utf8_general_ci;

--
-- Create foreign key
--
ALTER TABLE m_answers
ADD CONSTRAINT m_answers_ibfk_1 FOREIGN KEY (questionid)
REFERENCES m_questions (id) ON DELETE SET NULL ON UPDATE CASCADE;

--
-- Create table `m_doshaanswerlists`
--
CREATE TABLE m_doshaanswerlists (
  id int(11) NOT NULL AUTO_INCREMENT,
  userid varchar(255) DEFAULT NULL,
  requestdate varchar(255) DEFAULT NULL,
  created_at datetime NOT NULL,
  updated_at datetime NOT NULL,
  questionid int(11) DEFAULT NULL,
  answerid int(11) DEFAULT NULL,
  PRIMARY KEY (id)
)
ENGINE = INNODB,
AUTO_INCREMENT = 571,
AVG_ROW_LENGTH = 143,
CHARACTER SET utf8,
COLLATE utf8_general_ci;

--
-- Create foreign key
--
ALTER TABLE m_doshaanswerlists
ADD CONSTRAINT m_doshaanswerlists_ibfk_1 FOREIGN KEY (questionid)
REFERENCES m_questions (id) ON DELETE SET NULL ON UPDATE CASCADE;

--
-- Create foreign key
--
ALTER TABLE m_doshaanswerlists
ADD CONSTRAINT m_doshaanswerlists_ibfk_2 FOREIGN KEY (answerid)
REFERENCES m_answers (id) ON DELETE SET NULL ON UPDATE CASCADE;

--
-- Create table `system_roles`
--
CREATE TABLE system_roles (
  id int(11) NOT NULL AUTO_INCREMENT,
  rolename varchar(255) DEFAULT NULL,
  created_at datetime NOT NULL,
  updated_at datetime NOT NULL,
  PRIMARY KEY (id)
)
ENGINE = INNODB,
AUTO_INCREMENT = 4,
AVG_ROW_LENGTH = 8192,
CHARACTER SET utf8,
COLLATE utf8_general_ci;

--
-- Create table `payments`
--
CREATE TABLE payments (
  id int(11) NOT NULL AUTO_INCREMENT,
  amount float NOT NULL,
  payeddate datetime DEFAULT NULL,
  created_at datetime NOT NULL,
  updated_at datetime NOT NULL,
  contractid int(11) DEFAULT NULL,
  createduser int(11) DEFAULT NULL,
  PRIMARY KEY (id)
)
ENGINE = INNODB,
AVG_ROW_LENGTH = 16384,
CHARACTER SET utf8,
COLLATE utf8_general_ci;

--
-- Create foreign key
--
ALTER TABLE payments
ADD CONSTRAINT payments_ibfk_1 FOREIGN KEY (contractid)
REFERENCES contracts (id) ON DELETE SET NULL ON UPDATE CASCADE;

--
-- Create foreign key
--
ALTER TABLE payments
ADD CONSTRAINT payments_ibfk_2 FOREIGN KEY (createduser)
REFERENCES system_users (id) ON DELETE SET NULL ON UPDATE CASCADE;

--
-- Create table `m_mobilitytypes`
--
CREATE TABLE m_mobilitytypes (
  id int(11) NOT NULL AUTO_INCREMENT,
  name varchar(255) NOT NULL,
  description varchar(255) DEFAULT NULL,
  created_at datetime NOT NULL,
  updated_at datetime NOT NULL,
  PRIMARY KEY (id)
)
ENGINE = INNODB,
AUTO_INCREMENT = 4,
AVG_ROW_LENGTH = 8192,
CHARACTER SET utf8,
COLLATE utf8_general_ci;

--
-- Create index `name` on table `m_mobilitytypes`
--
ALTER TABLE m_mobilitytypes
ADD UNIQUE INDEX name (name);

--
-- Create table `m_mobilityquestions`
--
CREATE TABLE m_mobilityquestions (
  id int(11) NOT NULL AUTO_INCREMENT,
  question varchar(255) NOT NULL,
  time int(11) DEFAULT NULL,
  description varchar(255) DEFAULT NULL,
  created_at datetime NOT NULL,
  updated_at datetime NOT NULL,
  mobilitytype int(11) DEFAULT NULL,
  PRIMARY KEY (id)
)
ENGINE = INNODB,
AUTO_INCREMENT = 11,
AVG_ROW_LENGTH = 5461,
CHARACTER SET utf8,
COLLATE utf8_general_ci;

--
-- Create foreign key
--
ALTER TABLE m_mobilityquestions
ADD CONSTRAINT m_mobilityquestions_ibfk_1 FOREIGN KEY (mobilitytype)
REFERENCES m_mobilitytypes (id) ON DELETE SET NULL ON UPDATE CASCADE;

--
-- Create table `m_mobilityanswers`
--
CREATE TABLE m_mobilityanswers (
  id int(11) NOT NULL AUTO_INCREMENT,
  answer varchar(255) NOT NULL,
  score decimal(10, 2) DEFAULT NULL,
  description varchar(255) DEFAULT NULL,
  created_at datetime NOT NULL,
  updated_at datetime NOT NULL,
  questionid int(11) DEFAULT NULL,
  PRIMARY KEY (id)
)
ENGINE = INNODB,
AUTO_INCREMENT = 51,
AVG_ROW_LENGTH = 327,
CHARACTER SET utf8,
COLLATE utf8_general_ci;

--
-- Create foreign key
--
ALTER TABLE m_mobilityanswers
ADD CONSTRAINT m_mobilityanswers_ibfk_1 FOREIGN KEY (questionid)
REFERENCES m_mobilityquestions (id) ON DELETE SET NULL ON UPDATE CASCADE;

--
-- Create table `m_mobilityanswerlists`
--
CREATE TABLE m_mobilityanswerlists (
  id int(11) NOT NULL AUTO_INCREMENT,
  userid varchar(255) DEFAULT NULL,
  requestdate varchar(255) DEFAULT NULL,
  created_at datetime NOT NULL,
  updated_at datetime NOT NULL,
  questionid int(11) DEFAULT NULL,
  answerid int(11) DEFAULT NULL,
  PRIMARY KEY (id)
)
ENGINE = INNODB,
AUTO_INCREMENT = 21,
AVG_ROW_LENGTH = 819,
CHARACTER SET utf8,
COLLATE utf8_general_ci;

--
-- Create foreign key
--
ALTER TABLE m_mobilityanswerlists
ADD CONSTRAINT m_mobilityanswerlists_ibfk_1 FOREIGN KEY (questionid)
REFERENCES m_mobilityquestions (id) ON DELETE SET NULL ON UPDATE CASCADE;

--
-- Create foreign key
--
ALTER TABLE m_mobilityanswerlists
ADD CONSTRAINT m_mobilityanswerlists_ibfk_2 FOREIGN KEY (answerid)
REFERENCES m_mobilityanswers (id) ON DELETE SET NULL ON UPDATE CASCADE;

--
-- Create table `rooms`
--
CREATE TABLE rooms (
  id int(11) NOT NULL AUTO_INCREMENT,
  roomcode varchar(255) NOT NULL,
  roomname varchar(255) NOT NULL,
  created_at datetime NOT NULL,
  updated_at datetime NOT NULL,
  PRIMARY KEY (id)
)
ENGINE = INNODB,
AUTO_INCREMENT = 4,
AVG_ROW_LENGTH = 5461,
CHARACTER SET utf8,
COLLATE utf8_general_ci;

--
-- Create index `roomcode` on table `rooms`
--
ALTER TABLE rooms
ADD UNIQUE INDEX roomcode (roomcode);

--
-- Create table `lessons`
--
CREATE TABLE lessons (
  id int(11) NOT NULL AUTO_INCREMENT,
  lessoncode varchar(255) NOT NULL,
  lessonname varchar(255) NOT NULL,
  color varchar(255) NOT NULL,
  isactive int(11) NOT NULL DEFAULT 1,
  created_at datetime NOT NULL,
  updated_at datetime NOT NULL,
  PRIMARY KEY (id)
)
ENGINE = INNODB,
AUTO_INCREMENT = 9,
AVG_ROW_LENGTH = 5461,
CHARACTER SET utf8,
COLLATE utf8_general_ci;

--
-- Create index `lessoncode` on table `lessons`
--
ALTER TABLE lessons
ADD UNIQUE INDEX lessoncode (lessoncode);

--
-- Create table `trainingandlessons`
--
CREATE TABLE trainingandlessons (
  id int(11) NOT NULL AUTO_INCREMENT,
  created_at datetime NOT NULL,
  updated_at datetime NOT NULL,
  lessonid int(11) DEFAULT NULL,
  trainingid int(11) DEFAULT NULL,
  PRIMARY KEY (id)
)
ENGINE = INNODB,
AUTO_INCREMENT = 16,
AVG_ROW_LENGTH = 1365,
CHARACTER SET utf8,
COLLATE utf8_general_ci;

--
-- Create foreign key
--
ALTER TABLE trainingandlessons
ADD CONSTRAINT trainingandlessons_ibfk_1 FOREIGN KEY (lessonid)
REFERENCES lessons (id) ON DELETE SET NULL ON UPDATE CASCADE;

--
-- Create foreign key
--
ALTER TABLE trainingandlessons
ADD CONSTRAINT trainingandlessons_ibfk_2 FOREIGN KEY (trainingid)
REFERENCES trainings (id) ON DELETE SET NULL ON UPDATE CASCADE;

--
-- Create table `teachersandlessons`
--
CREATE TABLE teachersandlessons (
  id int(11) NOT NULL AUTO_INCREMENT,
  created_at datetime NOT NULL,
  updated_at datetime NOT NULL,
  teacherid int(11) DEFAULT NULL,
  lessonid int(11) DEFAULT NULL,
  PRIMARY KEY (id)
)
ENGINE = INNODB,
AVG_ROW_LENGTH = 8192,
CHARACTER SET utf8,
COLLATE utf8_general_ci;

--
-- Create foreign key
--
ALTER TABLE teachersandlessons
ADD CONSTRAINT teachersandlessons_ibfk_1 FOREIGN KEY (teacherid)
REFERENCES system_users (id) ON DELETE SET NULL ON UPDATE CASCADE;

--
-- Create foreign key
--
ALTER TABLE teachersandlessons
ADD CONSTRAINT teachersandlessons_ibfk_2 FOREIGN KEY (lessonid)
REFERENCES lessons (id) ON DELETE SET NULL ON UPDATE CASCADE;

--
-- Create table `schedules`
--
CREATE TABLE schedules (
  id int(11) NOT NULL AUTO_INCREMENT,
  startdate datetime NOT NULL,
  enddate datetime NOT NULL,
  created_at datetime NOT NULL,
  updated_at datetime NOT NULL,
  roomid int(11) DEFAULT NULL,
  trainingid int(11) DEFAULT NULL,
  lessonid int(11) DEFAULT NULL,
  PRIMARY KEY (id)
)
ENGINE = INNODB,
AVG_ROW_LENGTH = 4096,
CHARACTER SET utf8,
COLLATE utf8_general_ci;

--
-- Create foreign key
--
ALTER TABLE schedules
ADD CONSTRAINT schedules_ibfk_1 FOREIGN KEY (roomid)
REFERENCES rooms (id) ON DELETE SET NULL ON UPDATE CASCADE;

--
-- Create foreign key
--
ALTER TABLE schedules
ADD CONSTRAINT schedules_ibfk_2 FOREIGN KEY (trainingid)
REFERENCES trainings (id) ON DELETE SET NULL ON UPDATE CASCADE;

--
-- Create foreign key
--
ALTER TABLE schedules
ADD CONSTRAINT schedules_ibfk_3 FOREIGN KEY (lessonid)
REFERENCES lessons (id) ON DELETE SET NULL ON UPDATE CASCADE;

--
-- Create table `programsandlessons`
--
CREATE TABLE programsandlessons (
  id int(11) NOT NULL AUTO_INCREMENT,
  created_at datetime NOT NULL,
  updated_at datetime NOT NULL,
  programid int(11) DEFAULT NULL,
  lessonid int(11) DEFAULT NULL,
  PRIMARY KEY (id)
)
ENGINE = INNODB,
AUTO_INCREMENT = 30,
AVG_ROW_LENGTH = 1638,
CHARACTER SET utf8,
COLLATE utf8_general_ci;

--
-- Create foreign key
--
ALTER TABLE programsandlessons
ADD CONSTRAINT programsandlessons_ibfk_1 FOREIGN KEY (programid)
REFERENCES programs (id) ON DELETE SET NULL ON UPDATE CASCADE;

--
-- Create foreign key
--
ALTER TABLE programsandlessons
ADD CONSTRAINT programsandlessons_ibfk_2 FOREIGN KEY (lessonid)
REFERENCES lessons (id) ON DELETE SET NULL ON UPDATE CASCADE;

--
-- Create table `categories`
--
CREATE TABLE categories (
  id int(11) NOT NULL AUTO_INCREMENT,
  catname varchar(255) DEFAULT NULL,
  created_at datetime NOT NULL,
  updated_at datetime NOT NULL,
  PRIMARY KEY (id)
)
ENGINE = INNODB,
AUTO_INCREMENT = 3,
AVG_ROW_LENGTH = 8192,
CHARACTER SET utf8,
COLLATE utf8_general_ci;

--
-- Create table `products`
--
CREATE TABLE products (
  id int(11) NOT NULL AUTO_INCREMENT,
  name varchar(255) DEFAULT NULL,
  created_at datetime NOT NULL,
  updated_at datetime NOT NULL,
  categoryid int(11) DEFAULT NULL,
  PRIMARY KEY (id)
)
ENGINE = INNODB,
AUTO_INCREMENT = 4,
AVG_ROW_LENGTH = 5461,
CHARACTER SET utf8,
COLLATE utf8_general_ci;

--
-- Create foreign key
--
ALTER TABLE products
ADD CONSTRAINT products_ibfk_1 FOREIGN KEY (categoryid)
REFERENCES categories (id) ON DELETE SET NULL ON UPDATE CASCADE;

--
-- Create table `m_fattypes`
--
CREATE TABLE m_fattypes (
  id int(11) NOT NULL AUTO_INCREMENT,
  name varchar(255) NOT NULL,
  description varchar(255) DEFAULT NULL,
  created_at datetime NOT NULL,
  updated_at datetime NOT NULL,
  PRIMARY KEY (id)
)
ENGINE = INNODB,
AUTO_INCREMENT = 5,
AVG_ROW_LENGTH = 4096,
CHARACTER SET utf8,
COLLATE utf8_general_ci;

--
-- Create index `name` on table `m_fattypes`
--
ALTER TABLE m_fattypes
ADD UNIQUE INDEX name (name);

--
-- Create table `m_fatquestions`
--
CREATE TABLE m_fatquestions (
  id int(11) NOT NULL AUTO_INCREMENT,
  question varchar(255) NOT NULL,
  description varchar(255) DEFAULT NULL,
  content varchar(255) DEFAULT NULL,
  created_at datetime NOT NULL,
  updated_at datetime NOT NULL,
  PRIMARY KEY (id)
)
ENGINE = INNODB,
AUTO_INCREMENT = 26,
AVG_ROW_LENGTH = 712,
CHARACTER SET utf8,
COLLATE utf8_general_ci;

--
-- Create table `m_fatanswers`
--
CREATE TABLE m_fatanswers (
  id int(11) NOT NULL AUTO_INCREMENT,
  answer varchar(255) NOT NULL,
  description varchar(255) DEFAULT NULL,
  created_at datetime NOT NULL,
  updated_at datetime NOT NULL,
  questionid int(11) DEFAULT NULL,
  PRIMARY KEY (id)
)
ENGINE = INNODB,
AUTO_INCREMENT = 61,
AVG_ROW_LENGTH = 303,
CHARACTER SET utf8,
COLLATE utf8_general_ci;

--
-- Create foreign key
--
ALTER TABLE m_fatanswers
ADD CONSTRAINT m_fatanswers_ibfk_1 FOREIGN KEY (questionid)
REFERENCES m_fatquestions (id) ON DELETE SET NULL ON UPDATE CASCADE;

--
-- Create table `m_fattypeanswerlists`
--
CREATE TABLE m_fattypeanswerlists (
  id int(11) NOT NULL AUTO_INCREMENT,
  userid varchar(255) DEFAULT NULL,
  requestdate varchar(255) DEFAULT NULL,
  created_at datetime NOT NULL,
  updated_at datetime NOT NULL,
  answerid int(11) DEFAULT NULL,
  questionid int(11) DEFAULT NULL,
  PRIMARY KEY (id)
)
ENGINE = INNODB,
AUTO_INCREMENT = 76,
AVG_ROW_LENGTH = 218,
CHARACTER SET utf8,
COLLATE utf8_general_ci;

--
-- Create foreign key
--
ALTER TABLE m_fattypeanswerlists
ADD CONSTRAINT m_fattypeanswerlists_ibfk_1 FOREIGN KEY (answerid)
REFERENCES m_fatanswers (id) ON DELETE SET NULL ON UPDATE CASCADE;

--
-- Create foreign key
--
ALTER TABLE m_fattypeanswerlists
ADD CONSTRAINT m_fattypeanswerlists_ibfk_2 FOREIGN KEY (questionid)
REFERENCES m_fatquestions (id) ON DELETE SET NULL ON UPDATE CASCADE;

--
-- Create table `m_fatquiestionanswerconfigs`
--
CREATE TABLE m_fatquiestionanswerconfigs (
  id int(11) NOT NULL AUTO_INCREMENT,
  score decimal(10, 2) DEFAULT NULL,
  created_at datetime NOT NULL,
  updated_at datetime NOT NULL,
  typeid int(11) DEFAULT NULL,
  questionid int(11) DEFAULT NULL,
  answerid int(11) DEFAULT NULL,
  PRIMARY KEY (id)
)
ENGINE = INNODB,
AUTO_INCREMENT = 85,
AVG_ROW_LENGTH = 292,
CHARACTER SET utf8,
COLLATE utf8_general_ci;

--
-- Create foreign key
--
ALTER TABLE m_fatquiestionanswerconfigs
ADD CONSTRAINT m_fatquiestionanswerconfigs_ibfk_1 FOREIGN KEY (typeid)
REFERENCES m_fattypes (id) ON DELETE SET NULL ON UPDATE CASCADE;

--
-- Create foreign key
--
ALTER TABLE m_fatquiestionanswerconfigs
ADD CONSTRAINT m_fatquiestionanswerconfigs_ibfk_2 FOREIGN KEY (questionid)
REFERENCES m_fatquestions (id) ON DELETE SET NULL ON UPDATE CASCADE;

--
-- Create foreign key
--
ALTER TABLE m_fatquiestionanswerconfigs
ADD CONSTRAINT m_fatquiestionanswerconfigs_ibfk_3 FOREIGN KEY (answerid)
REFERENCES m_fatanswers (id) ON DELETE SET NULL ON UPDATE CASCADE;

--
-- Create table `m_doshatypes`
--
CREATE TABLE m_doshatypes (
  id int(11) NOT NULL AUTO_INCREMENT,
  name varchar(255) NOT NULL,
  description varchar(255) DEFAULT NULL,
  created_at datetime NOT NULL,
  updated_at datetime NOT NULL,
  PRIMARY KEY (id)
)
ENGINE = INNODB,
AUTO_INCREMENT = 4,
AVG_ROW_LENGTH = 5461,
CHARACTER SET utf8,
COLLATE utf8_general_ci;

--
-- Create table `m_doshauserhists`
--
CREATE TABLE m_doshauserhists (
  id int(11) NOT NULL AUTO_INCREMENT,
  userid varchar(255) DEFAULT NULL,
  score decimal(10, 2) DEFAULT NULL,
  regdate varchar(255) DEFAULT NULL,
  created_at datetime NOT NULL,
  updated_at datetime NOT NULL,
  doshatypeid int(11) DEFAULT NULL,
  PRIMARY KEY (id)
)
ENGINE = INNODB,
AUTO_INCREMENT = 16,
AVG_ROW_LENGTH = 1092,
CHARACTER SET utf8,
COLLATE utf8_general_ci;

--
-- Create foreign key
--
ALTER TABLE m_doshauserhists
ADD CONSTRAINT m_doshauserhists_ibfk_1 FOREIGN KEY (doshatypeid)
REFERENCES m_doshatypes (id) ON DELETE SET NULL ON UPDATE CASCADE;

--
-- Create table `m_doshatypeandquestions`
--
CREATE TABLE m_doshatypeandquestions (
  id int(11) NOT NULL AUTO_INCREMENT,
  created_at datetime NOT NULL,
  updated_at datetime NOT NULL,
  doshatypeid int(11) DEFAULT NULL,
  questionid int(11) DEFAULT NULL,
  PRIMARY KEY (id)
)
ENGINE = INNODB,
AUTO_INCREMENT = 155,
AVG_ROW_LENGTH = 143,
CHARACTER SET utf8,
COLLATE utf8_general_ci;

--
-- Create foreign key
--
ALTER TABLE m_doshatypeandquestions
ADD CONSTRAINT m_doshatypeandquestions_ibfk_1 FOREIGN KEY (doshatypeid)
REFERENCES m_doshatypes (id) ON DELETE SET NULL ON UPDATE CASCADE;

--
-- Create foreign key
--
ALTER TABLE m_doshatypeandquestions
ADD CONSTRAINT m_doshatypeandquestions_ibfk_2 FOREIGN KEY (questionid)
REFERENCES m_questions (id) ON DELETE SET NULL ON UPDATE CASCADE;

--
-- Create table `codemasters`
--
CREATE TABLE codemasters (
  id int(11) NOT NULL AUTO_INCREMENT,
  keydata varchar(255) DEFAULT NULL,
  keyvalue varchar(255) NOT NULL,
  created_at datetime NOT NULL,
  updated_at datetime NOT NULL,
  PRIMARY KEY (id)
)
ENGINE = INNODB,
AUTO_INCREMENT = 4,
AVG_ROW_LENGTH = 5461,
CHARACTER SET utf8,
COLLATE utf8_general_ci;

--
-- Create index `keydata` on table `codemasters`
--
ALTER TABLE codemasters
ADD UNIQUE INDEX keydata (keydata);

-- 
-- Dumping data for table programs
--
-- Table osgamma_real.programs does not contain any data (it is empty)

-- 
-- Dumping data for table trainings
--
-- Table osgamma_real.trainings does not contain any data (it is empty)

-- 
-- Dumping data for table students
--
-- Table osgamma_real.students does not contain any data (it is empty)

-- 
-- Dumping data for table m_maincategories
--
INSERT INTO m_maincategories VALUES
(1, 'Discover dosha (Мөн чанарыг танин мэдэх)', 'Энэхүү асуулт хариултууд нь таны үндсэн байгалийн шинж чанарыг олж тогтоох зорилготой. Таны хүүхэд байхдаа бүрэлдүүлсэн зан чанар нь амьдралын туршид хамгийн үнэн байдаг. Хэрвээ та хүүхэд байхдаа юмуу насанд хүрсэн хойноо ямар нэгэн өвчин туссан бол асуултанд хариулах явцдаа тэрхүү өвчнөөс өмнөх байр байдлыг төсөөлж хариулахыг хичээнэ үү. Мөн хэрвээ ямар нэгэн шинж тэмдгүүдээс нэгээс олон нь тантай тохирч байвал хамгийн их хэмжээгээр тохирч байгааг нь бөглөнө үү. \r\nБиеийн шинж чанартай холбогдолтой асуулт обьектив шинжтэй учир хариултууд илт тодорхой. Харин сэтгэлзүйн чанартай асуултууд илүү субьектив шинжтэй тул та хэрхэн мэдэрч байгаагаараа, мөн сүүлийн хэдэн жилийн туршид хэрхэн бодож сэтгэж байсан дээрээ үндэслэн хариулаарай. ', NULL, '2019-04-05 00:00:00', '2019-04-05 00:00:00'),
(2, 'Dosha balance', NULL, NULL, '2019-04-05 00:00:00', '2019-04-11 00:00:00'),
(3, 'Таргалалтын төрөл', NULL, NULL, '2019-04-05 00:00:00', '2019-04-05 00:00:00');

-- 
-- Dumping data for table system_roles
--
INSERT INTO system_roles VALUES
(1, 'Админ', '2019-03-12 00:00:00', '2019-03-12 00:00:00'),
(2, 'Багш', '2019-03-12 00:00:00', '2019-03-12 00:00:00'),
(3, 'Оператор', '2019-03-12 00:00:00', '2019-03-12 00:00:00');

-- 
-- Dumping data for table studentsandtrainings
--
-- Table osgamma_real.studentsandtrainings does not contain any data (it is empty)

-- 
-- Dumping data for table m_mobilitytypes
--
INSERT INTO m_mobilitytypes VALUES
(1, 'Upper', NULL, '2019-04-06 00:00:00', '2019-04-06 00:00:00'),
(2, 'Middle', NULL, '2019-04-06 00:00:00', '2019-04-06 00:00:00'),
(3, 'Low', NULL, '2019-04-06 00:00:00', '2019-04-06 00:00:00');

-- 
-- Dumping data for table m_subcategories
--
INSERT INTO m_subcategories VALUES
(1, 'Миний ясны бүтэц бол:', 'dd', '2019-04-05 00:00:00', '2019-04-05 00:00:00', 1, NULL),
(2, 'Миний арьс', NULL, '2019-04-05 11:56:27', '2019-04-05 11:56:27', 1, 1),
(3, 'Миний хумс', NULL, '2019-04-05 11:56:27', '2019-04-05 11:56:27', 1, 1),
(4, 'Миний үс', NULL, '2019-04-05 11:56:27', '2019-04-05 11:56:27', 1, 1),
(5, 'Миний үе мөч', NULL, '2019-04-05 11:56:28', '2019-04-05 11:56:28', 1, 1),
(6, 'Миний шүд', NULL, '2019-04-05 11:56:28', '2019-04-05 11:56:28', 1, 1),
(7, 'Миний нүд', NULL, '2019-04-05 11:56:28', '2019-04-05 11:56:28', 1, 1),
(8, 'Амьдралын туршид миний жингийн байдал', NULL, '2019-04-05 11:56:28', '2019-04-05 11:56:28', 1, 1),
(9, 'Миний дуртай цаг агаар бол', NULL, '2019-04-05 11:56:28', '2019-04-05 11:56:28', 1, 1),
(10, 'Миний дургүй цагаар бол', NULL, '2019-04-05 11:56:28', '2019-04-05 11:56:28', 1, 1),
(11, 'Амьдралын туршид, миний биеийн дулаан:', NULL, '2019-04-05 11:56:28', '2019-04-05 11:56:28', 1, 1),
(12, 'Амьдралын туршид миний нойр', NULL, '2019-04-05 11:56:28', '2019-04-05 11:56:28', 1, 1),
(13, 'Би доорх орчинд унтах дуртай', NULL, '2019-04-05 11:56:28', '2019-04-05 11:56:28', 1, 1),
(14, 'Миний бие физиологийн тэсвэр', NULL, '2019-04-05 11:56:28', '2019-04-05 11:56:28', 1, 1),
(15, 'Миний оюун бодол:', NULL, '2019-04-05 11:56:28', '2019-04-05 11:56:28', 1, 1),
(16, 'Миний зүүд:', NULL, '2019-04-05 11:56:28', '2019-04-05 11:56:28', 1, 1),
(17, 'Би:', NULL, '2019-04-05 11:56:28', '2019-04-05 11:56:28', 1, 1),
(18, 'Миний хөдөлгөөн', NULL, '2019-04-05 11:56:28', '2019-04-05 11:56:28', 1, 1),
(19, 'Би юм сурахдаа', NULL, '2019-04-05 11:56:28', '2019-04-05 11:56:28', 1, 1),
(20, 'Би хоолонд', NULL, '2019-04-05 11:56:28', '2019-04-05 11:56:28', 1, 1),
(21, 'Таны дархлаа', NULL, '2019-04-05 11:56:28', '2019-04-05 11:56:28', 1, 1),
(22, 'Таны бодисын солилцоо', NULL, '2019-04-05 11:56:28', '2019-04-05 11:56:28', 1, 1),
(23, 'Бага нас болон өсвөр насанд намайг эдгээр шинжүүдээр намайг дүгнэдэг байсан', NULL, '2019-04-05 11:56:28', '2019-04-05 11:56:28', 1, 1),
(24, 'Би онцгойлон доорх нөхцөл байдалд дуртай:', NULL, '2019-04-05 11:56:28', '2019-04-05 11:56:28', 1, 1),
(25, 'Амьдралын туршид миний зан төлөв:', NULL, '2019-04-05 11:56:28', '2019-04-05 11:56:28', 1, 1),
(26, 'Би бусадтай ярилцахдаа ихэвчлэн ийм хандлагтай (Та өөрийн бага насыг бодоорой):', NULL, '2019-04-05 11:56:28', '2019-04-05 11:56:28', 1, 1),
(27, 'Би доорх өвчинүүдийн аль нэгэнд өртөх хандлагтай байдаг: (Та өөрийн бага насыг бодоорой)', NULL, '2019-04-05 11:56:28', '2019-04-05 11:56:28', 1, 1),
(28, 'Миний сэтгэл санаа тавгүй стресст өртөх үедээ доорх ааш зангуудаас гаргадаг:', NULL, '2019-04-05 11:56:28', '2019-04-05 11:56:28', 1, 1),
(29, '2 салгах:', NULL, '2019-04-05 11:56:28', '2019-04-05 11:56:28', 1, 1),
(30, 'Би доор дурьдсан шинж тэмдгүүдээс нэг болон түүнээс дээшхийг өдөр тутамдаа мэдэрдэг', NULL, '2019-04-05 13:55:41', '2019-04-05 13:55:41', 2, 1),
(31, 'Сүүлийн үед, миний бодол санаа', NULL, '2019-04-05 13:55:41', '2019-04-05 13:55:41', 2, 1),
(32, 'Сүүлийн үед, миний нойр', NULL, '2019-04-05 13:55:41', '2019-04-05 13:55:41', 2, 1),
(33, 'Миний арьсан дээр нэг болон түүнээс дээш шинж тэмдэг илэрч байгаа', NULL, '2019-04-05 13:55:41', '2019-04-05 13:55:41', 2, 1),
(34, 'Сүүлийн үед, би', NULL, '2019-04-05 13:55:41', '2019-04-05 13:55:41', 2, 1),
(35, 'Сүүлийн үед, миний өтгөн', NULL, '2019-04-05 13:55:41', '2019-04-05 13:55:41', 2, 1),
(36, 'Сүүлийн үед, миний биеийн температур ер бусын', NULL, '2019-04-05 13:55:41', '2019-04-05 13:55:41', 2, 1),
(65, 'Uncategorized', NULL, '2019-04-06 00:00:00', '2019-04-06 00:00:00', 2, 1);

-- 
-- Dumping data for table rooms
--
-- Table osgamma_real.rooms does not contain any data (it is empty)

-- 
-- Dumping data for table lessons
--
-- Table osgamma_real.lessons does not contain any data (it is empty)

-- 
-- Dumping data for table categories
--
INSERT INTO categories VALUES
(1, 'asdas', '2019-04-05 00:00:00', '2019-04-05 00:00:00'),
(2, 'asdasdasddas', '2019-04-05 00:00:00', '2019-04-05 00:00:00');

-- 
-- Dumping data for table contracts
--
-- Table osgamma_real.contracts does not contain any data (it is empty)

-- 
-- Dumping data for table m_mobilityquestions
--
INSERT INTO m_mobilityquestions VALUES
(1, 'Head rate 4 side + twist', 0, NULL, '2019-04-06 00:00:00', '2019-04-06 00:00:00', 1),
(2, 'Head rate 4 side', 0, NULL, '2019-04-06 00:00:00', '2019-04-06 00:00:00', 1),
(3, 'Push up', 30, NULL, '2019-04-06 00:00:00', '2019-04-06 00:00:00', 1),
(4, 'Super man', 0, NULL, '2019-04-06 00:00:00', '2019-04-06 00:00:00', 2),
(5, 'Chair pool', 0, NULL, '2019-04-06 00:00:00', '2019-04-06 00:00:00', 2),
(6, 'Lunge and twist', 15, NULL, '2019-04-06 00:00:00', '2019-04-06 00:00:00', 2),
(7, 'Single leg squad Left', 0, NULL, '2019-04-06 00:00:00', '2019-04-06 00:00:00', 3),
(8, 'Single leg squad Right', 0, NULL, '2019-04-06 00:00:00', '2019-04-06 00:00:00', 3),
(9, 'Normal squad', 15, NULL, '2019-04-06 00:00:00', '2019-04-06 00:00:00', 3),
(10, 'Deep squad', 15, NULL, '2019-04-06 00:00:00', '2019-04-06 00:00:00', 3);

-- 
-- Dumping data for table m_mobilityanswers
--
INSERT INTO m_mobilityanswers VALUES
(1, 'Асуудалгүй', 5.00, NULL, '2019-04-06 00:00:00', '2019-04-06 00:00:00', 1),
(2, 'Бага зэрэг таталдах', 4.00, NULL, '2019-04-06 00:00:00', '2019-04-06 00:00:00', 1),
(3, 'Хөшүүн бага зэрэг өвдөлттэй', 3.00, NULL, '2019-04-06 00:00:00', '2019-04-06 00:00:00', 1),
(4, 'Өвдөлттэй хөшүүн', 2.00, NULL, '2019-04-06 00:00:00', '2019-04-06 00:00:00', 1),
(5, 'Хөдлөхөд эвгүй', 1.00, NULL, '2019-04-06 00:00:00', '2019-04-06 00:00:00', 1),
(6, 'Асуудалгүй', 5.00, NULL, '2019-04-06 00:00:00', '2019-04-06 00:00:00', 2),
(7, 'Бага зэрэг таталдах', 4.00, NULL, '2019-04-06 00:00:00', '2019-04-06 00:00:00', 2),
(8, 'Хөшүүн бага зэрэг өвдөлттэй', 3.00, NULL, '2019-04-06 00:00:00', '2019-04-06 00:00:00', 2),
(9, 'Өвдөлттэй хөшүүн', 2.00, NULL, '2019-04-06 00:00:00', '2019-04-06 00:00:00', 2),
(10, 'Хөдөлгөөн хориг хөшүүн', 1.00, NULL, '2019-04-06 00:00:00', '2019-04-06 00:00:00', 2),
(11, '+30 удаа', 5.00, NULL, '2019-04-06 00:00:00', '2019-04-06 00:00:00', 3),
(12, '30 удаа', 4.00, NULL, '2019-04-06 00:00:00', '2019-04-06 00:00:00', 3),
(13, '21 - 29 удаа', 3.00, NULL, '2019-04-06 00:00:00', '2019-04-06 00:00:00', 3),
(14, '15-20 удаа', 2.00, NULL, '2019-04-06 00:00:00', '2019-04-06 00:00:00', 3),
(15, '15 аас доош', 1.00, NULL, '2019-04-06 00:00:00', '2019-04-06 00:00:00', 3),
(16, '1 минутаас их', 5.00, NULL, '2019-04-06 00:00:00', '2019-04-06 00:00:00', 4),
(17, '1 минут', 4.00, NULL, '2019-04-06 00:00:00', '2019-04-06 00:00:00', 4),
(18, '50 секунд', 3.00, NULL, '2019-04-06 00:00:00', '2019-04-06 00:00:00', 4),
(19, '40 секунд', 2.00, NULL, '2019-04-06 00:00:00', '2019-04-06 00:00:00', 4),
(20, '40 секундээс бага', 1.00, NULL, '2019-04-06 00:00:00', '2019-04-06 00:00:00', 4),
(21, '180 градус', 5.00, NULL, '2019-04-06 00:00:00', '2019-04-06 00:00:00', 5),
(22, '160 градус', 4.00, NULL, '2019-04-06 00:00:00', '2019-04-06 00:00:00', 5),
(23, '140 градус', 3.00, NULL, '2019-04-06 00:00:00', '2019-04-06 00:00:00', 5),
(24, '130 градус', 2.00, NULL, '2019-04-06 00:00:00', '2019-04-06 00:00:00', 5),
(25, '130 бага градус', 1.00, NULL, '2019-04-06 00:00:00', '2019-04-06 00:00:00', 5),
(26, '4-с дээш тэнцвэртэй', 5.00, NULL, '2019-04-06 00:00:00', '2019-04-06 00:00:00', 6),
(27, '4 давтамжтай', 4.00, NULL, '2019-04-06 00:00:00', '2019-04-06 00:00:00', 6),
(28, '3 тэнцвэртэй', 3.00, NULL, '2019-04-06 00:00:00', '2019-04-06 00:00:00', 6),
(29, '3 давтамжтай', 2.00, NULL, '2019-04-06 00:00:00', '2019-04-06 00:00:00', 6),
(30, '3-с доош', 1.00, NULL, '2019-04-06 00:00:00', '2019-04-06 00:00:00', 6),
(31, '3+', 5.00, NULL, '2019-04-06 00:00:00', '2019-04-06 00:00:00', 7),
(32, '2', 4.00, NULL, '2019-04-06 00:00:00', '2019-04-06 00:00:00', 7),
(33, '1', 3.00, NULL, '2019-04-06 00:00:00', '2019-04-06 00:00:00', 7),
(34, 'Оролдож үзсэн', 2.00, NULL, '2019-04-06 00:00:00', '2019-04-06 00:00:00', 7),
(35, '0', 1.00, NULL, '2019-04-06 00:00:00', '2019-04-06 00:00:00', 7),
(36, '3+', 5.00, NULL, '2019-04-06 00:00:00', '2019-04-06 00:00:00', 8),
(37, '2', 4.00, NULL, '2019-04-06 00:00:00', '2019-04-06 00:00:00', 8),
(38, '1', 3.00, NULL, '2019-04-06 00:00:00', '2019-04-06 00:00:00', 8),
(39, 'Оролдож үзсэн', 2.00, NULL, '2019-04-06 00:00:00', '2019-04-06 00:00:00', 8),
(40, '0', 1.00, NULL, '2019-04-06 00:00:00', '2019-04-06 00:00:00', 8),
(41, '10+ удаа', 5.00, NULL, '2019-04-06 00:00:00', '2019-04-06 00:00:00', 9),
(42, '10 удаа', 4.00, NULL, '2019-04-06 00:00:00', '2019-04-06 00:00:00', 9),
(43, '8-10 удаа', 3.00, NULL, '2019-04-06 00:00:00', '2019-04-06 00:00:00', 9),
(44, '6-8 удаа', 2.00, NULL, '2019-04-06 00:00:00', '2019-04-06 00:00:00', 9),
(45, '5-с бага', 1.00, NULL, '2019-04-06 00:00:00', '2019-04-06 00:00:00', 9),
(46, '10+ удаа', 5.00, NULL, '2019-04-06 00:00:00', '2019-04-06 00:00:00', 10),
(47, '10 удаа', 4.00, NULL, '2019-04-06 00:00:00', '2019-04-06 00:00:00', 10),
(48, '8-10 удаа', 3.00, NULL, '2019-04-06 00:00:00', '2019-04-06 00:00:00', 10),
(49, '6-8 удаа', 2.00, NULL, '2019-04-06 00:00:00', '2019-04-06 00:00:00', 10),
(50, '5-с бага', 1.00, NULL, '2019-04-06 00:00:00', '2019-04-06 00:00:00', 10);

-- 
-- Dumping data for table m_fattypes
--
INSERT INTO m_fattypes VALUES
(1, 'Стрессийн гаралтай таргалалт', NULL, '2019-04-05 00:00:00', '2019-04-05 00:00:00'),
(2, 'Бамбай булчирхайн гаралтай таргалалт', NULL, '2019-04-05 00:00:00', '2019-04-05 00:00:00'),
(3, 'Элэгний гаралтай таргалалт', NULL, '2019-04-05 00:00:00', '2019-04-05 00:00:00'),
(4, 'Өндгөвч гаралтай таргалалт /эмэгтэй/', NULL, '2019-04-05 00:00:00', '2019-04-04 00:00:00');

-- 
-- Dumping data for table m_fatquestions
--
INSERT INTO m_fatquestions VALUES
(1, 'Таны биеийн аль хэсгээрээ таргалалттай вэ?\t\t\t\t\t\t\t\t\t\t', NULL, NULL, '2019-04-05 16:54:45', '2019-04-05 16:54:45'),
(2, 'Та ямар төрлийн амттан идэх вэ?', NULL, NULL, '2019-04-05 16:54:45', '2019-04-05 16:54:45'),
(3, 'Хүзүү болон гарын эргэн тойронд унжсан арьс болон таргалалт ажиллагддаг уу?', NULL, NULL, '2019-04-05 16:54:45', '2019-04-05 16:54:45'),
(4, 'Таны үс унадаг уу?', NULL, NULL, '2019-04-05 16:54:45', '2019-04-05 16:54:45'),
(5, 'Та ноозордог уу?', NULL, NULL, '2019-04-05 16:54:45', '2019-04-05 16:54:45'),
(6, 'Таны нүүр дугараг хэлбэртэй юу?', NULL, NULL, '2019-04-05 16:54:45', '2019-04-05 16:54:45'),
(7, 'Та хуянтай юу?', NULL, NULL, '2019-04-05 16:54:45', '2019-04-05 16:54:45'),
(8, 'Та үрэвслийн гаралтай өвчинд өртдөг үү?', NULL, NULL, '2019-04-05 16:54:45', '2019-04-05 16:54:45'),
(9, 'Таны нүдний зовхи таталддаг уу?', NULL, NULL, '2019-04-05 16:54:45', '2019-04-05 16:54:45'),
(10, 'Кафейны төрлийн зүйл өдөрт хэдэн удаа хэрэглэдэг вэ?', NULL, NULL, '2019-04-05 16:54:45', '2019-04-05 16:54:45'),
(11, 'Та бат бөх унтдаг уу?', NULL, NULL, '2019-04-05 16:54:45', '2019-04-05 16:54:45'),
(12, 'Та хурдан стрессдэг үү?', NULL, NULL, '2019-04-05 16:54:45', '2019-04-05 16:54:45'),
(13, 'Таны даралт өөрчлөгддөг үү?', NULL, NULL, '2019-04-05 16:54:45', '2019-04-05 16:54:45'),
(14, 'Таны хөмсөг бүрэн ургалттай юу? (нумнаас хойш)', NULL, NULL, '2019-04-05 16:57:04', '2019-04-05 16:57:04'),
(15, 'Таны хумс шигдэж ургадаг уу?', NULL, NULL, '2019-04-05 16:57:04', '2019-04-05 16:57:04'),
(16, 'Таны хөл, гар хүйтэн байдаг уу?', NULL, NULL, '2019-04-05 16:57:04', '2019-04-05 16:57:04'),
(17, 'Та өөрөөсөө сэтгэл гутралыг ажигладаг уу?', NULL, NULL, '2019-04-05 16:57:04', '2019-04-05 16:57:04'),
(18, 'Та оройн нойроор эрч хүчээ нөхөж чаддаг уу?', NULL, NULL, '2019-04-05 16:57:04', '2019-04-05 16:57:04'),
(19, 'Таны баруун мөр өвддөг үү?\t\t\t\t\t', NULL, NULL, '2019-04-05 16:58:27', '2019-04-05 16:58:27'),
(20, 'Та хоол идсний дараа гэдэс дүүрдэг үү?', NULL, NULL, '2019-04-05 16:58:27', '2019-04-05 16:58:27'),
(21, 'Та өглөө сэрэхэд эрч хүчтэй байдаг уу?', NULL, NULL, '2019-04-05 16:58:27', '2019-04-05 16:58:27'),
(22, 'Таны толгой үе үе өвддөг үү?', NULL, NULL, '2019-04-05 16:58:27', '2019-04-05 16:58:27'),
(23, 'Таны хөл, гар халуун байдаг уу?\t\t\t\t\t', NULL, NULL, '2019-04-05 16:59:41', '2019-04-05 16:59:41'),
(24, 'Таны сарын тэмдэг мөчлөгийн дагуу ирдэг үү?', NULL, NULL, '2019-04-05 16:59:41', '2019-04-05 16:59:41'),
(25, 'Та сүүн бүтээгдэхүүн хэрэглэмээр санагддаг уу?', NULL, NULL, '2019-04-05 16:59:41', '2019-04-05 16:59:41');

-- 
-- Dumping data for table m_fatanswers
--
INSERT INTO m_fatanswers VALUES
(1, 'Биеийн ихэнх хэсэг, ялангуяа хэвлий хэсгээрээ зөөлөн өөхтэй', NULL, '2019-04-05 17:03:46', '2019-04-05 17:03:46', 1),
(2, 'Чихэрлэг бүтээгдэхүүн', NULL, '2019-04-05 17:03:47', '2019-04-05 17:03:47', 2),
(3, 'Тийм', NULL, '2019-04-05 17:03:47', '2019-04-05 17:03:47', 3),
(4, 'Үгүй', NULL, '2019-04-05 17:03:47', '2019-04-05 17:03:47', 3),
(5, 'Тийм', NULL, '2019-04-05 17:03:47', '2019-04-05 17:03:47', 4),
(6, 'Үгүй', NULL, '2019-04-05 17:03:47', '2019-04-05 17:03:47', 4),
(7, 'Тийм', NULL, '2019-04-05 17:03:47', '2019-04-05 17:03:47', 5),
(8, 'Үгүй', NULL, '2019-04-05 17:03:47', '2019-04-05 17:03:47', 5),
(9, 'Тийм', NULL, '2019-04-05 17:03:47', '2019-04-05 17:03:47', 6),
(10, 'Үгүй', NULL, '2019-04-05 17:03:47', '2019-04-05 17:03:47', 6),
(11, 'Тийм', NULL, '2019-04-05 17:03:47', '2019-04-05 17:03:47', 7),
(12, 'Үгүй', NULL, '2019-04-05 17:03:47', '2019-04-05 17:03:47', 7),
(13, 'Тийм', NULL, '2019-04-05 17:03:47', '2019-04-05 17:03:47', 8),
(14, 'Үгүй', NULL, '2019-04-05 17:03:47', '2019-04-05 17:03:47', 8),
(15, 'Тийм', NULL, '2019-04-05 17:03:47', '2019-04-05 17:03:47', 9),
(16, 'Үгүй', NULL, '2019-04-05 17:03:47', '2019-04-05 17:03:47', 9),
(17, '2 болон 2-с доош', NULL, '2019-04-05 17:03:47', '2019-04-05 17:03:47', 10),
(18, '2-с дээш', NULL, '2019-04-05 17:03:47', '2019-04-05 17:03:47', 10),
(19, 'Тийм', NULL, '2019-04-05 17:03:47', '2019-04-05 17:03:47', 11),
(20, 'Үгүй', NULL, '2019-04-05 17:03:47', '2019-04-05 17:03:47', 11),
(21, 'Тийм', NULL, '2019-04-05 17:03:47', '2019-04-05 17:03:47', 12),
(22, 'Үгүй', NULL, '2019-04-05 17:03:47', '2019-04-05 17:03:47', 12),
(23, 'Тийм', NULL, '2019-04-05 17:03:47', '2019-04-05 17:03:47', 13),
(24, 'Үгүй', NULL, '2019-04-05 17:03:47', '2019-04-05 17:03:47', 13),
(25, 'Тийм', NULL, '2019-04-05 17:11:17', '2019-04-05 17:11:17', 14),
(26, 'Тийм', NULL, '2019-04-05 17:11:17', '2019-04-05 17:11:17', 15),
(27, 'Тийм', NULL, '2019-04-05 17:11:17', '2019-04-05 17:11:17', 16),
(28, 'Тийм', NULL, '2019-04-05 17:11:17', '2019-04-05 17:11:17', 17),
(29, 'Тийм', NULL, '2019-04-05 17:11:17', '2019-04-05 17:11:17', 18),
(30, 'Тийм', NULL, '2019-04-05 17:11:17', '2019-04-05 17:11:17', 19),
(31, 'Тийм', NULL, '2019-04-05 17:11:17', '2019-04-05 17:11:17', 20),
(32, 'Тийм', NULL, '2019-04-05 17:11:17', '2019-04-05 17:11:17', 21),
(33, 'Тийм', NULL, '2019-04-05 17:11:17', '2019-04-05 17:11:17', 22),
(34, 'Тийм', NULL, '2019-04-05 17:11:17', '2019-04-05 17:11:17', 23),
(35, 'Тийм', NULL, '2019-04-05 17:11:17', '2019-04-05 17:11:17', 24),
(36, 'Тийм', NULL, '2019-04-05 17:11:17', '2019-04-05 17:11:17', 25),
(40, 'Үгүй', NULL, '2019-04-05 17:14:26', '2019-04-05 17:14:26', 14),
(41, 'Үгүй', NULL, '2019-04-05 17:14:26', '2019-04-05 17:14:26', 15),
(42, 'Үгүй', NULL, '2019-04-05 17:14:26', '2019-04-05 17:14:26', 16),
(43, 'Үгүй', NULL, '2019-04-05 17:14:26', '2019-04-05 17:14:26', 17),
(44, 'Үгүй', NULL, '2019-04-05 17:14:26', '2019-04-05 17:14:26', 18),
(45, 'Үгүй', NULL, '2019-04-05 17:14:26', '2019-04-05 17:14:26', 19),
(46, 'Үгүй', NULL, '2019-04-05 17:14:26', '2019-04-05 17:14:26', 20),
(47, 'Үгүй', NULL, '2019-04-05 17:14:26', '2019-04-05 17:14:26', 21),
(48, 'Үгүй', NULL, '2019-04-05 17:14:26', '2019-04-05 17:14:26', 22),
(49, 'Үгүй', NULL, '2019-04-05 17:14:26', '2019-04-05 17:14:26', 23),
(50, 'Үгүй', NULL, '2019-04-05 17:14:26', '2019-04-05 17:14:26', 24),
(51, 'Үгүй', NULL, '2019-04-05 17:14:26', '2019-04-05 17:14:26', 25),
(55, 'Нийт бие', NULL, '2019-04-05 17:18:37', '2019-04-05 17:18:37', 1),
(56, 'Хэвлий хэсгээр хатуу өөхлөлттэй\t', NULL, '2019-04-05 17:18:37', '2019-04-05 17:18:37', 1),
(57, 'Хэвлий, гуя', NULL, '2019-04-05 17:18:37', '2019-04-05 17:18:37', 1),
(58, 'Гурилан бүтээгдэхүүн', NULL, '2019-04-05 17:20:11', '2019-04-05 17:20:11', 2),
(59, 'Давсархаг бүтээгдэхүүн', NULL, '2019-04-05 17:20:11', '2019-04-05 17:20:11', 2),
(60, 'Сүүн бүтээгдэхүүн', NULL, '2019-04-05 17:20:11', '2019-04-05 17:20:11', 2);

-- 
-- Dumping data for table m_doshatypes
--
INSERT INTO m_doshatypes VALUES
(1, 'Гал', 'Гал', '2019-04-05 00:00:00', '2019-04-05 00:00:00'),
(2, 'Газар', 'Газар', '2019-04-05 00:00:00', '2019-04-05 00:00:00'),
(3, 'Салхи', 'Салхи', '2019-04-05 00:00:00', '2019-04-05 00:00:00');

-- 
-- Dumping data for table m_questions
--
INSERT INTO m_questions VALUES
(1, 'А. Дундаж хэмжээтэй, зөв хэлбэртэй', NULL, NULL, '2019-04-05 12:06:13', '2019-04-05 12:06:13', 1),
(2, 'А. Тослог мөн эмзэг, гэрэлтэй цэвэр толигор харагддаг', NULL, NULL, '2019-04-05 12:06:13', '2019-04-05 12:06:13', 2),
(3, 'А. Зөөлөн бас ягаавтар өнгөтэй', NULL, NULL, '2019-04-05 12:06:13', '2019-04-05 12:06:13', 3),
(4, 'А. Шингэн тослог', NULL, NULL, '2019-04-05 12:06:13', '2019-04-05 12:06:13', 4),
(5, 'А. Миний үе мөч сул бөгөөд уян хатан', NULL, NULL, '2019-04-05 12:06:13', '2019-04-05 12:06:13', 5),
(6, 'А. Хэлбэр сайтай буйлнаас цус гардаг', NULL, NULL, '2019-04-05 12:06:13', '2019-04-05 12:06:13', 6),
(7, 'А. Би цоо ширтдэг харцтай хүмүүс намайг нүдэндээ галтай гэдэг', NULL, NULL, '2019-04-05 12:06:13', '2019-04-05 12:06:13', 7),
(8, 'A. Биеийнхээ хэмжээнд таарсан тогтвортой, байнгын нэг жинтэй. Эрүүл байхдаа хэзээ ч хэт туранхай юмуу тарган байдаггүй.', NULL, NULL, '2019-04-05 12:06:13', '2019-04-05 12:06:13', 8),
(9, 'A. Хүйтэн ба хуурай', NULL, NULL, '2019-04-05 12:06:13', '2019-04-05 12:06:13', 9),
(10, 'A. Халуун ба нартай', NULL, NULL, '2019-04-05 12:06:13', '2019-04-05 12:06:13', 10),
(11, 'A. Дулаан ба халуун. Миний гар хөл үргэлж халуун байдаг бөгөөд би ихэвчлэн сэрүүн орчныг хайдаг.', NULL, NULL, '2019-04-05 12:06:13', '2019-04-05 12:06:13', 11),
(12, 'A.  Дундаж хэмжээний. Би өдөр бүр 7-8 цаг унтсан ч чадна. Би хэвийн нойртой, ихэвчлэн 8-аас бага цаг унтсан ч сайхан амарч чаддаг.', NULL, NULL, '2019-04-05 12:06:13', '2019-04-05 12:06:13', 12),
(13, 'A.  Бага зэргийн гэрэлтэй байхад дуртай', NULL, NULL, '2019-04-05 12:06:13', '2019-04-05 12:06:13', 13),
(14, 'A. Хэвийн. Хүсэл байх юм бол би өөрийгөө хүчилж чадна.', NULL, NULL, '2019-04-05 12:06:13', '2019-04-05 12:06:13', 14),
(15, 'A. Сэргэг оюун ухаантай, тууштай байдал, амбицтай.', NULL, NULL, '2019-04-05 12:06:13', '2019-04-05 12:06:13', 15),
(16, 'A. Их биш бага ч биш дунд зэрэг зүүдэлдэг', NULL, NULL, '2019-04-05 12:06:13', '2019-04-05 12:06:13', 16),
(17, 'A. Романтик мөрөөдөмтгий', NULL, NULL, '2019-04-05 12:06:13', '2019-04-05 12:06:13', 17),
(18, 'A. Дунд зэрэг бөгөөд хэт их бас хэт бага биш хөдөлгөөн хийдэг', NULL, NULL, '2019-04-05 12:06:13', '2019-04-05 12:06:13', 18),
(19, 'A. Хурдан суралцаж удаан мартдаг.', NULL, NULL, '2019-04-05 12:06:13', '2019-04-05 12:06:13', 19),
(20, 'A. Хоол бол миний амьдралын таашаал авдаг нэг зүйл', NULL, NULL, '2019-04-05 12:06:14', '2019-04-05 12:06:14', 20),
(21, 'A. Дунд', NULL, NULL, '2019-04-05 12:06:14', '2019-04-05 12:06:14', 21),
(22, 'A. Миний бодисын солицоо сайн бөгөөд би хоолыг маш сайн шингээдэг', NULL, NULL, '2019-04-05 12:06:14', '2019-04-05 12:06:14', 22),
(23, 'A. Ухаалаг, хариуцлагатай, амбицтай.', NULL, NULL, '2019-04-05 12:06:14', '2019-04-05 12:06:14', 23),
(24, 'A. Биеийн хүчний болон сэтгэл зүйн сорилтууд. Би байгалиасаа өрсөлдөөнд дуртай.', NULL, NULL, '2019-04-05 12:06:14', '2019-04-05 12:06:14', 24),
(25, 'A. Би зорилготой, идэвхитэй, ятган үнэмшүүлэх дуртай.', NULL, NULL, '2019-04-05 12:06:14', '2019-04-05 12:06:14', 25),
(26, 'A. Яриа хурц үг тасалдаг', NULL, NULL, '2019-04-05 12:06:14', '2019-04-05 12:06:14', 26),
(27, 'A. Халуурах, зүрх судас болон элгэний өвчинд өртөх магдлалтай.', NULL, NULL, '2019-04-05 12:06:14', '2019-04-05 12:06:14', 27),
(28, 'A. Уур уцаартай, түрэмгий болдог', NULL, NULL, '2019-04-05 12:06:14', '2019-04-05 12:06:14', 28),
(29, 'A. Би нэг бол эр зоригтой, нэг бол ууртай', NULL, NULL, '2019-04-05 12:06:14', '2019-04-05 12:06:14', 29),
(30, 'B. Томовтор. Би өргөн мөр, ташаа том ястай', NULL, NULL, '2019-04-05 12:16:20', '2019-04-05 12:16:20', 1),
(31, 'B. Зөөлөн, бага зэрэгийн тослог, зузаан, хүйтэн чийгтэй, цонхигор арьс', NULL, NULL, '2019-04-05 12:16:20', '2019-04-05 12:16:20', 2),
(32, 'B. Зөөлөн бас цагаан өнгөтэй', NULL, NULL, '2019-04-05 12:16:20', '2019-04-05 12:16:20', 3),
(33, 'B. Би өтгөн тослог үстэй', NULL, NULL, '2019-04-05 12:16:20', '2019-04-05 12:16:20', 4),
(34, 'B. Миний үе мөч өргөн том, барьцтай сайн бүтэцтэй', NULL, NULL, '2019-04-05 12:16:20', '2019-04-05 12:16:20', 5),
(35, 'B. Том, цагаан шүд', NULL, NULL, '2019-04-05 12:16:20', '2019-04-05 12:16:20', 6),
(36, 'B. Хүмүүс намайг том, тод нүдтэй гэдэг', NULL, NULL, '2019-04-05 12:16:20', '2019-04-05 12:16:20', 7),
(37, 'B. Бондгор. Үргэлж бага зэргийн жингийн илүүдэлтэй байсан. Жин нэмэхдээ амархан, эргээд хасахдаа ерөнхийдөө хэцүү байдаг.', NULL, NULL, '2019-04-05 12:16:20', '2019-04-05 12:16:20', 8),
(38, 'B. Дулаан ба хуурай', NULL, NULL, '2019-04-05 12:16:20', '2019-04-05 12:16:20', 9),
(39, 'B. Хүйтэн ба чийгтэй', NULL, NULL, '2019-04-05 12:16:20', '2019-04-05 12:16:20', 10),
(40, 'B. Сэрүүн. Миний арьс ихэвчлэн чийгтэй, хүйтэн талдаа байдаг ч би ямар нэгэн цаг агаарын нөхцлийг бусдаас илүү онцгойлон таашааж үздэггүй', NULL, NULL, '2019-04-05 12:16:20', '2019-04-05 12:16:20', 11),
(41, 'B. Олон цагийн турш унтдаг. Би өдөр бүр 8-10 цаг унтсан ч чадна. Би урт бөгөөд гүн унтдаг. Өглөө сэрэхэд бэрхшээлтэй.', NULL, NULL, '2019-04-05 12:16:20', '2019-04-05 12:16:20', 12),
(42, 'B. Хаана ч хамаагүй, өрөөний гэрэлтүүлэг миний нойронд нөлөөлдөггүй', NULL, NULL, '2019-04-05 12:16:20', '2019-04-05 12:16:20', 13),
(43, 'B. Маш сайн. Гэхдээ би ихэвчлэн тэсвэрийн хязгаарт тулгахгүйг хичээдэг.', NULL, NULL, '2019-04-05 12:16:20', '2019-04-05 12:16:20', 14),
(44, 'B. Тайван, нэгэн хэвийн, үнэнч. Амархан хувирдаггүй.', NULL, NULL, '2019-04-05 12:16:20', '2019-04-05 12:16:20', 15),
(45, 'B. Зүүд зүүдлэх нь тун бага', NULL, NULL, '2019-04-05 12:16:20', '2019-04-05 12:16:20', 16),
(46, 'B. Би бусад хүмүүстэй харцуулахад мөрөөдөмтгий биш', NULL, NULL, '2019-04-05 12:16:20', '2019-04-05 12:16:20', 17),
(47, 'B. Удаан бөгөөд баг хөдөлгөөн хийдэг', NULL, NULL, '2019-04-05 12:16:20', '2019-04-05 12:16:20', 18),
(48, 'B. Сурахдаа удаан, гэвч нэг сурсаны дараа мартахгүй', NULL, NULL, '2019-04-05 12:16:20', '2019-04-05 12:16:20', 19),
(49, 'B. Хоолонд сайн хоолгүйгээр явж чадахгүй. Их идэх магдлалтай', NULL, NULL, '2019-04-05 12:16:20', '2019-04-05 12:16:20', 20),
(50, 'B. Сайн', NULL, NULL, '2019-04-05 12:16:21', '2019-04-05 12:16:21', 21),
(51, 'B. Миний бодисын солилцоо дунд зэрэг бөгөөд би хоол дунд зэрэг шингээдэг', NULL, NULL, '2019-04-05 12:16:21', '2019-04-05 12:16:21', 22),
(52, 'B. Зөөлөн, дулаан, өрөвч нандин сэтгэлтэй.', NULL, NULL, '2019-04-05 12:16:21', '2019-04-05 12:16:21', 23),
(53, 'B. Тайван амралт. Би ихэвчлэн идэвхитэй байхаас илүү амарч байхад дуртай', NULL, NULL, '2019-04-05 12:16:21', '2019-04-05 12:16:21', 24),
(54, 'B. Би урсгал дагуу, хүлээн зөвшөөрөмтгий. Би дэмжих дуртай.', NULL, NULL, '2019-04-05 12:16:21', '2019-04-05 12:16:21', 25),
(55, 'B. Удаан ойлгомжтой уянгалж ярьдаг', NULL, NULL, '2019-04-05 12:16:21', '2019-04-05 12:16:21', 26),
(56, 'B. Ханиад хурдан хатгай болдог уушиг, амьсгалын замын өвчинд өртөх магдлалтай.', NULL, NULL, '2019-04-05 12:16:21', '2019-04-05 12:16:21', 27),
(57, 'B. Зожиг болж, өөрийгөө тусгааралдаг', NULL, NULL, '2019-04-05 12:16:21', '2019-04-05 12:16:21', 28),
(58, 'B. Би нэг бол бусдыг хайрлдаг, нэг бол хамааралтай', NULL, NULL, '2019-04-05 12:16:21', '2019-04-05 12:16:21', 29),
(59, 'C. Урт эсвэл нарийхан, хөнгөхөн ястай.', NULL, NULL, '2019-04-05 12:19:52', '2019-04-05 12:19:52', 1),
(60, 'C. Хуурай, хатуу, барзгар өөгүй, амьгүй нимгэн арьс', NULL, NULL, '2019-04-05 12:19:52', '2019-04-05 12:19:52', 2),
(61, 'C. Хуурай, хугардаг', NULL, NULL, '2019-04-05 12:19:52', '2019-04-05 12:19:52', 3),
(62, 'C. Миний үс хуурай, хэврэг бас буржгар', NULL, NULL, '2019-04-05 12:19:52', '2019-04-05 12:19:52', 4),
(63, 'C. Миний үе мөч нарийхан бас амархан дугарах хандлагатай', NULL, NULL, '2019-04-05 12:19:52', '2019-04-05 12:19:52', 5),
(64, 'C. Муруй шүд', NULL, NULL, '2019-04-05 12:19:52', '2019-04-05 12:19:52', 6),
(65, 'C. Хүмүүс намайг жижиг, санаа зовсон мэт нүдтэй гэдэг', NULL, NULL, '2019-04-05 12:19:52', '2019-04-05 12:19:52', 7),
(66, 'C. Бага жинтэй. Би амархан жингээ алдаж, эргээд нэмэх гэж их асуудалтай байдаг', NULL, NULL, '2019-04-05 12:19:52', '2019-04-05 12:19:52', 8),
(67, 'C. Дулаан ба чийгтэй', NULL, NULL, '2019-04-05 12:19:52', '2019-04-05 12:19:52', 9),
(68, 'C. Хүйтэн ба хуурай салхилсан', NULL, NULL, '2019-04-05 12:19:52', '2019-04-05 12:19:52', 10),
(69, 'C. Хүйтэн, миний гар хөл үргэлж хүйтэн байдаг бөгөөд би ихэвчлэн дулаан газрыг хайдаг.', NULL, NULL, '2019-04-05 12:19:52', '2019-04-05 12:19:52', 11),
(70, 'C.Цөөхөн цаг унтдаг. Би өдөр бүр 6-7 цаг унтсан ч сайхан амарч чаддаг. Би амархан сэрэх хандлагатай, хөнгөн унтдаг', NULL, NULL, '2019-04-05 12:19:52', '2019-04-05 12:19:52', 12),
(71, 'C. Тас харанхуйд унтах дуртай', NULL, NULL, '2019-04-05 12:19:52', '2019-04-05 12:19:52', 13),
(72, 'C. Сул. Амархан ядардаг', NULL, NULL, '2019-04-05 12:19:52', '2019-04-05 12:19:52', 14),
(73, 'C. Өргөн хүрээтэй сэтгэж өөрчлөлтийг хүлээж авдаг. Гэвч нэгэн хэвийн байдлыг тэсвэрлэхдээ муу.', NULL, NULL, '2019-04-05 12:19:52', '2019-04-05 12:19:52', 15),
(74, 'C. Би бараг өдөр бүр зүүдэлдэг', NULL, NULL, '2019-04-05 12:19:52', '2019-04-05 12:19:52', 16),
(75, 'C. Би маш мөрөөдөмтгий', NULL, NULL, '2019-04-05 12:19:52', '2019-04-05 12:19:52', 17),
(76, 'C. Хурдан бөгөөд их хөдөлгөөн хийдэг ер нь амрах нь бага', NULL, NULL, '2019-04-05 12:19:52', '2019-04-05 12:19:52', 18),
(77, 'C. Амархан сурч, амархан мартдаг', NULL, NULL, '2019-04-05 12:19:53', '2019-04-05 12:19:53', 19),
(78, 'C. Би заримдаа хооллохоо хүртэл мартчихдаг', NULL, NULL, '2019-04-05 12:19:53', '2019-04-05 12:19:53', 20),
(79, 'C. Дархлаа муу', NULL, NULL, '2019-04-05 12:19:53', '2019-04-05 12:19:53', 21),
(80, 'C. Миний бодисын солилцоо муу зэрэг бөгөөд хоолны шингэц удаан', NULL, NULL, '2019-04-05 12:19:53', '2019-04-05 12:19:53', 22),
(81, 'C. Бүтээлч, сэтгэн бодох чадвартай, урам зориг дүүрэн.', NULL, NULL, '2019-04-05 12:19:53', '2019-04-05 12:19:53', 23),
(82, 'C. Өөрчлөлт. Би аялал, адал явдалд дуртай.', NULL, NULL, '2019-04-05 12:19:53', '2019-04-05 12:19:53', 24),
(83, 'C. Би цогтой, урам зориг дүүрэн хүн. Би өөрчлөж сайжруулах хүсэл эрмэлзэлтэй', NULL, NULL, '2019-04-05 12:19:53', '2019-04-05 12:19:53', 25),
(84, 'C. Хурдан, дандаа ярьдаг', NULL, NULL, '2019-04-05 12:19:53', '2019-04-05 12:19:53', 26),
(85, 'C. Үрэвсэлд өртөмтгий өвчин эргүүлдэг сул биетэй.', NULL, NULL, '2019-04-05 12:19:53', '2019-04-05 12:19:53', 27),
(86, 'C. Санаа зовомтгой, сандруу болдог', NULL, NULL, '2019-04-05 12:19:53', '2019-04-05 12:19:53', 28),
(87, 'C. Би нэг бол хувирч сайжирдаг, нэг бол айдастай', NULL, NULL, '2019-04-05 12:19:53', '2019-04-05 12:19:53', 29),
(88, 'A. Сэтгэл гутрал, сандрал, айдас болон ганцаардал', NULL, NULL, '2019-04-05 14:06:33', '2019-04-05 14:06:33', 30),
(89, 'A. Хэтэрхий өөнтөгч, харилцан буулт хийх чадваргүй, өөртөө болон бусдад хэт шүүмжлэгч', NULL, NULL, '2019-04-05 14:06:34', '2019-04-05 14:06:34', 31),
(90, 'A. Хөнгөн, үймсэн, сэтгэл зовних юм бол амархан сарнидаг', NULL, NULL, '2019-04-05 14:06:34', '2019-04-05 14:06:34', 32),
(91, 'A. Тууралт, экзем болон батганы үр дүнд эмзэг, улайлттай, загатнадаг, үрэвсэлтэй болон арьс', NULL, NULL, '2019-04-05 14:06:34', '2019-04-05 14:06:34', 33),
(92, 'A. Хэдийгээр гэдэс өлсөхгүй байсан ч сэтгэл санаагаа засахын тулд хоол их идэх болсон', NULL, NULL, '2019-04-05 14:06:34', '2019-04-05 14:06:34', 34),
(93, 'A. Зөөлөн, биегүй. Магадгүй суулгалт өгч байна уу даа гэмээр шингэн.', NULL, NULL, '2019-04-05 14:06:34', '2019-04-05 14:06:34', 35),
(94, 'A. Хүйтэн', NULL, NULL, '2019-04-05 14:06:34', '2019-04-05 14:06:34', 36),
(102, 'Сүүлийн үед төрөл бүрийн үрэвсэл, цочмог үрэвсэл тэр дундаа бактерийн гаралтай үрэвсэл, шархлаа, хоолой өвдөх, халуурах, цэврүүтэх, шээсний замын өвчин, булчин өвдөх, өвдөгний үеэр хатгах, арьсан дээр усархаг үрэвсэл гарах, нүд улайх, хоолой идээлэх, түрүү булчирхай өвдөх гэх мэт:', NULL, NULL, '2019-04-05 14:07:33', '2019-04-05 14:07:33', 65),
(103, 'Сүүлийн үед нүд уйлаж, цус гүйж, загатнаж, үрэвсэлтэй байх болсон:', NULL, NULL, '2019-04-05 14:07:33', '2019-04-05 14:07:33', 65),
(104, 'B. Тэвчээргүй байдал, бухимдал, уур уцаар болон атаархал', NULL, NULL, '2019-04-05 14:10:07', '2019-04-05 14:10:07', 30),
(105, 'B. Удаан, дуниартсан, саруул биш. Тодорхойгүй', NULL, NULL, '2019-04-05 14:10:07', '2019-04-05 14:10:07', 31),
(106, 'B. Хүнд бөгөөд хэт их. 8-10 цаг нам унтаж амарсан ч гэсэн өглөө босоход бэрхшээлтэй байдаг', NULL, NULL, '2019-04-05 14:10:07', '2019-04-05 14:10:07', 32),
(107, 'B. Хуурай, хатуу хагарсан арьс. Би хангалттай чийгшүүлэх тал дээр асуудалтай байгаа', NULL, NULL, '2019-04-05 14:10:07', '2019-04-05 14:10:07', 33),
(108, 'B. Хоол идэхээ мартах болсон. /үүнээсээ болж тогтмол ядрах, толгой өвдөх, дүйнгэтэх, төвлөрөх чадваргүй болсон/', NULL, NULL, '2019-04-05 14:10:07', '2019-04-05 14:10:07', 34),
(109, 'B. Наалдамхай, удаашралттай. Заримдаа дутуу гарсан мэт мэдрэмж төрдөг.', NULL, NULL, '2019-04-05 14:10:07', '2019-04-05 14:10:07', 35),
(110, 'B. Халуун', NULL, NULL, '2019-04-05 14:10:07', '2019-04-05 14:10:07', 36),
(111, 'Сүүлийн үед төрөл бүрийн үрэвсэл, цочмог үрэвсэл тэр дундаа бактерийн гаралтай үрэвсэл, шархлаа, хоолой өвдөх, халуурах, цэврүүтэх, шээсний замын өвчин, булчин өвдөх, өвдөгний үеэр хатгах, арьсан дээр усархаг үрэвсэл гарах, нүд улайх, хоолой идээлэх, түрүү булчирхай өвдөх гэх мэт:\r\n', NULL, NULL, '2019-04-05 14:10:07', '2019-04-05 14:10:07', 65),
(112, 'Би сүүлийн үед жингийн илүүдэлтэй байгаа. /Аль болох бодитоор хариулна уу, биеийн хэмжээгээ хэтрүүлж бодох, үл таалах мэдрэмж нь энэ хариултанд нөлөөлөхгүй байх учиртай/:', NULL, NULL, '2019-04-05 14:10:07', '2019-04-05 14:10:07', 65),
(113, 'C. Уйтгар гуниг, эрч хүчгүй байдал, гутрал', NULL, NULL, '2019-04-05 14:14:37', '2019-04-05 14:14:37', 30),
(114, 'C. Бодит байдлаас алс, хөндий, барьцгүй, тогтворгүй, тодорхойгүй', NULL, NULL, '2019-04-05 14:14:37', '2019-04-05 14:14:37', 31),
(115, 'C. Өмнөхөөс багасаж, сатаарах болсон. Учир нь би ямар нэгэн бодол болон үйл явдалд хэт анхаараад байгаа', NULL, NULL, '2019-04-05 14:14:37', '2019-04-05 14:14:37', 32),
(116, 'С. Хэт их салсттай. Байнгын түгжрэл болон тогтмол ханиад хүрдэг', NULL, NULL, '2019-04-05 14:14:37', '2019-04-05 14:14:37', 33),
(117, 'C. Хоолгүй удаан явбал уур уцаартай', NULL, NULL, '2019-04-05 14:14:37', '2019-04-05 14:14:37', 34),
(118, 'C. Хуурай хатуу, заримдаа өтгөн хаталтанд хүргэдэг', NULL, NULL, '2019-04-05 14:14:37', '2019-04-05 14:14:37', 35),
(119, 'С. Миний бие хавагнасан байгаа. Үргэлж цатгалан эсвэл хавдсан мэдрэмж авдаг', NULL, NULL, '2019-04-05 14:14:37', '2019-04-05 14:14:37', 36),
(120, 'Сүүлийн үед би амархан ядарч, энерги дуусаж, ялагдаж байгаа мэт санагдах болсон:', NULL, NULL, '2019-04-05 14:14:38', '2019-04-05 14:14:38', 65),
(121, 'Сүүлийн үед би өөрийн мэдэлгүй татганах, чичрэх, салгалах болсон:', NULL, NULL, '2019-04-05 14:14:38', '2019-04-05 14:14:38', 65);

-- 
-- Dumping data for table m_answers
--
INSERT INTO m_answers VALUES
(1, 'Тийм', NULL, '2019-04-06 09:41:23', '2019-04-06 09:41:23', 102, 1.0),
(2, 'Тийм', NULL, '2019-04-06 09:41:23', '2019-04-06 09:41:23', 103, 1.0),
(3, 'Тийм', NULL, '2019-04-06 09:41:23', '2019-04-06 09:41:23', 111, 1.0),
(4, 'Тийм', NULL, '2019-04-06 09:41:23', '2019-04-06 09:41:23', 112, 1.0),
(5, 'Тийм', NULL, '2019-04-06 09:41:23', '2019-04-06 09:41:23', 120, 1.0),
(6, 'Тийм', NULL, '2019-04-06 09:41:23', '2019-04-06 09:41:23', 121, 1.0),
(7, 'Тийм', NULL, '2019-04-06 09:41:23', '2019-04-06 09:41:23', 1, 1.0),
(8, 'Тийм', NULL, '2019-04-06 09:41:23', '2019-04-06 09:41:23', 30, 1.0),
(9, 'Тийм', NULL, '2019-04-06 09:41:23', '2019-04-06 09:41:23', 59, 1.0),
(10, 'Тийм', NULL, '2019-04-06 09:41:23', '2019-04-06 09:41:23', 2, 1.0),
(11, 'Тийм', NULL, '2019-04-06 09:41:23', '2019-04-06 09:41:23', 31, 1.0),
(12, 'Тийм', NULL, '2019-04-06 09:41:23', '2019-04-06 09:41:23', 60, 1.0),
(13, 'Тийм', NULL, '2019-04-06 09:41:23', '2019-04-06 09:41:23', 3, 1.0),
(14, 'Тийм', NULL, '2019-04-06 09:41:23', '2019-04-06 09:41:23', 32, 1.0),
(15, 'Тийм', NULL, '2019-04-06 09:41:23', '2019-04-06 09:41:23', 61, 1.0),
(16, 'Тийм', NULL, '2019-04-06 09:41:23', '2019-04-06 09:41:23', 4, 1.0),
(17, 'Тийм', NULL, '2019-04-06 09:41:23', '2019-04-06 09:41:23', 33, 1.0),
(18, 'Тийм', NULL, '2019-04-06 09:41:23', '2019-04-06 09:41:23', 62, 1.0),
(19, 'Тийм', NULL, '2019-04-06 09:41:23', '2019-04-06 09:41:23', 5, 1.0),
(20, 'Тийм', NULL, '2019-04-06 09:41:23', '2019-04-06 09:41:23', 34, 1.0),
(21, 'Тийм', NULL, '2019-04-06 09:41:23', '2019-04-06 09:41:23', 63, 1.0),
(22, 'Тийм', NULL, '2019-04-06 09:41:23', '2019-04-06 09:41:23', 6, 1.0),
(23, 'Тийм', NULL, '2019-04-06 09:41:23', '2019-04-06 09:41:23', 35, 1.0),
(24, 'Тийм', NULL, '2019-04-06 09:41:23', '2019-04-06 09:41:23', 64, 1.0),
(25, 'Тийм', NULL, '2019-04-06 09:41:23', '2019-04-06 09:41:23', 7, 1.0),
(26, 'Тийм', NULL, '2019-04-06 09:41:23', '2019-04-06 09:41:23', 36, 1.0),
(27, 'Тийм', NULL, '2019-04-06 09:41:23', '2019-04-06 09:41:23', 65, 1.0),
(28, 'Тийм', NULL, '2019-04-06 09:41:23', '2019-04-06 09:41:23', 8, 1.0),
(29, 'Тийм', NULL, '2019-04-06 09:41:23', '2019-04-06 09:41:23', 37, 1.0),
(30, 'Тийм', NULL, '2019-04-06 09:41:23', '2019-04-06 09:41:23', 66, 1.0),
(31, 'Тийм', NULL, '2019-04-06 09:41:23', '2019-04-06 09:41:23', 9, 1.0),
(32, 'Тийм', NULL, '2019-04-06 09:41:23', '2019-04-06 09:41:23', 38, 1.0),
(33, 'Тийм', NULL, '2019-04-06 09:41:23', '2019-04-06 09:41:23', 67, 1.0),
(34, 'Тийм', NULL, '2019-04-06 09:41:23', '2019-04-06 09:41:23', 10, 1.0),
(35, 'Тийм', NULL, '2019-04-06 09:41:23', '2019-04-06 09:41:23', 39, 1.0),
(36, 'Тийм', NULL, '2019-04-06 09:41:23', '2019-04-06 09:41:23', 68, 1.0),
(37, 'Тийм', NULL, '2019-04-06 09:41:23', '2019-04-06 09:41:23', 11, 1.0),
(38, 'Тийм', NULL, '2019-04-06 09:41:23', '2019-04-06 09:41:23', 40, 1.0),
(39, 'Тийм', NULL, '2019-04-06 09:41:23', '2019-04-06 09:41:23', 69, 1.0),
(40, 'Тийм', NULL, '2019-04-06 09:41:23', '2019-04-06 09:41:23', 12, 1.0),
(41, 'Тийм', NULL, '2019-04-06 09:41:23', '2019-04-06 09:41:23', 41, 1.0),
(42, 'Тийм', NULL, '2019-04-06 09:41:23', '2019-04-06 09:41:23', 70, 1.0),
(43, 'Тийм', NULL, '2019-04-06 09:41:23', '2019-04-06 09:41:23', 13, 1.0),
(44, 'Тийм', NULL, '2019-04-06 09:41:23', '2019-04-06 09:41:23', 42, 1.0),
(45, 'Тийм', NULL, '2019-04-06 09:41:23', '2019-04-06 09:41:23', 71, 1.0),
(46, 'Тийм', NULL, '2019-04-06 09:41:23', '2019-04-06 09:41:23', 14, 1.0),
(47, 'Тийм', NULL, '2019-04-06 09:41:23', '2019-04-06 09:41:23', 43, 1.0),
(48, 'Тийм', NULL, '2019-04-06 09:41:23', '2019-04-06 09:41:23', 72, 1.0),
(49, 'Тийм', NULL, '2019-04-06 09:41:23', '2019-04-06 09:41:23', 15, 1.0),
(50, 'Тийм', NULL, '2019-04-06 09:41:23', '2019-04-06 09:41:23', 44, 1.0),
(51, 'Тийм', NULL, '2019-04-06 09:41:23', '2019-04-06 09:41:23', 73, 1.0),
(52, 'Тийм', NULL, '2019-04-06 09:41:23', '2019-04-06 09:41:23', 16, 1.0),
(53, 'Тийм', NULL, '2019-04-06 09:41:23', '2019-04-06 09:41:23', 45, 1.0),
(54, 'Тийм', NULL, '2019-04-06 09:41:23', '2019-04-06 09:41:23', 74, 1.0),
(55, 'Тийм', NULL, '2019-04-06 09:41:23', '2019-04-06 09:41:23', 17, 1.0),
(56, 'Тийм', NULL, '2019-04-06 09:41:23', '2019-04-06 09:41:23', 46, 1.0),
(57, 'Тийм', NULL, '2019-04-06 09:41:23', '2019-04-06 09:41:23', 75, 1.0),
(58, 'Тийм', NULL, '2019-04-06 09:41:23', '2019-04-06 09:41:23', 18, 1.0),
(59, 'Тийм', NULL, '2019-04-06 09:41:23', '2019-04-06 09:41:23', 47, 1.0),
(60, 'Тийм', NULL, '2019-04-06 09:41:23', '2019-04-06 09:41:23', 76, 1.0),
(61, 'Тийм', NULL, '2019-04-06 09:41:23', '2019-04-06 09:41:23', 19, 1.0),
(62, 'Тийм', NULL, '2019-04-06 09:41:23', '2019-04-06 09:41:23', 48, 1.0),
(63, 'Тийм', NULL, '2019-04-06 09:41:23', '2019-04-06 09:41:23', 77, 1.0),
(64, 'Тийм', NULL, '2019-04-06 09:41:23', '2019-04-06 09:41:23', 20, 1.0),
(65, 'Тийм', NULL, '2019-04-06 09:41:23', '2019-04-06 09:41:23', 49, 1.0),
(66, 'Тийм', NULL, '2019-04-06 09:41:23', '2019-04-06 09:41:23', 78, 1.0),
(67, 'Тийм', NULL, '2019-04-06 09:41:23', '2019-04-06 09:41:23', 21, 1.0),
(68, 'Тийм', NULL, '2019-04-06 09:41:23', '2019-04-06 09:41:23', 50, 1.0),
(69, 'Тийм', NULL, '2019-04-06 09:41:23', '2019-04-06 09:41:23', 79, 1.0),
(70, 'Тийм', NULL, '2019-04-06 09:41:23', '2019-04-06 09:41:23', 22, 1.0),
(71, 'Тийм', NULL, '2019-04-06 09:41:23', '2019-04-06 09:41:23', 51, 1.0),
(72, 'Тийм', NULL, '2019-04-06 09:41:23', '2019-04-06 09:41:23', 80, 1.0),
(73, 'Тийм', NULL, '2019-04-06 09:41:23', '2019-04-06 09:41:23', 23, 1.0),
(74, 'Тийм', NULL, '2019-04-06 09:41:23', '2019-04-06 09:41:23', 52, 1.0),
(75, 'Тийм', NULL, '2019-04-06 09:41:23', '2019-04-06 09:41:23', 81, 1.0),
(76, 'Тийм', NULL, '2019-04-06 09:41:23', '2019-04-06 09:41:23', 24, 1.0),
(77, 'Тийм', NULL, '2019-04-06 09:41:23', '2019-04-06 09:41:23', 53, 1.0),
(78, 'Тийм', NULL, '2019-04-06 09:41:23', '2019-04-06 09:41:23', 82, 1.0),
(79, 'Тийм', NULL, '2019-04-06 09:41:23', '2019-04-06 09:41:23', 25, 1.0),
(80, 'Тийм', NULL, '2019-04-06 09:41:23', '2019-04-06 09:41:23', 54, 1.0),
(81, 'Тийм', NULL, '2019-04-06 09:41:23', '2019-04-06 09:41:23', 83, 1.0),
(82, 'Тийм', NULL, '2019-04-06 09:41:23', '2019-04-06 09:41:23', 26, 1.0),
(83, 'Тийм', NULL, '2019-04-06 09:41:23', '2019-04-06 09:41:23', 55, 1.0),
(84, 'Тийм', NULL, '2019-04-06 09:41:23', '2019-04-06 09:41:23', 84, 1.0),
(85, 'Тийм', NULL, '2019-04-06 09:41:23', '2019-04-06 09:41:23', 27, 1.0),
(86, 'Тийм', NULL, '2019-04-06 09:41:23', '2019-04-06 09:41:23', 56, 1.0),
(87, 'Тийм', NULL, '2019-04-06 09:41:23', '2019-04-06 09:41:23', 85, 1.0),
(88, 'Тийм', NULL, '2019-04-06 09:41:23', '2019-04-06 09:41:23', 28, 1.0),
(89, 'Тийм', NULL, '2019-04-06 09:41:23', '2019-04-06 09:41:23', 57, 1.0),
(90, 'Тийм', NULL, '2019-04-06 09:41:23', '2019-04-06 09:41:23', 86, 1.0),
(91, 'Тийм', NULL, '2019-04-06 09:41:23', '2019-04-06 09:41:23', 29, 1.0),
(92, 'Тийм', NULL, '2019-04-06 09:41:23', '2019-04-06 09:41:23', 58, 1.0),
(93, 'Тийм', NULL, '2019-04-06 09:41:23', '2019-04-06 09:41:23', 87, 1.0),
(94, 'Тийм', NULL, '2019-04-06 09:41:23', '2019-04-06 09:41:23', 88, 1.0),
(95, 'Тийм', NULL, '2019-04-06 09:41:23', '2019-04-06 09:41:23', 104, 1.0),
(96, 'Тийм', NULL, '2019-04-06 09:41:23', '2019-04-06 09:41:23', 113, 1.0),
(97, 'Тийм', NULL, '2019-04-06 09:41:23', '2019-04-06 09:41:23', 89, 1.0),
(98, 'Тийм', NULL, '2019-04-06 09:41:23', '2019-04-06 09:41:23', 105, 1.0),
(99, 'Тийм', NULL, '2019-04-06 09:41:23', '2019-04-06 09:41:23', 114, 1.0),
(100, 'Тийм', NULL, '2019-04-06 09:41:23', '2019-04-06 09:41:23', 90, 1.0),
(101, 'Тийм', NULL, '2019-04-06 09:41:23', '2019-04-06 09:41:23', 106, 1.0),
(102, 'Тийм', NULL, '2019-04-06 09:41:23', '2019-04-06 09:41:23', 115, 1.0),
(103, 'Тийм', NULL, '2019-04-06 09:41:23', '2019-04-06 09:41:23', 91, 1.0),
(104, 'Тийм', NULL, '2019-04-06 09:41:23', '2019-04-06 09:41:23', 107, 1.0),
(105, 'Тийм', NULL, '2019-04-06 09:41:23', '2019-04-06 09:41:23', 116, 1.0),
(106, 'Тийм', NULL, '2019-04-06 09:41:23', '2019-04-06 09:41:23', 92, 1.0),
(107, 'Тийм', NULL, '2019-04-06 09:41:23', '2019-04-06 09:41:23', 108, 1.0),
(108, 'Тийм', NULL, '2019-04-06 09:41:23', '2019-04-06 09:41:23', 117, 1.0),
(109, 'Тийм', NULL, '2019-04-06 09:41:23', '2019-04-06 09:41:23', 93, 1.0),
(110, 'Тийм', NULL, '2019-04-06 09:41:23', '2019-04-06 09:41:23', 109, 1.0),
(111, 'Тийм', NULL, '2019-04-06 09:41:23', '2019-04-06 09:41:23', 118, 1.0),
(112, 'Тийм', NULL, '2019-04-06 09:41:23', '2019-04-06 09:41:23', 94, 1.0),
(113, 'Тийм', NULL, '2019-04-06 09:41:23', '2019-04-06 09:41:23', 110, 1.0),
(114, 'Тийм', NULL, '2019-04-06 09:41:23', '2019-04-06 09:41:23', 119, 1.0),
(128, 'Үгүй', NULL, '2019-04-06 09:41:38', '2019-04-06 09:41:38', 102, 0.0),
(129, 'Үгүй', NULL, '2019-04-06 09:41:38', '2019-04-06 09:41:38', 103, 0.0),
(130, 'Үгүй', NULL, '2019-04-06 09:41:38', '2019-04-06 09:41:38', 111, 0.0),
(131, 'Үгүй', NULL, '2019-04-06 09:41:38', '2019-04-06 09:41:38', 112, 0.0),
(132, 'Үгүй', NULL, '2019-04-06 09:41:38', '2019-04-06 09:41:38', 120, 0.0),
(133, 'Үгүй', NULL, '2019-04-06 09:41:38', '2019-04-06 09:41:38', 121, 0.0),
(134, 'Үгүй', NULL, '2019-04-06 09:41:38', '2019-04-06 09:41:38', 1, 0.0),
(135, 'Үгүй', NULL, '2019-04-06 09:41:38', '2019-04-06 09:41:38', 30, 0.0),
(136, 'Үгүй', NULL, '2019-04-06 09:41:38', '2019-04-06 09:41:38', 59, 0.0),
(137, 'Үгүй', NULL, '2019-04-06 09:41:38', '2019-04-06 09:41:38', 2, 0.0),
(138, 'Үгүй', NULL, '2019-04-06 09:41:38', '2019-04-06 09:41:38', 31, 0.0),
(139, 'Үгүй', NULL, '2019-04-06 09:41:38', '2019-04-06 09:41:38', 60, 0.0),
(140, 'Үгүй', NULL, '2019-04-06 09:41:38', '2019-04-06 09:41:38', 3, 0.0),
(141, 'Үгүй', NULL, '2019-04-06 09:41:38', '2019-04-06 09:41:38', 32, 0.0),
(142, 'Үгүй', NULL, '2019-04-06 09:41:38', '2019-04-06 09:41:38', 61, 0.0),
(143, 'Үгүй', NULL, '2019-04-06 09:41:38', '2019-04-06 09:41:38', 4, 0.0),
(144, 'Үгүй', NULL, '2019-04-06 09:41:38', '2019-04-06 09:41:38', 33, 0.0),
(145, 'Үгүй', NULL, '2019-04-06 09:41:38', '2019-04-06 09:41:38', 62, 0.0),
(146, 'Үгүй', NULL, '2019-04-06 09:41:38', '2019-04-06 09:41:38', 5, 0.0),
(147, 'Үгүй', NULL, '2019-04-06 09:41:38', '2019-04-06 09:41:38', 34, 0.0),
(148, 'Үгүй', NULL, '2019-04-06 09:41:38', '2019-04-06 09:41:38', 63, 0.0),
(149, 'Үгүй', NULL, '2019-04-06 09:41:38', '2019-04-06 09:41:38', 6, 0.0),
(150, 'Үгүй', NULL, '2019-04-06 09:41:38', '2019-04-06 09:41:38', 35, 0.0),
(151, 'Үгүй', NULL, '2019-04-06 09:41:38', '2019-04-06 09:41:38', 64, 0.0),
(152, 'Үгүй', NULL, '2019-04-06 09:41:38', '2019-04-06 09:41:38', 7, 0.0),
(153, 'Үгүй', NULL, '2019-04-06 09:41:38', '2019-04-06 09:41:38', 36, 0.0),
(154, 'Үгүй', NULL, '2019-04-06 09:41:38', '2019-04-06 09:41:38', 65, 0.0),
(155, 'Үгүй', NULL, '2019-04-06 09:41:38', '2019-04-06 09:41:38', 8, 0.0),
(156, 'Үгүй', NULL, '2019-04-06 09:41:38', '2019-04-06 09:41:38', 37, 0.0),
(157, 'Үгүй', NULL, '2019-04-06 09:41:38', '2019-04-06 09:41:38', 66, 0.0),
(158, 'Үгүй', NULL, '2019-04-06 09:41:38', '2019-04-06 09:41:38', 9, 0.0),
(159, 'Үгүй', NULL, '2019-04-06 09:41:38', '2019-04-06 09:41:38', 38, 0.0),
(160, 'Үгүй', NULL, '2019-04-06 09:41:38', '2019-04-06 09:41:38', 67, 0.0),
(161, 'Үгүй', NULL, '2019-04-06 09:41:38', '2019-04-06 09:41:38', 10, 0.0),
(162, 'Үгүй', NULL, '2019-04-06 09:41:38', '2019-04-06 09:41:38', 39, 0.0),
(163, 'Үгүй', NULL, '2019-04-06 09:41:38', '2019-04-06 09:41:38', 68, 0.0),
(164, 'Үгүй', NULL, '2019-04-06 09:41:38', '2019-04-06 09:41:38', 11, 0.0),
(165, 'Үгүй', NULL, '2019-04-06 09:41:38', '2019-04-06 09:41:38', 40, 0.0),
(166, 'Үгүй', NULL, '2019-04-06 09:41:38', '2019-04-06 09:41:38', 69, 0.0),
(167, 'Үгүй', NULL, '2019-04-06 09:41:38', '2019-04-06 09:41:38', 12, 0.0),
(168, 'Үгүй', NULL, '2019-04-06 09:41:38', '2019-04-06 09:41:38', 41, 0.0),
(169, 'Үгүй', NULL, '2019-04-06 09:41:38', '2019-04-06 09:41:38', 70, 0.0),
(170, 'Үгүй', NULL, '2019-04-06 09:41:38', '2019-04-06 09:41:38', 13, 0.0),
(171, 'Үгүй', NULL, '2019-04-06 09:41:38', '2019-04-06 09:41:38', 42, 0.0),
(172, 'Үгүй', NULL, '2019-04-06 09:41:38', '2019-04-06 09:41:38', 71, 0.0),
(173, 'Үгүй', NULL, '2019-04-06 09:41:38', '2019-04-06 09:41:38', 14, 0.0),
(174, 'Үгүй', NULL, '2019-04-06 09:41:38', '2019-04-06 09:41:38', 43, 0.0),
(175, 'Үгүй', NULL, '2019-04-06 09:41:38', '2019-04-06 09:41:38', 72, 0.0),
(176, 'Үгүй', NULL, '2019-04-06 09:41:38', '2019-04-06 09:41:38', 15, 0.0),
(177, 'Үгүй', NULL, '2019-04-06 09:41:38', '2019-04-06 09:41:38', 44, 0.0),
(178, 'Үгүй', NULL, '2019-04-06 09:41:38', '2019-04-06 09:41:38', 73, 0.0),
(179, 'Үгүй', NULL, '2019-04-06 09:41:38', '2019-04-06 09:41:38', 16, 0.0),
(180, 'Үгүй', NULL, '2019-04-06 09:41:38', '2019-04-06 09:41:38', 45, 0.0),
(181, 'Үгүй', NULL, '2019-04-06 09:41:38', '2019-04-06 09:41:38', 74, 0.0),
(182, 'Үгүй', NULL, '2019-04-06 09:41:38', '2019-04-06 09:41:38', 17, 0.0),
(183, 'Үгүй', NULL, '2019-04-06 09:41:38', '2019-04-06 09:41:38', 46, 0.0),
(184, 'Үгүй', NULL, '2019-04-06 09:41:38', '2019-04-06 09:41:38', 75, 0.0),
(185, 'Үгүй', NULL, '2019-04-06 09:41:38', '2019-04-06 09:41:38', 18, 0.0),
(186, 'Үгүй', NULL, '2019-04-06 09:41:38', '2019-04-06 09:41:38', 47, 0.0),
(187, 'Үгүй', NULL, '2019-04-06 09:41:38', '2019-04-06 09:41:38', 76, 0.0),
(188, 'Үгүй', NULL, '2019-04-06 09:41:38', '2019-04-06 09:41:38', 19, 0.0),
(189, 'Үгүй', NULL, '2019-04-06 09:41:38', '2019-04-06 09:41:38', 48, 0.0),
(190, 'Үгүй', NULL, '2019-04-06 09:41:38', '2019-04-06 09:41:38', 77, 0.0),
(191, 'Үгүй', NULL, '2019-04-06 09:41:38', '2019-04-06 09:41:38', 20, 0.0),
(192, 'Үгүй', NULL, '2019-04-06 09:41:38', '2019-04-06 09:41:38', 49, 0.0),
(193, 'Үгүй', NULL, '2019-04-06 09:41:38', '2019-04-06 09:41:38', 78, 0.0),
(194, 'Үгүй', NULL, '2019-04-06 09:41:38', '2019-04-06 09:41:38', 21, 0.0),
(195, 'Үгүй', NULL, '2019-04-06 09:41:38', '2019-04-06 09:41:38', 50, 0.0),
(196, 'Үгүй', NULL, '2019-04-06 09:41:38', '2019-04-06 09:41:38', 79, 0.0),
(197, 'Үгүй', NULL, '2019-04-06 09:41:38', '2019-04-06 09:41:38', 22, 0.0),
(198, 'Үгүй', NULL, '2019-04-06 09:41:38', '2019-04-06 09:41:38', 51, 0.0),
(199, 'Үгүй', NULL, '2019-04-06 09:41:38', '2019-04-06 09:41:38', 80, 0.0),
(200, 'Үгүй', NULL, '2019-04-06 09:41:38', '2019-04-06 09:41:38', 23, 0.0),
(201, 'Үгүй', NULL, '2019-04-06 09:41:38', '2019-04-06 09:41:38', 52, 0.0),
(202, 'Үгүй', NULL, '2019-04-06 09:41:38', '2019-04-06 09:41:38', 81, 0.0),
(203, 'Үгүй', NULL, '2019-04-06 09:41:38', '2019-04-06 09:41:38', 24, 0.0),
(204, 'Үгүй', NULL, '2019-04-06 09:41:38', '2019-04-06 09:41:38', 53, 0.0),
(205, 'Үгүй', NULL, '2019-04-06 09:41:38', '2019-04-06 09:41:38', 82, 0.0),
(206, 'Үгүй', NULL, '2019-04-06 09:41:38', '2019-04-06 09:41:38', 25, 0.0),
(207, 'Үгүй', NULL, '2019-04-06 09:41:38', '2019-04-06 09:41:38', 54, 0.0),
(208, 'Үгүй', NULL, '2019-04-06 09:41:38', '2019-04-06 09:41:38', 83, 0.0),
(209, 'Үгүй', NULL, '2019-04-06 09:41:38', '2019-04-06 09:41:38', 26, 0.0),
(210, 'Үгүй', NULL, '2019-04-06 09:41:38', '2019-04-06 09:41:38', 55, 0.0),
(211, 'Үгүй', NULL, '2019-04-06 09:41:38', '2019-04-06 09:41:38', 84, 0.0),
(212, 'Үгүй', NULL, '2019-04-06 09:41:38', '2019-04-06 09:41:38', 27, 0.0),
(213, 'Үгүй', NULL, '2019-04-06 09:41:38', '2019-04-06 09:41:38', 56, 0.0),
(214, 'Үгүй', NULL, '2019-04-06 09:41:38', '2019-04-06 09:41:38', 85, 0.0),
(215, 'Үгүй', NULL, '2019-04-06 09:41:38', '2019-04-06 09:41:38', 28, 0.0),
(216, 'Үгүй', NULL, '2019-04-06 09:41:38', '2019-04-06 09:41:38', 57, 0.0),
(217, 'Үгүй', NULL, '2019-04-06 09:41:38', '2019-04-06 09:41:38', 86, 0.0),
(218, 'Үгүй', NULL, '2019-04-06 09:41:38', '2019-04-06 09:41:38', 29, 0.0),
(219, 'Үгүй', NULL, '2019-04-06 09:41:38', '2019-04-06 09:41:38', 58, 0.0),
(220, 'Үгүй', NULL, '2019-04-06 09:41:38', '2019-04-06 09:41:38', 87, 0.0),
(221, 'Үгүй', NULL, '2019-04-06 09:41:38', '2019-04-06 09:41:38', 88, 0.0),
(222, 'Үгүй', NULL, '2019-04-06 09:41:38', '2019-04-06 09:41:38', 104, 0.0),
(223, 'Үгүй', NULL, '2019-04-06 09:41:38', '2019-04-06 09:41:38', 113, 0.0),
(224, 'Үгүй', NULL, '2019-04-06 09:41:38', '2019-04-06 09:41:38', 89, 0.0),
(225, 'Үгүй', NULL, '2019-04-06 09:41:38', '2019-04-06 09:41:38', 105, 0.0),
(226, 'Үгүй', NULL, '2019-04-06 09:41:38', '2019-04-06 09:41:38', 114, 0.0),
(227, 'Үгүй', NULL, '2019-04-06 09:41:38', '2019-04-06 09:41:38', 90, 0.0),
(228, 'Үгүй', NULL, '2019-04-06 09:41:38', '2019-04-06 09:41:38', 106, 0.0),
(229, 'Үгүй', NULL, '2019-04-06 09:41:38', '2019-04-06 09:41:38', 115, 0.0),
(230, 'Үгүй', NULL, '2019-04-06 09:41:38', '2019-04-06 09:41:38', 91, 0.0),
(231, 'Үгүй', NULL, '2019-04-06 09:41:38', '2019-04-06 09:41:38', 107, 0.0),
(232, 'Үгүй', NULL, '2019-04-06 09:41:38', '2019-04-06 09:41:38', 116, 0.0),
(233, 'Үгүй', NULL, '2019-04-06 09:41:38', '2019-04-06 09:41:38', 92, 0.0),
(234, 'Үгүй', NULL, '2019-04-06 09:41:38', '2019-04-06 09:41:38', 108, 0.0),
(235, 'Үгүй', NULL, '2019-04-06 09:41:38', '2019-04-06 09:41:38', 117, 0.0),
(236, 'Үгүй', NULL, '2019-04-06 09:41:38', '2019-04-06 09:41:38', 93, 0.0),
(237, 'Үгүй', NULL, '2019-04-06 09:41:38', '2019-04-06 09:41:38', 109, 0.0),
(238, 'Үгүй', NULL, '2019-04-06 09:41:38', '2019-04-06 09:41:38', 118, 0.0),
(239, 'Үгүй', NULL, '2019-04-06 09:41:38', '2019-04-06 09:41:38', 94, 0.0),
(240, 'Үгүй', NULL, '2019-04-06 09:41:38', '2019-04-06 09:41:38', 110, 0.0),
(241, 'Үгүй', NULL, '2019-04-06 09:41:38', '2019-04-06 09:41:38', 119, 0.0),
(255, 'Магадгүй', NULL, '2019-04-06 09:44:12', '2019-04-06 09:44:12', 102, 0.5),
(256, 'Магадгүй', NULL, '2019-04-06 09:44:12', '2019-04-06 09:44:12', 103, 0.5),
(257, 'Магадгүй', NULL, '2019-04-06 09:44:12', '2019-04-06 09:44:12', 111, 0.5),
(258, 'Магадгүй', NULL, '2019-04-06 09:44:12', '2019-04-06 09:44:12', 112, 0.5),
(259, 'Магадгүй', NULL, '2019-04-06 09:44:12', '2019-04-06 09:44:12', 120, 0.5),
(260, 'Магадгүй', NULL, '2019-04-06 09:44:12', '2019-04-06 09:44:12', 121, 0.5),
(261, 'Магадгүй', NULL, '2019-04-06 09:44:12', '2019-04-06 09:44:12', 1, 0.5),
(262, 'Магадгүй', NULL, '2019-04-06 09:44:12', '2019-04-06 09:44:12', 30, 0.5),
(263, 'Магадгүй', NULL, '2019-04-06 09:44:12', '2019-04-06 09:44:12', 59, 0.5),
(264, 'Магадгүй', NULL, '2019-04-06 09:44:12', '2019-04-06 09:44:12', 2, 0.5),
(265, 'Магадгүй', NULL, '2019-04-06 09:44:12', '2019-04-06 09:44:12', 31, 0.5),
(266, 'Магадгүй', NULL, '2019-04-06 09:44:12', '2019-04-06 09:44:12', 60, 0.5),
(267, 'Магадгүй', NULL, '2019-04-06 09:44:12', '2019-04-06 09:44:12', 3, 0.5),
(268, 'Магадгүй', NULL, '2019-04-06 09:44:12', '2019-04-06 09:44:12', 32, 0.5),
(269, 'Магадгүй', NULL, '2019-04-06 09:44:12', '2019-04-06 09:44:12', 61, 0.5),
(270, 'Магадгүй', NULL, '2019-04-06 09:44:12', '2019-04-06 09:44:12', 4, 0.5),
(271, 'Магадгүй', NULL, '2019-04-06 09:44:12', '2019-04-06 09:44:12', 33, 0.5),
(272, 'Магадгүй', NULL, '2019-04-06 09:44:12', '2019-04-06 09:44:12', 62, 0.5),
(273, 'Магадгүй', NULL, '2019-04-06 09:44:12', '2019-04-06 09:44:12', 5, 0.5),
(274, 'Магадгүй', NULL, '2019-04-06 09:44:12', '2019-04-06 09:44:12', 34, 0.5),
(275, 'Магадгүй', NULL, '2019-04-06 09:44:12', '2019-04-06 09:44:12', 63, 0.5),
(276, 'Магадгүй', NULL, '2019-04-06 09:44:12', '2019-04-06 09:44:12', 6, 0.5),
(277, 'Магадгүй', NULL, '2019-04-06 09:44:12', '2019-04-06 09:44:12', 35, 0.5),
(278, 'Магадгүй', NULL, '2019-04-06 09:44:12', '2019-04-06 09:44:12', 64, 0.5),
(279, 'Магадгүй', NULL, '2019-04-06 09:44:12', '2019-04-06 09:44:12', 7, 0.5),
(280, 'Магадгүй', NULL, '2019-04-06 09:44:12', '2019-04-06 09:44:12', 36, 0.5),
(281, 'Магадгүй', NULL, '2019-04-06 09:44:12', '2019-04-06 09:44:12', 65, 0.5),
(282, 'Магадгүй', NULL, '2019-04-06 09:44:12', '2019-04-06 09:44:12', 8, 0.5),
(283, 'Магадгүй', NULL, '2019-04-06 09:44:12', '2019-04-06 09:44:12', 37, 0.5),
(284, 'Магадгүй', NULL, '2019-04-06 09:44:12', '2019-04-06 09:44:12', 66, 0.5),
(285, 'Магадгүй', NULL, '2019-04-06 09:44:12', '2019-04-06 09:44:12', 9, 0.5),
(286, 'Магадгүй', NULL, '2019-04-06 09:44:12', '2019-04-06 09:44:12', 38, 0.5),
(287, 'Магадгүй', NULL, '2019-04-06 09:44:12', '2019-04-06 09:44:12', 67, 0.5),
(288, 'Магадгүй', NULL, '2019-04-06 09:44:12', '2019-04-06 09:44:12', 10, 0.5),
(289, 'Магадгүй', NULL, '2019-04-06 09:44:12', '2019-04-06 09:44:12', 39, 0.5),
(290, 'Магадгүй', NULL, '2019-04-06 09:44:12', '2019-04-06 09:44:12', 68, 0.5),
(291, 'Магадгүй', NULL, '2019-04-06 09:44:12', '2019-04-06 09:44:12', 11, 0.5),
(292, 'Магадгүй', NULL, '2019-04-06 09:44:12', '2019-04-06 09:44:12', 40, 0.5),
(293, 'Магадгүй', NULL, '2019-04-06 09:44:12', '2019-04-06 09:44:12', 69, 0.5),
(294, 'Магадгүй', NULL, '2019-04-06 09:44:12', '2019-04-06 09:44:12', 12, 0.5),
(295, 'Магадгүй', NULL, '2019-04-06 09:44:12', '2019-04-06 09:44:12', 41, 0.5),
(296, 'Магадгүй', NULL, '2019-04-06 09:44:12', '2019-04-06 09:44:12', 70, 0.5),
(297, 'Магадгүй', NULL, '2019-04-06 09:44:12', '2019-04-06 09:44:12', 13, 0.5),
(298, 'Магадгүй', NULL, '2019-04-06 09:44:12', '2019-04-06 09:44:12', 42, 0.5),
(299, 'Магадгүй', NULL, '2019-04-06 09:44:12', '2019-04-06 09:44:12', 71, 0.5),
(300, 'Магадгүй', NULL, '2019-04-06 09:44:12', '2019-04-06 09:44:12', 14, 0.5),
(301, 'Магадгүй', NULL, '2019-04-06 09:44:12', '2019-04-06 09:44:12', 43, 0.5),
(302, 'Магадгүй', NULL, '2019-04-06 09:44:12', '2019-04-06 09:44:12', 72, 0.5),
(303, 'Магадгүй', NULL, '2019-04-06 09:44:12', '2019-04-06 09:44:12', 15, 0.5),
(304, 'Магадгүй', NULL, '2019-04-06 09:44:12', '2019-04-06 09:44:12', 44, 0.5),
(305, 'Магадгүй', NULL, '2019-04-06 09:44:12', '2019-04-06 09:44:12', 73, 0.5),
(306, 'Магадгүй', NULL, '2019-04-06 09:44:12', '2019-04-06 09:44:12', 16, 0.5),
(307, 'Магадгүй', NULL, '2019-04-06 09:44:12', '2019-04-06 09:44:12', 45, 0.5),
(308, 'Магадгүй', NULL, '2019-04-06 09:44:12', '2019-04-06 09:44:12', 74, 0.5),
(309, 'Магадгүй', NULL, '2019-04-06 09:44:12', '2019-04-06 09:44:12', 17, 0.5),
(310, 'Магадгүй', NULL, '2019-04-06 09:44:12', '2019-04-06 09:44:12', 46, 0.5),
(311, 'Магадгүй', NULL, '2019-04-06 09:44:12', '2019-04-06 09:44:12', 75, 0.5),
(312, 'Магадгүй', NULL, '2019-04-06 09:44:12', '2019-04-06 09:44:12', 18, 0.5),
(313, 'Магадгүй', NULL, '2019-04-06 09:44:12', '2019-04-06 09:44:12', 47, 0.5),
(314, 'Магадгүй', NULL, '2019-04-06 09:44:12', '2019-04-06 09:44:12', 76, 0.5),
(315, 'Магадгүй', NULL, '2019-04-06 09:44:12', '2019-04-06 09:44:12', 19, 0.5),
(316, 'Магадгүй', NULL, '2019-04-06 09:44:12', '2019-04-06 09:44:12', 48, 0.5),
(317, 'Магадгүй', NULL, '2019-04-06 09:44:12', '2019-04-06 09:44:12', 77, 0.5),
(318, 'Магадгүй', NULL, '2019-04-06 09:44:12', '2019-04-06 09:44:12', 20, 0.5),
(319, 'Магадгүй', NULL, '2019-04-06 09:44:12', '2019-04-06 09:44:12', 49, 0.5),
(320, 'Магадгүй', NULL, '2019-04-06 09:44:12', '2019-04-06 09:44:12', 78, 0.5),
(321, 'Магадгүй', NULL, '2019-04-06 09:44:12', '2019-04-06 09:44:12', 21, 0.5),
(322, 'Магадгүй', NULL, '2019-04-06 09:44:12', '2019-04-06 09:44:12', 50, 0.5),
(323, 'Магадгүй', NULL, '2019-04-06 09:44:12', '2019-04-06 09:44:12', 79, 0.5),
(324, 'Магадгүй', NULL, '2019-04-06 09:44:12', '2019-04-06 09:44:12', 22, 0.5),
(325, 'Магадгүй', NULL, '2019-04-06 09:44:12', '2019-04-06 09:44:12', 51, 0.5),
(326, 'Магадгүй', NULL, '2019-04-06 09:44:12', '2019-04-06 09:44:12', 80, 0.5),
(327, 'Магадгүй', NULL, '2019-04-06 09:44:12', '2019-04-06 09:44:12', 23, 0.5),
(328, 'Магадгүй', NULL, '2019-04-06 09:44:12', '2019-04-06 09:44:12', 52, 0.5),
(329, 'Магадгүй', NULL, '2019-04-06 09:44:12', '2019-04-06 09:44:12', 81, 0.5),
(330, 'Магадгүй', NULL, '2019-04-06 09:44:12', '2019-04-06 09:44:12', 24, 0.5),
(331, 'Магадгүй', NULL, '2019-04-06 09:44:12', '2019-04-06 09:44:12', 53, 0.5),
(332, 'Магадгүй', NULL, '2019-04-06 09:44:12', '2019-04-06 09:44:12', 82, 0.5),
(333, 'Магадгүй', NULL, '2019-04-06 09:44:12', '2019-04-06 09:44:12', 25, 0.5),
(334, 'Магадгүй', NULL, '2019-04-06 09:44:12', '2019-04-06 09:44:12', 54, 0.5),
(335, 'Магадгүй', NULL, '2019-04-06 09:44:12', '2019-04-06 09:44:12', 83, 0.5),
(336, 'Магадгүй', NULL, '2019-04-06 09:44:12', '2019-04-06 09:44:12', 26, 0.5),
(337, 'Магадгүй', NULL, '2019-04-06 09:44:12', '2019-04-06 09:44:12', 55, 0.5),
(338, 'Магадгүй', NULL, '2019-04-06 09:44:12', '2019-04-06 09:44:12', 84, 0.5),
(339, 'Магадгүй', NULL, '2019-04-06 09:44:12', '2019-04-06 09:44:12', 27, 0.5),
(340, 'Магадгүй', NULL, '2019-04-06 09:44:12', '2019-04-06 09:44:12', 56, 0.5),
(341, 'Магадгүй', NULL, '2019-04-06 09:44:12', '2019-04-06 09:44:12', 85, 0.5),
(342, 'Магадгүй', NULL, '2019-04-06 09:44:12', '2019-04-06 09:44:12', 28, 0.5),
(343, 'Магадгүй', NULL, '2019-04-06 09:44:12', '2019-04-06 09:44:12', 57, 0.5),
(344, 'Магадгүй', NULL, '2019-04-06 09:44:12', '2019-04-06 09:44:12', 86, 0.5),
(345, 'Магадгүй', NULL, '2019-04-06 09:44:12', '2019-04-06 09:44:12', 29, 0.5),
(346, 'Магадгүй', NULL, '2019-04-06 09:44:12', '2019-04-06 09:44:12', 58, 0.5),
(347, 'Магадгүй', NULL, '2019-04-06 09:44:12', '2019-04-06 09:44:12', 87, 0.5),
(348, 'Магадгүй', NULL, '2019-04-06 09:44:12', '2019-04-06 09:44:12', 88, 0.5),
(349, 'Магадгүй', NULL, '2019-04-06 09:44:12', '2019-04-06 09:44:12', 104, 0.5),
(350, 'Магадгүй', NULL, '2019-04-06 09:44:12', '2019-04-06 09:44:12', 113, 0.5),
(351, 'Магадгүй', NULL, '2019-04-06 09:44:12', '2019-04-06 09:44:12', 89, 0.5),
(352, 'Магадгүй', NULL, '2019-04-06 09:44:12', '2019-04-06 09:44:12', 105, 0.5),
(353, 'Магадгүй', NULL, '2019-04-06 09:44:12', '2019-04-06 09:44:12', 114, 0.5),
(354, 'Магадгүй', NULL, '2019-04-06 09:44:12', '2019-04-06 09:44:12', 90, 0.5),
(355, 'Магадгүй', NULL, '2019-04-06 09:44:12', '2019-04-06 09:44:12', 106, 0.5),
(356, 'Магадгүй', NULL, '2019-04-06 09:44:12', '2019-04-06 09:44:12', 115, 0.5),
(357, 'Магадгүй', NULL, '2019-04-06 09:44:12', '2019-04-06 09:44:12', 91, 0.5),
(358, 'Магадгүй', NULL, '2019-04-06 09:44:12', '2019-04-06 09:44:12', 107, 0.5),
(359, 'Магадгүй', NULL, '2019-04-06 09:44:12', '2019-04-06 09:44:12', 116, 0.5),
(360, 'Магадгүй', NULL, '2019-04-06 09:44:12', '2019-04-06 09:44:12', 92, 0.5),
(361, 'Магадгүй', NULL, '2019-04-06 09:44:12', '2019-04-06 09:44:12', 108, 0.5),
(362, 'Магадгүй', NULL, '2019-04-06 09:44:12', '2019-04-06 09:44:12', 117, 0.5),
(363, 'Магадгүй', NULL, '2019-04-06 09:44:12', '2019-04-06 09:44:12', 93, 0.5),
(364, 'Магадгүй', NULL, '2019-04-06 09:44:12', '2019-04-06 09:44:12', 109, 0.5),
(365, 'Магадгүй', NULL, '2019-04-06 09:44:12', '2019-04-06 09:44:12', 118, 0.5),
(366, 'Магадгүй', NULL, '2019-04-06 09:44:12', '2019-04-06 09:44:12', 94, 0.5),
(367, 'Магадгүй', NULL, '2019-04-06 09:44:12', '2019-04-06 09:44:12', 110, 0.5),
(368, 'Магадгүй', NULL, '2019-04-06 09:44:12', '2019-04-06 09:44:12', 119, 0.5);

-- 
-- Dumping data for table trainingandlessons
--
-- Table osgamma_real.trainingandlessons does not contain any data (it is empty)

-- 
-- Dumping data for table teachersandlessons
--
-- Table osgamma_real.teachersandlessons does not contain any data (it is empty)

-- 
-- Dumping data for table schedules
--
-- Table osgamma_real.schedules does not contain any data (it is empty)

-- 
-- Dumping data for table programsandlessons
--
-- Table osgamma_real.programsandlessons does not contain any data (it is empty)

-- 
-- Dumping data for table products
--
INSERT INTO products VALUES
(1, 'sadasdasdas', '2019-04-05 00:00:00', '2019-04-05 00:00:00', 1),
(2, 'asdasdasddasdads', '2019-04-05 00:00:00', '2019-04-05 00:00:00', 1),
(3, 'sdd', '2019-04-05 00:00:00', '2019-04-05 00:00:00', 2);

-- 
-- Dumping data for table payments
--
-- Table osgamma_real.payments does not contain any data (it is empty)

-- 
-- Dumping data for table m_mobilityanswerlists
--
INSERT INTO m_mobilityanswerlists VALUES
(1, 'Cornelius Hissong', 'Mon Apr 08 2019', '2019-04-08 17:45:48', '2019-04-08 17:45:48', 1, 3),
(2, 'Cornelius Hissong', 'Mon Apr 08 2019', '2019-04-08 17:45:48', '2019-04-08 17:45:48', 2, 6),
(3, 'Cornelius Hissong', 'Mon Apr 08 2019', '2019-04-08 17:45:48', '2019-04-08 17:45:48', 3, 14),
(4, 'Cornelius Hissong', 'Mon Apr 08 2019', '2019-04-08 17:45:49', '2019-04-08 17:45:49', 4, 20),
(5, 'Cornelius Hissong', 'Mon Apr 08 2019', '2019-04-08 17:45:49', '2019-04-08 17:45:49', 5, 21),
(6, 'Cornelius Hissong', 'Mon Apr 08 2019', '2019-04-08 17:45:49', '2019-04-08 17:45:49', 6, 28),
(7, 'Cornelius Hissong', 'Mon Apr 08 2019', '2019-04-08 17:45:49', '2019-04-08 17:45:49', 7, 34),
(8, 'Cornelius Hissong', 'Mon Apr 08 2019', '2019-04-08 17:45:49', '2019-04-08 17:45:49', 8, 39),
(9, 'Cornelius Hissong', 'Mon Apr 08 2019', '2019-04-08 17:45:49', '2019-04-08 17:45:49', 9, 43),
(10, 'Cornelius Hissong', 'Mon Apr 08 2019', '2019-04-08 17:45:49', '2019-04-08 17:45:49', 10, 47),
(11, 'Bill Steiber', 'Mon Apr 08 2019', '2019-04-08 17:49:23', '2019-04-08 17:49:23', 1, 2),
(12, 'Bill Steiber', 'Mon Apr 08 2019', '2019-04-08 17:49:23', '2019-04-08 17:49:23', 2, 7),
(13, 'Bill Steiber', 'Mon Apr 08 2019', '2019-04-08 17:49:23', '2019-04-08 17:49:23', 3, 12),
(14, 'Bill Steiber', 'Mon Apr 08 2019', '2019-04-08 17:49:23', '2019-04-08 17:49:23', 4, 17),
(15, 'Bill Steiber', 'Mon Apr 08 2019', '2019-04-08 17:49:23', '2019-04-08 17:49:23', 5, 21),
(16, 'Bill Steiber', 'Mon Apr 08 2019', '2019-04-08 17:49:23', '2019-04-08 17:49:23', 6, 28),
(17, 'Bill Steiber', 'Mon Apr 08 2019', '2019-04-08 17:49:23', '2019-04-08 17:49:23', 7, 34),
(18, 'Bill Steiber', 'Mon Apr 08 2019', '2019-04-08 17:49:23', '2019-04-08 17:49:23', 8, 39),
(19, 'Bill Steiber', 'Mon Apr 08 2019', '2019-04-08 17:49:23', '2019-04-08 17:49:23', 9, 41),
(20, 'Bill Steiber', 'Mon Apr 08 2019', '2019-04-08 17:49:23', '2019-04-08 17:49:23', 10, 48);

-- 
-- Dumping data for table m_fattypeanswerlists
--
INSERT INTO m_fattypeanswerlists VALUES
(1, 'Lolita Neish', 'Mon Apr 08 2019', '2019-04-08 17:43:55', '2019-04-08 17:43:55', 1, 1),
(2, 'Lolita Neish', 'Mon Apr 08 2019', '2019-04-08 17:43:55', '2019-04-08 17:43:55', 58, 2),
(3, 'Lolita Neish', 'Mon Apr 08 2019', '2019-04-08 17:43:55', '2019-04-08 17:43:55', 4, 3),
(4, 'Lolita Neish', 'Mon Apr 08 2019', '2019-04-08 17:43:55', '2019-04-08 17:43:55', 6, 4),
(5, 'Lolita Neish', 'Mon Apr 08 2019', '2019-04-08 17:43:55', '2019-04-08 17:43:55', 8, 5),
(6, 'Lolita Neish', 'Mon Apr 08 2019', '2019-04-08 17:43:55', '2019-04-08 17:43:55', 9, 6),
(7, 'Lolita Neish', 'Mon Apr 08 2019', '2019-04-08 17:43:55', '2019-04-08 17:43:55', 11, 7),
(8, 'Lolita Neish', 'Mon Apr 08 2019', '2019-04-08 17:43:55', '2019-04-08 17:43:55', 14, 8),
(9, 'Lolita Neish', 'Mon Apr 08 2019', '2019-04-08 17:43:55', '2019-04-08 17:43:55', 15, 9),
(10, 'Lolita Neish', 'Mon Apr 08 2019', '2019-04-08 17:43:55', '2019-04-08 17:43:55', 18, 10),
(11, 'Lolita Neish', 'Mon Apr 08 2019', '2019-04-08 17:43:55', '2019-04-08 17:43:55', 19, 11),
(12, 'Lolita Neish', 'Mon Apr 08 2019', '2019-04-08 17:43:55', '2019-04-08 17:43:55', 22, 12),
(13, 'Lolita Neish', 'Mon Apr 08 2019', '2019-04-08 17:43:55', '2019-04-08 17:43:55', 24, 13),
(14, 'Lolita Neish', 'Mon Apr 08 2019', '2019-04-08 17:43:55', '2019-04-08 17:43:55', 25, 14),
(15, 'Lolita Neish', 'Mon Apr 08 2019', '2019-04-08 17:43:55', '2019-04-08 17:43:55', 26, 15),
(16, 'Lolita Neish', 'Mon Apr 08 2019', '2019-04-08 17:43:55', '2019-04-08 17:43:55', 42, 16),
(17, 'Lolita Neish', 'Mon Apr 08 2019', '2019-04-08 17:43:55', '2019-04-08 17:43:55', 43, 17),
(18, 'Lolita Neish', 'Mon Apr 08 2019', '2019-04-08 17:43:55', '2019-04-08 17:43:55', 29, 18),
(19, 'Lolita Neish', 'Mon Apr 08 2019', '2019-04-08 17:43:55', '2019-04-08 17:43:55', 45, 19),
(20, 'Lolita Neish', 'Mon Apr 08 2019', '2019-04-08 17:43:55', '2019-04-08 17:43:55', 46, 20),
(21, 'Lolita Neish', 'Mon Apr 08 2019', '2019-04-08 17:43:55', '2019-04-08 17:43:55', 32, 21),
(22, 'Lolita Neish', 'Mon Apr 08 2019', '2019-04-08 17:43:55', '2019-04-08 17:43:55', 33, 22),
(23, 'Lolita Neish', 'Mon Apr 08 2019', '2019-04-08 17:43:55', '2019-04-08 17:43:55', 34, 23),
(24, 'Lolita Neish', 'Mon Apr 08 2019', '2019-04-08 17:43:56', '2019-04-08 17:43:56', 35, 24),
(25, 'Lolita Neish', 'Mon Apr 08 2019', '2019-04-08 17:43:56', '2019-04-08 17:43:56', 36, 25),
(26, 'Aleida Vanwagenen', 'Mon Apr 08 2019', '2019-04-08 17:48:06', '2019-04-08 17:48:06', 56, 1),
(27, 'Aleida Vanwagenen', 'Mon Apr 08 2019', '2019-04-08 17:48:06', '2019-04-08 17:48:06', 2, 2),
(28, 'Aleida Vanwagenen', 'Mon Apr 08 2019', '2019-04-08 17:48:06', '2019-04-08 17:48:06', 4, 3),
(29, 'Aleida Vanwagenen', 'Mon Apr 08 2019', '2019-04-08 17:48:06', '2019-04-08 17:48:06', 5, 4),
(30, 'Aleida Vanwagenen', 'Mon Apr 08 2019', '2019-04-08 17:48:06', '2019-04-08 17:48:06', 8, 5),
(31, 'Aleida Vanwagenen', 'Mon Apr 08 2019', '2019-04-08 17:48:06', '2019-04-08 17:48:06', 10, 6),
(32, 'Aleida Vanwagenen', 'Mon Apr 08 2019', '2019-04-08 17:48:06', '2019-04-08 17:48:06', 11, 7),
(33, 'Aleida Vanwagenen', 'Mon Apr 08 2019', '2019-04-08 17:48:06', '2019-04-08 17:48:06', 14, 8),
(34, 'Aleida Vanwagenen', 'Mon Apr 08 2019', '2019-04-08 17:48:06', '2019-04-08 17:48:06', 15, 9),
(35, 'Aleida Vanwagenen', 'Mon Apr 08 2019', '2019-04-08 17:48:06', '2019-04-08 17:48:06', 17, 10),
(36, 'Aleida Vanwagenen', 'Mon Apr 08 2019', '2019-04-08 17:48:06', '2019-04-08 17:48:06', 19, 11),
(37, 'Aleida Vanwagenen', 'Mon Apr 08 2019', '2019-04-08 17:48:06', '2019-04-08 17:48:06', 21, 12),
(38, 'Aleida Vanwagenen', 'Mon Apr 08 2019', '2019-04-08 17:48:06', '2019-04-08 17:48:06', 23, 13),
(39, 'Aleida Vanwagenen', 'Mon Apr 08 2019', '2019-04-08 17:48:06', '2019-04-08 17:48:06', 25, 14),
(40, 'Aleida Vanwagenen', 'Mon Apr 08 2019', '2019-04-08 17:48:06', '2019-04-08 17:48:06', 26, 15),
(41, 'Aleida Vanwagenen', 'Mon Apr 08 2019', '2019-04-08 17:48:06', '2019-04-08 17:48:06', 42, 16),
(42, 'Aleida Vanwagenen', 'Mon Apr 08 2019', '2019-04-08 17:48:06', '2019-04-08 17:48:06', 28, 17),
(43, 'Aleida Vanwagenen', 'Mon Apr 08 2019', '2019-04-08 17:48:06', '2019-04-08 17:48:06', 29, 18),
(44, 'Aleida Vanwagenen', 'Mon Apr 08 2019', '2019-04-08 17:48:06', '2019-04-08 17:48:06', 45, 19),
(45, 'Aleida Vanwagenen', 'Mon Apr 08 2019', '2019-04-08 17:48:06', '2019-04-08 17:48:06', 46, 20),
(46, 'Aleida Vanwagenen', 'Mon Apr 08 2019', '2019-04-08 17:48:06', '2019-04-08 17:48:06', 32, 21),
(47, 'Aleida Vanwagenen', 'Mon Apr 08 2019', '2019-04-08 17:48:06', '2019-04-08 17:48:06', 33, 22),
(48, 'Aleida Vanwagenen', 'Mon Apr 08 2019', '2019-04-08 17:48:06', '2019-04-08 17:48:06', 34, 23),
(49, 'Aleida Vanwagenen', 'Mon Apr 08 2019', '2019-04-08 17:48:06', '2019-04-08 17:48:06', 50, 24),
(50, 'Aleida Vanwagenen', 'Mon Apr 08 2019', '2019-04-08 17:48:06', '2019-04-08 17:48:06', 36, 25),
(51, 'Kenyetta Grava', 'Tue Apr 09 2019', '2019-04-09 11:15:00', '2019-04-09 11:15:00', 55, 1),
(52, 'Kenyetta Grava', 'Tue Apr 09 2019', '2019-04-09 11:15:00', '2019-04-09 11:15:00', 58, 2),
(53, 'Kenyetta Grava', 'Tue Apr 09 2019', '2019-04-09 11:15:00', '2019-04-09 11:15:00', 3, 3),
(54, 'Kenyetta Grava', 'Tue Apr 09 2019', '2019-04-09 11:15:00', '2019-04-09 11:15:00', 6, 4),
(55, 'Kenyetta Grava', 'Tue Apr 09 2019', '2019-04-09 11:15:00', '2019-04-09 11:15:00', 7, 5),
(56, 'Kenyetta Grava', 'Tue Apr 09 2019', '2019-04-09 11:15:00', '2019-04-09 11:15:00', 10, 6),
(57, 'Kenyetta Grava', 'Tue Apr 09 2019', '2019-04-09 11:15:00', '2019-04-09 11:15:00', 11, 7),
(58, 'Kenyetta Grava', 'Tue Apr 09 2019', '2019-04-09 11:15:00', '2019-04-09 11:15:00', 13, 8),
(59, 'Kenyetta Grava', 'Tue Apr 09 2019', '2019-04-09 11:15:00', '2019-04-09 11:15:00', 15, 9),
(60, 'Kenyetta Grava', 'Tue Apr 09 2019', '2019-04-09 11:15:00', '2019-04-09 11:15:00', 17, 10),
(61, 'Kenyetta Grava', 'Tue Apr 09 2019', '2019-04-09 11:15:00', '2019-04-09 11:15:00', 19, 11),
(62, 'Kenyetta Grava', 'Tue Apr 09 2019', '2019-04-09 11:15:00', '2019-04-09 11:15:00', 21, 12),
(63, 'Kenyetta Grava', 'Tue Apr 09 2019', '2019-04-09 11:15:00', '2019-04-09 11:15:00', 24, 13),
(64, 'Kenyetta Grava', 'Tue Apr 09 2019', '2019-04-09 11:15:00', '2019-04-09 11:15:00', 25, 14),
(65, 'Kenyetta Grava', 'Tue Apr 09 2019', '2019-04-09 11:15:00', '2019-04-09 11:15:00', 41, 15),
(66, 'Kenyetta Grava', 'Tue Apr 09 2019', '2019-04-09 11:15:00', '2019-04-09 11:15:00', 27, 16),
(67, 'Kenyetta Grava', 'Tue Apr 09 2019', '2019-04-09 11:15:00', '2019-04-09 11:15:00', 28, 17),
(68, 'Kenyetta Grava', 'Tue Apr 09 2019', '2019-04-09 11:15:00', '2019-04-09 11:15:00', 44, 18),
(69, 'Kenyetta Grava', 'Tue Apr 09 2019', '2019-04-09 11:15:00', '2019-04-09 11:15:00', 45, 19),
(70, 'Kenyetta Grava', 'Tue Apr 09 2019', '2019-04-09 11:15:00', '2019-04-09 11:15:00', 46, 20),
(71, 'Kenyetta Grava', 'Tue Apr 09 2019', '2019-04-09 11:15:00', '2019-04-09 11:15:00', 47, 21),
(72, 'Kenyetta Grava', 'Tue Apr 09 2019', '2019-04-09 11:15:00', '2019-04-09 11:15:00', 33, 22),
(73, 'Kenyetta Grava', 'Tue Apr 09 2019', '2019-04-09 11:15:00', '2019-04-09 11:15:00', 49, 23),
(74, 'Kenyetta Grava', 'Tue Apr 09 2019', '2019-04-09 11:15:00', '2019-04-09 11:15:00', 35, 24),
(75, 'Kenyetta Grava', 'Tue Apr 09 2019', '2019-04-09 11:15:00', '2019-04-09 11:15:00', 51, 25);

-- 
-- Dumping data for table m_fatquiestionanswerconfigs
--
INSERT INTO m_fatquiestionanswerconfigs VALUES
(1, 5.00, '2019-04-05 17:31:48', '2019-04-05 17:31:48', 1, 1, 1),
(2, 5.00, '2019-04-05 17:31:59', '2019-04-05 17:31:59', 2, 1, 55),
(3, 5.00, '2019-04-05 17:32:05', '2019-04-05 17:32:05', 3, 1, 56),
(4, 5.00, '2019-04-05 17:32:12', '2019-04-05 17:32:12', 4, 1, 57),
(5, 3.00, '2019-04-05 17:33:33', '2019-04-05 17:33:33', 1, 2, 2),
(6, 3.00, '2019-04-05 17:33:41', '2019-04-05 17:33:41', 2, 2, 58),
(7, 3.00, '2019-04-05 17:33:45', '2019-04-05 17:33:45', 3, 2, 59),
(8, 3.00, '2019-04-05 17:33:50', '2019-04-05 17:33:50', 4, 2, 60),
(9, 1.00, '2019-04-05 17:35:16', '2019-04-05 17:35:16', 1, 3, 3),
(10, 0.00, '2019-04-05 17:35:16', '2019-04-05 17:35:16', 1, 3, 4),
(12, 1.00, '2019-04-05 17:35:20', '2019-04-05 17:35:20', 2, 3, 3),
(13, 0.00, '2019-04-05 17:35:20', '2019-04-05 17:35:20', 2, 3, 4),
(15, 1.00, '2019-04-05 17:35:44', '2019-04-05 17:35:44', 1, 4, 5),
(16, 0.00, '2019-04-05 17:35:44', '2019-04-05 17:35:44', 1, 4, 6),
(18, 1.00, '2019-04-05 17:35:50', '2019-04-05 17:35:50', 2, 4, 5),
(19, 0.00, '2019-04-05 17:35:50', '2019-04-05 17:35:50', 2, 4, 6),
(21, 1.00, '2019-04-05 17:35:57', '2019-04-05 17:35:57', 2, 5, 7),
(22, 0.00, '2019-04-05 17:35:57', '2019-04-05 17:35:57', 2, 5, 8),
(24, 1.00, '2019-04-05 17:36:01', '2019-04-05 17:36:01', 1, 5, 7),
(25, 0.00, '2019-04-05 17:36:01', '2019-04-05 17:36:01', 1, 5, 8),
(27, 1.00, '2019-04-05 17:36:08', '2019-04-05 17:36:08', 1, 6, 9),
(28, 0.00, '2019-04-05 17:36:08', '2019-04-05 17:36:08', 1, 6, 10),
(30, 1.00, '2019-04-05 17:36:11', '2019-04-05 17:36:11', 1, 7, 11),
(31, 0.00, '2019-04-05 17:36:11', '2019-04-05 17:36:11', 1, 7, 12),
(33, 1.00, '2019-04-05 17:36:29', '2019-04-05 17:36:29', 1, 8, 13),
(34, 0.00, '2019-04-05 17:36:29', '2019-04-05 17:36:29', 1, 8, 14),
(36, 1.00, '2019-04-05 17:36:37', '2019-04-05 17:36:37', 1, 9, 15),
(37, 0.00, '2019-04-05 17:36:37', '2019-04-05 17:36:37', 1, 9, 16),
(39, 1.00, '2019-04-05 17:36:41', '2019-04-05 17:36:41', 1, 10, 17),
(40, 0.00, '2019-04-05 17:36:41', '2019-04-05 17:36:41', 1, 10, 18),
(42, 0.00, '2019-04-05 17:36:51', '2019-04-05 17:36:51', 1, 11, 19),
(43, 1.00, '2019-04-05 17:36:51', '2019-04-05 17:36:51', 1, 11, 20),
(45, 1.00, '2019-04-05 17:36:56', '2019-04-05 17:36:56', 1, 12, 21),
(46, 0.00, '2019-04-05 17:36:56', '2019-04-05 17:36:56', 1, 12, 22),
(48, 1.00, '2019-04-05 17:37:00', '2019-04-05 17:37:00', 1, 13, 23),
(49, 0.00, '2019-04-05 17:37:00', '2019-04-05 17:37:00', 1, 13, 24),
(51, 1.00, '2019-04-05 17:37:09', '2019-04-05 17:37:09', 3, 13, 23),
(52, 0.00, '2019-04-05 17:37:09', '2019-04-05 17:37:09', 3, 13, 24),
(54, 1.00, '2019-04-05 17:38:16', '2019-04-05 17:38:16', 2, 14, 25),
(55, 0.00, '2019-04-05 17:38:16', '2019-04-05 17:38:16', 2, 14, 40),
(57, 1.00, '2019-04-05 17:38:23', '2019-04-05 17:38:23', 2, 15, 26),
(58, 0.00, '2019-04-05 17:38:23', '2019-04-05 17:38:23', 2, 15, 41),
(60, 1.00, '2019-04-05 17:38:27', '2019-04-05 17:38:27', 2, 16, 27),
(61, 0.00, '2019-04-05 17:38:27', '2019-04-05 17:38:27', 2, 16, 42),
(63, 1.00, '2019-04-05 17:40:22', '2019-04-05 17:40:22', 2, 17, 28),
(64, 0.00, '2019-04-05 17:40:22', '2019-04-05 17:40:22', 2, 17, 43),
(66, 1.00, '2019-04-05 17:40:26', '2019-04-05 17:40:26', 2, 18, 29),
(67, 0.00, '2019-04-05 17:40:26', '2019-04-05 17:40:26', 2, 18, 44),
(69, 1.00, '2019-04-05 17:40:33', '2019-04-05 17:40:33', 3, 19, 30),
(70, 0.00, '2019-04-05 17:40:33', '2019-04-05 17:40:33', 3, 19, 45),
(72, 1.00, '2019-04-05 17:43:10', '2019-04-05 17:43:10', 3, 20, 31),
(73, 0.00, '2019-04-05 17:43:10', '2019-04-05 17:43:10', 3, 20, 46),
(74, 0.00, '2019-04-05 17:43:10', '2019-04-05 17:43:10', 3, 21, 32),
(75, 1.00, '2019-04-05 17:43:10', '2019-04-05 17:43:10', 3, 21, 47),
(76, 1.00, '2019-04-05 17:43:10', '2019-04-05 17:43:10', 3, 22, 33),
(77, 0.00, '2019-04-05 17:43:10', '2019-04-05 17:43:10', 3, 22, 48),
(79, 1.00, '2019-04-05 17:45:39', '2019-04-05 17:45:39', 4, 23, 34),
(80, 0.00, '2019-04-05 17:45:39', '2019-04-05 17:45:39', 4, 23, 49),
(81, 0.00, '2019-04-05 17:45:39', '2019-04-05 17:45:39', 4, 24, 35),
(82, 1.00, '2019-04-05 17:45:39', '2019-04-05 17:45:39', 4, 24, 50),
(83, 1.00, '2019-04-05 17:45:39', '2019-04-05 17:45:39', 4, 25, 36),
(84, 0.00, '2019-04-05 17:45:39', '2019-04-05 17:45:39', 4, 25, 51);

-- 
-- Dumping data for table m_doshauserhists
--
INSERT INTO m_doshauserhists VALUES
(1, 'Mariano Sainato', 24.50, 'Mon Apr 08 2019', '2019-04-08 17:41:55', '2019-04-08 17:41:55', 2),
(2, 'Mariano Sainato', 26.50, 'Mon Apr 08 2019', '2019-04-08 17:41:55', '2019-04-08 17:41:55', 1),
(3, 'Mariano Sainato', 19.00, 'Mon Apr 08 2019', '2019-04-08 17:41:55', '2019-04-08 17:41:55', 3),
(4, 'Kenneth Hackford', 10.50, 'Mon Apr 08 2019', '2019-04-08 17:47:07', '2019-04-08 17:47:07', 2),
(5, 'Kenneth Hackford', 9.00, 'Mon Apr 08 2019', '2019-04-08 17:47:07', '2019-04-08 17:47:07', 3),
(6, 'Kenneth Hackford', 21.50, 'Mon Apr 08 2019', '2019-04-08 17:47:07', '2019-04-08 17:47:07', 1),
(7, 'Darrick Selk', 13.00, 'Mon Apr 08 2019', '2019-04-08 18:13:18', '2019-04-08 18:13:18', 2),
(8, 'Darrick Selk', 19.00, 'Mon Apr 08 2019', '2019-04-08 18:13:18', '2019-04-08 18:13:18', 1),
(9, 'Darrick Selk', 20.00, 'Mon Apr 08 2019', '2019-04-08 18:13:18', '2019-04-08 18:13:18', 3),
(10, 'Jefferey Newcomb', 1.00, 'Tue Apr 09 2019', '2019-04-09 11:21:09', '2019-04-09 11:21:09', 2),
(11, 'Jefferey Newcomb', 8.00, 'Tue Apr 09 2019', '2019-04-09 11:21:09', '2019-04-09 11:21:09', 1),
(12, 'Jefferey Newcomb', 24.00, 'Tue Apr 09 2019', '2019-04-09 11:21:09', '2019-04-09 11:21:09', 3),
(13, 'Theron Prokes', 24.00, 'Tue Apr 09 2019', '2019-04-09 11:21:14', '2019-04-09 11:21:14', 2),
(14, 'Theron Prokes', 20.00, 'Tue Apr 09 2019', '2019-04-09 11:21:14', '2019-04-09 11:21:14', 1),
(15, 'Theron Prokes', 21.00, 'Tue Apr 09 2019', '2019-04-09 11:21:14', '2019-04-09 11:21:14', 3);

-- 
-- Dumping data for table m_doshatypeandquestions
--
INSERT INTO m_doshatypeandquestions VALUES
(1, '2019-04-06 13:38:04', '2019-04-06 13:38:04', 1, 1),
(2, '2019-04-06 13:38:04', '2019-04-06 13:38:04', 1, 2),
(3, '2019-04-06 13:38:04', '2019-04-06 13:38:04', 1, 3),
(4, '2019-04-06 13:38:04', '2019-04-06 13:38:04', 1, 4),
(5, '2019-04-06 13:38:04', '2019-04-06 13:38:04', 1, 5),
(6, '2019-04-06 13:38:04', '2019-04-06 13:38:04', 1, 6),
(7, '2019-04-06 13:38:04', '2019-04-06 13:38:04', 1, 7),
(8, '2019-04-06 13:38:04', '2019-04-06 13:38:04', 1, 8),
(9, '2019-04-06 13:38:04', '2019-04-06 13:38:04', 1, 9),
(10, '2019-04-06 13:38:04', '2019-04-06 13:38:04', 1, 10),
(11, '2019-04-06 13:38:04', '2019-04-06 13:38:04', 1, 11),
(12, '2019-04-06 13:38:04', '2019-04-06 13:38:04', 1, 12),
(13, '2019-04-06 13:38:04', '2019-04-06 13:38:04', 1, 13),
(14, '2019-04-06 13:38:04', '2019-04-06 13:38:04', 1, 14),
(15, '2019-04-06 13:38:04', '2019-04-06 13:38:04', 1, 15),
(16, '2019-04-06 13:38:04', '2019-04-06 13:38:04', 1, 16),
(17, '2019-04-06 13:38:04', '2019-04-06 13:38:04', 1, 17),
(18, '2019-04-06 13:38:04', '2019-04-06 13:38:04', 1, 18),
(19, '2019-04-06 13:38:04', '2019-04-06 13:38:04', 1, 19),
(20, '2019-04-06 13:38:04', '2019-04-06 13:38:04', 1, 20),
(21, '2019-04-06 13:38:04', '2019-04-06 13:38:04', 1, 21),
(22, '2019-04-06 13:38:04', '2019-04-06 13:38:04', 1, 22),
(23, '2019-04-06 13:38:04', '2019-04-06 13:38:04', 1, 23),
(24, '2019-04-06 13:38:04', '2019-04-06 13:38:04', 1, 24),
(25, '2019-04-06 13:38:04', '2019-04-06 13:38:04', 1, 25),
(26, '2019-04-06 13:38:04', '2019-04-06 13:38:04', 1, 26),
(27, '2019-04-06 13:38:04', '2019-04-06 13:38:04', 1, 27),
(28, '2019-04-06 13:38:04', '2019-04-06 13:38:04', 1, 28),
(29, '2019-04-06 13:38:04', '2019-04-06 13:38:04', 1, 29),
(30, '2019-04-06 13:38:04', '2019-04-06 13:38:04', 2, 30),
(31, '2019-04-06 13:38:04', '2019-04-06 13:38:04', 2, 31),
(32, '2019-04-06 13:38:04', '2019-04-06 13:38:04', 2, 32),
(33, '2019-04-06 13:38:04', '2019-04-06 13:38:04', 2, 33),
(34, '2019-04-06 13:38:04', '2019-04-06 13:38:04', 2, 34),
(35, '2019-04-06 13:38:04', '2019-04-06 13:38:04', 2, 35),
(36, '2019-04-06 13:38:04', '2019-04-06 13:38:04', 2, 36),
(37, '2019-04-06 13:38:04', '2019-04-06 13:38:04', 2, 37),
(38, '2019-04-06 13:38:04', '2019-04-06 13:38:04', 2, 38),
(39, '2019-04-06 13:38:04', '2019-04-06 13:38:04', 2, 39),
(40, '2019-04-06 13:38:04', '2019-04-06 13:38:04', 2, 40),
(41, '2019-04-06 13:38:04', '2019-04-06 13:38:04', 2, 41),
(42, '2019-04-06 13:38:04', '2019-04-06 13:38:04', 2, 42),
(43, '2019-04-06 13:38:04', '2019-04-06 13:38:04', 2, 43),
(44, '2019-04-06 13:38:04', '2019-04-06 13:38:04', 2, 44),
(45, '2019-04-06 13:38:04', '2019-04-06 13:38:04', 2, 45),
(46, '2019-04-06 13:38:04', '2019-04-06 13:38:04', 2, 46),
(47, '2019-04-06 13:38:04', '2019-04-06 13:38:04', 2, 47),
(48, '2019-04-06 13:38:04', '2019-04-06 13:38:04', 2, 48),
(49, '2019-04-06 13:38:04', '2019-04-06 13:38:04', 2, 49),
(50, '2019-04-06 13:38:04', '2019-04-06 13:38:04', 2, 50),
(51, '2019-04-06 13:38:04', '2019-04-06 13:38:04', 2, 51),
(52, '2019-04-06 13:38:04', '2019-04-06 13:38:04', 2, 52),
(53, '2019-04-06 13:38:04', '2019-04-06 13:38:04', 2, 53),
(54, '2019-04-06 13:38:04', '2019-04-06 13:38:04', 2, 54),
(55, '2019-04-06 13:38:04', '2019-04-06 13:38:04', 2, 55),
(56, '2019-04-06 13:38:04', '2019-04-06 13:38:04', 2, 56),
(57, '2019-04-06 13:38:04', '2019-04-06 13:38:04', 2, 57),
(58, '2019-04-06 13:38:04', '2019-04-06 13:38:04', 2, 58),
(59, '2019-04-06 13:38:04', '2019-04-06 13:38:04', 3, 59),
(60, '2019-04-06 13:38:04', '2019-04-06 13:38:04', 3, 60),
(61, '2019-04-06 13:38:04', '2019-04-06 13:38:04', 3, 61),
(62, '2019-04-06 13:38:04', '2019-04-06 13:38:04', 3, 62),
(63, '2019-04-06 13:38:04', '2019-04-06 13:38:04', 3, 63),
(64, '2019-04-06 13:38:04', '2019-04-06 13:38:04', 3, 64),
(65, '2019-04-06 13:38:04', '2019-04-06 13:38:04', 3, 65),
(66, '2019-04-06 13:38:04', '2019-04-06 13:38:04', 3, 66),
(67, '2019-04-06 13:38:04', '2019-04-06 13:38:04', 3, 67),
(68, '2019-04-06 13:38:04', '2019-04-06 13:38:04', 3, 68),
(69, '2019-04-06 13:38:04', '2019-04-06 13:38:04', 3, 69),
(70, '2019-04-06 13:38:04', '2019-04-06 13:38:04', 3, 70),
(71, '2019-04-06 13:38:04', '2019-04-06 13:38:04', 3, 71),
(72, '2019-04-06 13:38:04', '2019-04-06 13:38:04', 3, 72),
(73, '2019-04-06 13:38:04', '2019-04-06 13:38:04', 3, 73),
(74, '2019-04-06 13:38:04', '2019-04-06 13:38:04', 3, 74),
(75, '2019-04-06 13:38:04', '2019-04-06 13:38:04', 3, 75),
(76, '2019-04-06 13:38:04', '2019-04-06 13:38:04', 3, 76),
(77, '2019-04-06 13:38:04', '2019-04-06 13:38:04', 3, 77),
(78, '2019-04-06 13:38:04', '2019-04-06 13:38:04', 3, 78),
(79, '2019-04-06 13:38:04', '2019-04-06 13:38:04', 3, 79),
(80, '2019-04-06 13:38:04', '2019-04-06 13:38:04', 3, 80),
(81, '2019-04-06 13:38:04', '2019-04-06 13:38:04', 3, 81),
(82, '2019-04-06 13:38:04', '2019-04-06 13:38:04', 3, 82),
(83, '2019-04-06 13:38:04', '2019-04-06 13:38:04', 3, 83),
(84, '2019-04-06 13:38:04', '2019-04-06 13:38:04', 3, 84),
(85, '2019-04-06 13:38:04', '2019-04-06 13:38:04', 3, 85),
(86, '2019-04-06 13:38:04', '2019-04-06 13:38:04', 3, 86),
(87, '2019-04-06 13:38:04', '2019-04-06 13:38:04', 3, 87),
(128, '2019-04-06 13:39:21', '2019-04-06 13:39:21', 1, 88),
(129, '2019-04-06 13:39:21', '2019-04-06 13:39:21', 1, 89),
(130, '2019-04-06 13:39:21', '2019-04-06 13:39:21', 1, 90),
(131, '2019-04-06 13:39:21', '2019-04-06 13:39:21', 1, 91),
(132, '2019-04-06 13:39:21', '2019-04-06 13:39:21', 1, 92),
(133, '2019-04-06 13:39:21', '2019-04-06 13:39:21', 1, 93),
(134, '2019-04-06 13:39:21', '2019-04-06 13:39:21', 1, 94),
(135, '2019-04-06 13:39:21', '2019-04-06 13:39:21', 1, 102),
(136, '2019-04-06 13:39:21', '2019-04-06 13:39:21', 1, 103),
(137, '2019-04-06 13:39:21', '2019-04-06 13:39:21', 2, 104),
(138, '2019-04-06 13:39:21', '2019-04-06 13:39:21', 2, 105),
(139, '2019-04-06 13:39:21', '2019-04-06 13:39:21', 2, 106),
(140, '2019-04-06 13:39:21', '2019-04-06 13:39:21', 2, 107),
(141, '2019-04-06 13:39:21', '2019-04-06 13:39:21', 2, 108),
(142, '2019-04-06 13:39:21', '2019-04-06 13:39:21', 2, 109),
(143, '2019-04-06 13:39:21', '2019-04-06 13:39:21', 2, 110),
(144, '2019-04-06 13:39:21', '2019-04-06 13:39:21', 2, 111),
(145, '2019-04-06 13:39:21', '2019-04-06 13:39:21', 2, 112),
(146, '2019-04-06 13:39:21', '2019-04-06 13:39:21', 3, 113),
(147, '2019-04-06 13:39:21', '2019-04-06 13:39:21', 3, 114),
(148, '2019-04-06 13:39:21', '2019-04-06 13:39:21', 3, 115),
(149, '2019-04-06 13:39:21', '2019-04-06 13:39:21', 3, 116),
(150, '2019-04-06 13:39:21', '2019-04-06 13:39:21', 3, 117),
(151, '2019-04-06 13:39:21', '2019-04-06 13:39:21', 3, 118),
(152, '2019-04-06 13:39:21', '2019-04-06 13:39:21', 3, 119),
(153, '2019-04-06 13:39:21', '2019-04-06 13:39:21', 3, 120),
(154, '2019-04-06 13:39:21', '2019-04-06 13:39:21', 3, 121);

-- 
-- Dumping data for table m_doshaanswerlists
--
INSERT INTO m_doshaanswerlists VALUES
(1, 'Mariano Sainato', 'Mon Apr 08 2019', '2019-04-08 17:41:51', '2019-04-08 17:41:51', 1, 7),
(2, 'Mariano Sainato', 'Mon Apr 08 2019', '2019-04-08 17:41:52', '2019-04-08 17:41:52', 30, 8),
(3, 'Mariano Sainato', 'Mon Apr 08 2019', '2019-04-08 17:41:52', '2019-04-08 17:41:52', 59, 136),
(4, 'Mariano Sainato', 'Mon Apr 08 2019', '2019-04-08 17:41:52', '2019-04-08 17:41:52', 2, 10),
(5, 'Mariano Sainato', 'Mon Apr 08 2019', '2019-04-08 17:41:52', '2019-04-08 17:41:52', 31, 138),
(6, 'Mariano Sainato', 'Mon Apr 08 2019', '2019-04-08 17:41:52', '2019-04-08 17:41:52', 60, 139),
(7, 'Mariano Sainato', 'Mon Apr 08 2019', '2019-04-08 17:41:52', '2019-04-08 17:41:52', 3, 13),
(8, 'Mariano Sainato', 'Mon Apr 08 2019', '2019-04-08 17:41:52', '2019-04-08 17:41:52', 32, 141),
(9, 'Mariano Sainato', 'Mon Apr 08 2019', '2019-04-08 17:41:52', '2019-04-08 17:41:52', 61, 142),
(10, 'Mariano Sainato', 'Mon Apr 08 2019', '2019-04-08 17:41:52', '2019-04-08 17:41:52', 4, 143),
(11, 'Mariano Sainato', 'Mon Apr 08 2019', '2019-04-08 17:41:52', '2019-04-08 17:41:52', 33, 17),
(12, 'Mariano Sainato', 'Mon Apr 08 2019', '2019-04-08 17:41:52', '2019-04-08 17:41:52', 62, 145),
(13, 'Mariano Sainato', 'Mon Apr 08 2019', '2019-04-08 17:41:52', '2019-04-08 17:41:52', 5, 146),
(14, 'Mariano Sainato', 'Mon Apr 08 2019', '2019-04-08 17:41:52', '2019-04-08 17:41:52', 34, 20),
(15, 'Mariano Sainato', 'Mon Apr 08 2019', '2019-04-08 17:41:52', '2019-04-08 17:41:52', 63, 148),
(16, 'Mariano Sainato', 'Mon Apr 08 2019', '2019-04-08 17:41:52', '2019-04-08 17:41:52', 35, 23),
(17, 'Mariano Sainato', 'Mon Apr 08 2019', '2019-04-08 17:41:52', '2019-04-08 17:41:52', 64, 151),
(18, 'Mariano Sainato', 'Mon Apr 08 2019', '2019-04-08 17:41:52', '2019-04-08 17:41:52', 7, 25),
(19, 'Mariano Sainato', 'Mon Apr 08 2019', '2019-04-08 17:41:52', '2019-04-08 17:41:52', 36, 26),
(20, 'Mariano Sainato', 'Mon Apr 08 2019', '2019-04-08 17:41:52', '2019-04-08 17:41:52', 65, 154),
(21, 'Mariano Sainato', 'Mon Apr 08 2019', '2019-04-08 17:41:52', '2019-04-08 17:41:52', 8, 28),
(22, 'Mariano Sainato', 'Mon Apr 08 2019', '2019-04-08 17:41:52', '2019-04-08 17:41:52', 37, 29),
(23, 'Mariano Sainato', 'Mon Apr 08 2019', '2019-04-08 17:41:52', '2019-04-08 17:41:52', 66, 157),
(24, 'Mariano Sainato', 'Mon Apr 08 2019', '2019-04-08 17:41:52', '2019-04-08 17:41:52', 9, 285),
(25, 'Mariano Sainato', 'Mon Apr 08 2019', '2019-04-08 17:41:52', '2019-04-08 17:41:52', 38, 159),
(26, 'Mariano Sainato', 'Mon Apr 08 2019', '2019-04-08 17:41:52', '2019-04-08 17:41:52', 67, 287),
(27, 'Mariano Sainato', 'Mon Apr 08 2019', '2019-04-08 17:41:52', '2019-04-08 17:41:52', 10, 34),
(28, 'Mariano Sainato', 'Mon Apr 08 2019', '2019-04-08 17:41:52', '2019-04-08 17:41:52', 39, 162),
(29, 'Mariano Sainato', 'Mon Apr 08 2019', '2019-04-08 17:41:52', '2019-04-08 17:41:52', 68, 163),
(30, 'Mariano Sainato', 'Mon Apr 08 2019', '2019-04-08 17:41:52', '2019-04-08 17:41:52', 11, 37),
(31, 'Mariano Sainato', 'Mon Apr 08 2019', '2019-04-08 17:41:52', '2019-04-08 17:41:52', 40, 38),
(32, 'Mariano Sainato', 'Mon Apr 08 2019', '2019-04-08 17:41:52', '2019-04-08 17:41:52', 69, 166),
(33, 'Mariano Sainato', 'Mon Apr 08 2019', '2019-04-08 17:41:52', '2019-04-08 17:41:52', 12, 167),
(34, 'Mariano Sainato', 'Mon Apr 08 2019', '2019-04-08 17:41:53', '2019-04-08 17:41:53', 41, 168),
(35, 'Mariano Sainato', 'Mon Apr 08 2019', '2019-04-08 17:41:53', '2019-04-08 17:41:53', 70, 169),
(36, 'Mariano Sainato', 'Mon Apr 08 2019', '2019-04-08 17:41:53', '2019-04-08 17:41:53', 13, 170),
(37, 'Mariano Sainato', 'Mon Apr 08 2019', '2019-04-08 17:41:53', '2019-04-08 17:41:53', 42, 171),
(38, 'Mariano Sainato', 'Mon Apr 08 2019', '2019-04-08 17:41:53', '2019-04-08 17:41:53', 71, 45),
(39, 'Mariano Sainato', 'Mon Apr 08 2019', '2019-04-08 17:41:53', '2019-04-08 17:41:53', 14, 46),
(40, 'Mariano Sainato', 'Mon Apr 08 2019', '2019-04-08 17:41:53', '2019-04-08 17:41:53', 43, 174),
(41, 'Mariano Sainato', 'Mon Apr 08 2019', '2019-04-08 17:41:53', '2019-04-08 17:41:53', 72, 48),
(42, 'Mariano Sainato', 'Mon Apr 08 2019', '2019-04-08 17:41:53', '2019-04-08 17:41:53', 15, 49),
(43, 'Mariano Sainato', 'Mon Apr 08 2019', '2019-04-08 17:41:53', '2019-04-08 17:41:53', 44, 50),
(44, 'Mariano Sainato', 'Mon Apr 08 2019', '2019-04-08 17:41:53', '2019-04-08 17:41:53', 73, 51),
(45, 'Mariano Sainato', 'Mon Apr 08 2019', '2019-04-08 17:41:53', '2019-04-08 17:41:53', 16, 52),
(46, 'Mariano Sainato', 'Mon Apr 08 2019', '2019-04-08 17:41:53', '2019-04-08 17:41:53', 45, 53),
(47, 'Mariano Sainato', 'Mon Apr 08 2019', '2019-04-08 17:41:53', '2019-04-08 17:41:53', 17, 182),
(48, 'Mariano Sainato', 'Mon Apr 08 2019', '2019-04-08 17:41:53', '2019-04-08 17:41:53', 46, 56),
(49, 'Mariano Sainato', 'Mon Apr 08 2019', '2019-04-08 17:41:53', '2019-04-08 17:41:53', 75, 184),
(50, 'Mariano Sainato', 'Mon Apr 08 2019', '2019-04-08 17:41:53', '2019-04-08 17:41:53', 47, 313),
(51, 'Mariano Sainato', 'Mon Apr 08 2019', '2019-04-08 17:41:53', '2019-04-08 17:41:53', 18, 58),
(52, 'Mariano Sainato', 'Mon Apr 08 2019', '2019-04-08 17:41:53', '2019-04-08 17:41:53', 76, 60),
(53, 'Mariano Sainato', 'Mon Apr 08 2019', '2019-04-08 17:41:53', '2019-04-08 17:41:53', 19, 188),
(54, 'Mariano Sainato', 'Mon Apr 08 2019', '2019-04-08 17:41:53', '2019-04-08 17:41:53', 48, 62),
(55, 'Mariano Sainato', 'Mon Apr 08 2019', '2019-04-08 17:41:53', '2019-04-08 17:41:53', 77, 317),
(56, 'Mariano Sainato', 'Mon Apr 08 2019', '2019-04-08 17:41:53', '2019-04-08 17:41:53', 20, 318),
(57, 'Mariano Sainato', 'Mon Apr 08 2019', '2019-04-08 17:41:53', '2019-04-08 17:41:53', 49, 192),
(58, 'Mariano Sainato', 'Mon Apr 08 2019', '2019-04-08 17:41:53', '2019-04-08 17:41:53', 21, 67),
(59, 'Mariano Sainato', 'Mon Apr 08 2019', '2019-04-08 17:41:53', '2019-04-08 17:41:53', 50, 68),
(60, 'Mariano Sainato', 'Mon Apr 08 2019', '2019-04-08 17:41:53', '2019-04-08 17:41:53', 79, 323),
(61, 'Mariano Sainato', 'Mon Apr 08 2019', '2019-04-08 17:41:53', '2019-04-08 17:41:53', 22, 70),
(62, 'Mariano Sainato', 'Mon Apr 08 2019', '2019-04-08 17:41:53', '2019-04-08 17:41:53', 51, 71),
(63, 'Mariano Sainato', 'Mon Apr 08 2019', '2019-04-08 17:41:53', '2019-04-08 17:41:53', 80, 326),
(64, 'Mariano Sainato', 'Mon Apr 08 2019', '2019-04-08 17:41:53', '2019-04-08 17:41:53', 23, 73),
(65, 'Mariano Sainato', 'Mon Apr 08 2019', '2019-04-08 17:41:53', '2019-04-08 17:41:53', 52, 328),
(66, 'Mariano Sainato', 'Mon Apr 08 2019', '2019-04-08 17:41:53', '2019-04-08 17:41:53', 81, 202),
(67, 'Mariano Sainato', 'Mon Apr 08 2019', '2019-04-08 17:41:53', '2019-04-08 17:41:53', 24, 76),
(68, 'Mariano Sainato', 'Mon Apr 08 2019', '2019-04-08 17:41:53', '2019-04-08 17:41:53', 53, 331),
(69, 'Mariano Sainato', 'Mon Apr 08 2019', '2019-04-08 17:41:53', '2019-04-08 17:41:53', 82, 78),
(70, 'Mariano Sainato', 'Mon Apr 08 2019', '2019-04-08 17:41:53', '2019-04-08 17:41:53', 25, 79),
(71, 'Mariano Sainato', 'Mon Apr 08 2019', '2019-04-08 17:41:53', '2019-04-08 17:41:53', 54, 207),
(72, 'Mariano Sainato', 'Mon Apr 08 2019', '2019-04-08 17:41:53', '2019-04-08 17:41:53', 83, 335),
(73, 'Mariano Sainato', 'Mon Apr 08 2019', '2019-04-08 17:41:53', '2019-04-08 17:41:53', 26, 82),
(74, 'Mariano Sainato', 'Mon Apr 08 2019', '2019-04-08 17:41:54', '2019-04-08 17:41:54', 55, 83),
(75, 'Mariano Sainato', 'Mon Apr 08 2019', '2019-04-08 17:41:54', '2019-04-08 17:41:54', 84, 84),
(76, 'Mariano Sainato', 'Mon Apr 08 2019', '2019-04-08 17:41:54', '2019-04-08 17:41:54', 27, 85),
(77, 'Mariano Sainato', 'Mon Apr 08 2019', '2019-04-08 17:41:54', '2019-04-08 17:41:54', 56, 340),
(78, 'Mariano Sainato', 'Mon Apr 08 2019', '2019-04-08 17:41:54', '2019-04-08 17:41:54', 85, 341),
(79, 'Mariano Sainato', 'Mon Apr 08 2019', '2019-04-08 17:41:54', '2019-04-08 17:41:54', 28, 215),
(80, 'Mariano Sainato', 'Mon Apr 08 2019', '2019-04-08 17:41:54', '2019-04-08 17:41:54', 57, 343),
(81, 'Mariano Sainato', 'Mon Apr 08 2019', '2019-04-08 17:41:54', '2019-04-08 17:41:54', 86, 217),
(82, 'Mariano Sainato', 'Mon Apr 08 2019', '2019-04-08 17:41:54', '2019-04-08 17:41:54', 29, 345),
(83, 'Mariano Sainato', 'Mon Apr 08 2019', '2019-04-08 17:41:54', '2019-04-08 17:41:54', 58, 92),
(84, 'Mariano Sainato', 'Mon Apr 08 2019', '2019-04-08 17:41:54', '2019-04-08 17:41:54', 87, 93),
(85, 'Mariano Sainato', 'Mon Apr 08 2019', '2019-04-08 17:41:54', '2019-04-08 17:41:54', 88, 94),
(86, 'Mariano Sainato', 'Mon Apr 08 2019', '2019-04-08 17:41:54', '2019-04-08 17:41:54', 104, 222),
(87, 'Mariano Sainato', 'Mon Apr 08 2019', '2019-04-08 17:41:54', '2019-04-08 17:41:54', 113, 96),
(88, 'Mariano Sainato', 'Mon Apr 08 2019', '2019-04-08 17:41:54', '2019-04-08 17:41:54', 89, 224),
(89, 'Mariano Sainato', 'Mon Apr 08 2019', '2019-04-08 17:41:54', '2019-04-08 17:41:54', 105, 98),
(90, 'Mariano Sainato', 'Mon Apr 08 2019', '2019-04-08 17:41:54', '2019-04-08 17:41:54', 114, 99),
(91, 'Mariano Sainato', 'Mon Apr 08 2019', '2019-04-08 17:41:54', '2019-04-08 17:41:54', 90, 100),
(92, 'Mariano Sainato', 'Mon Apr 08 2019', '2019-04-08 17:41:54', '2019-04-08 17:41:54', 106, 101),
(93, 'Mariano Sainato', 'Mon Apr 08 2019', '2019-04-08 17:41:54', '2019-04-08 17:41:54', 115, 102),
(94, 'Mariano Sainato', 'Mon Apr 08 2019', '2019-04-08 17:41:54', '2019-04-08 17:41:54', 91, 103),
(95, 'Mariano Sainato', 'Mon Apr 08 2019', '2019-04-08 17:41:54', '2019-04-08 17:41:54', 107, 104),
(96, 'Mariano Sainato', 'Mon Apr 08 2019', '2019-04-08 17:41:54', '2019-04-08 17:41:54', 116, 105),
(97, 'Mariano Sainato', 'Mon Apr 08 2019', '2019-04-08 17:41:54', '2019-04-08 17:41:54', 92, 106),
(98, 'Mariano Sainato', 'Mon Apr 08 2019', '2019-04-08 17:41:54', '2019-04-08 17:41:54', 108, 107),
(99, 'Mariano Sainato', 'Mon Apr 08 2019', '2019-04-08 17:41:54', '2019-04-08 17:41:54', 117, 108),
(100, 'Mariano Sainato', 'Mon Apr 08 2019', '2019-04-08 17:41:54', '2019-04-08 17:41:54', 93, 109),
(101, 'Mariano Sainato', 'Mon Apr 08 2019', '2019-04-08 17:41:54', '2019-04-08 17:41:54', 109, 110),
(102, 'Mariano Sainato', 'Mon Apr 08 2019', '2019-04-08 17:41:54', '2019-04-08 17:41:54', 118, 111),
(103, 'Mariano Sainato', 'Mon Apr 08 2019', '2019-04-08 17:41:54', '2019-04-08 17:41:54', 94, 112),
(104, 'Mariano Sainato', 'Mon Apr 08 2019', '2019-04-08 17:41:54', '2019-04-08 17:41:54', 110, 113),
(105, 'Mariano Sainato', 'Mon Apr 08 2019', '2019-04-08 17:41:54', '2019-04-08 17:41:54', 119, 368),
(106, 'Mariano Sainato', 'Mon Apr 08 2019', '2019-04-08 17:41:54', '2019-04-08 17:41:54', 102, 128),
(107, 'Mariano Sainato', 'Mon Apr 08 2019', '2019-04-08 17:41:54', '2019-04-08 17:41:54', 111, 257),
(108, 'Mariano Sainato', 'Mon Apr 08 2019', '2019-04-08 17:41:54', '2019-04-08 17:41:54', 103, 256),
(109, 'Mariano Sainato', 'Mon Apr 08 2019', '2019-04-08 17:41:54', '2019-04-08 17:41:54', 112, 258),
(110, 'Mariano Sainato', 'Mon Apr 08 2019', '2019-04-08 17:41:54', '2019-04-08 17:41:54', 120, 5),
(111, 'Mariano Sainato', 'Mon Apr 08 2019', '2019-04-08 17:41:54', '2019-04-08 17:41:54', 121, 6),
(112, 'Mariano Sainato', 'Mon Apr 08 2019', '2019-04-08 17:41:54', '2019-04-08 17:41:54', 6, 276),
(113, 'Mariano Sainato', 'Mon Apr 08 2019', '2019-04-08 17:41:55', '2019-04-08 17:41:55', 74, 308),
(114, 'Mariano Sainato', 'Mon Apr 08 2019', '2019-04-08 17:41:55', '2019-04-08 17:41:55', 78, 193),
(115, 'Kenneth Hackford', 'Mon Apr 08 2019', '2019-04-08 17:47:04', '2019-04-08 17:47:04', 1, 7),
(116, 'Kenneth Hackford', 'Mon Apr 08 2019', '2019-04-08 17:47:04', '2019-04-08 17:47:04', 30, 262),
(117, 'Kenneth Hackford', 'Mon Apr 08 2019', '2019-04-08 17:47:04', '2019-04-08 17:47:04', 59, 136),
(118, 'Kenneth Hackford', 'Mon Apr 08 2019', '2019-04-08 17:47:04', '2019-04-08 17:47:04', 2, 10),
(119, 'Kenneth Hackford', 'Mon Apr 08 2019', '2019-04-08 17:47:04', '2019-04-08 17:47:04', 31, 138),
(120, 'Kenneth Hackford', 'Mon Apr 08 2019', '2019-04-08 17:47:04', '2019-04-08 17:47:04', 60, 139),
(121, 'Kenneth Hackford', 'Mon Apr 08 2019', '2019-04-08 17:47:04', '2019-04-08 17:47:04', 3, 13),
(122, 'Kenneth Hackford', 'Mon Apr 08 2019', '2019-04-08 17:47:04', '2019-04-08 17:47:04', 32, 141),
(123, 'Kenneth Hackford', 'Mon Apr 08 2019', '2019-04-08 17:47:04', '2019-04-08 17:47:04', 61, 142),
(124, 'Kenneth Hackford', 'Mon Apr 08 2019', '2019-04-08 17:47:04', '2019-04-08 17:47:04', 4, 16),
(125, 'Kenneth Hackford', 'Mon Apr 08 2019', '2019-04-08 17:47:04', '2019-04-08 17:47:04', 33, 144),
(126, 'Kenneth Hackford', 'Mon Apr 08 2019', '2019-04-08 17:47:04', '2019-04-08 17:47:04', 62, 145),
(127, 'Kenneth Hackford', 'Mon Apr 08 2019', '2019-04-08 17:47:04', '2019-04-08 17:47:04', 5, 146),
(128, 'Kenneth Hackford', 'Mon Apr 08 2019', '2019-04-08 17:47:04', '2019-04-08 17:47:04', 34, 147),
(129, 'Kenneth Hackford', 'Mon Apr 08 2019', '2019-04-08 17:47:04', '2019-04-08 17:47:04', 63, 148),
(130, 'Kenneth Hackford', 'Mon Apr 08 2019', '2019-04-08 17:47:04', '2019-04-08 17:47:04', 6, 22),
(131, 'Kenneth Hackford', 'Mon Apr 08 2019', '2019-04-08 17:47:04', '2019-04-08 17:47:04', 35, 150),
(132, 'Kenneth Hackford', 'Mon Apr 08 2019', '2019-04-08 17:47:04', '2019-04-08 17:47:04', 64, 151),
(133, 'Kenneth Hackford', 'Mon Apr 08 2019', '2019-04-08 17:47:04', '2019-04-08 17:47:04', 7, 25),
(134, 'Kenneth Hackford', 'Mon Apr 08 2019', '2019-04-08 17:47:04', '2019-04-08 17:47:04', 36, 153),
(135, 'Kenneth Hackford', 'Mon Apr 08 2019', '2019-04-08 17:47:04', '2019-04-08 17:47:04', 65, 281),
(136, 'Kenneth Hackford', 'Mon Apr 08 2019', '2019-04-08 17:47:04', '2019-04-08 17:47:04', 8, 28),
(137, 'Kenneth Hackford', 'Mon Apr 08 2019', '2019-04-08 17:47:04', '2019-04-08 17:47:04', 37, 156),
(138, 'Kenneth Hackford', 'Mon Apr 08 2019', '2019-04-08 17:47:04', '2019-04-08 17:47:04', 66, 157),
(139, 'Kenneth Hackford', 'Mon Apr 08 2019', '2019-04-08 17:47:04', '2019-04-08 17:47:04', 9, 158),
(140, 'Kenneth Hackford', 'Mon Apr 08 2019', '2019-04-08 17:47:04', '2019-04-08 17:47:04', 38, 159),
(141, 'Kenneth Hackford', 'Mon Apr 08 2019', '2019-04-08 17:47:04', '2019-04-08 17:47:04', 67, 33),
(142, 'Kenneth Hackford', 'Mon Apr 08 2019', '2019-04-08 17:47:04', '2019-04-08 17:47:04', 10, 161),
(143, 'Kenneth Hackford', 'Mon Apr 08 2019', '2019-04-08 17:47:04', '2019-04-08 17:47:04', 39, 289),
(144, 'Kenneth Hackford', 'Mon Apr 08 2019', '2019-04-08 17:47:04', '2019-04-08 17:47:04', 68, 163),
(145, 'Kenneth Hackford', 'Mon Apr 08 2019', '2019-04-08 17:47:04', '2019-04-08 17:47:04', 11, 37),
(146, 'Kenneth Hackford', 'Mon Apr 08 2019', '2019-04-08 17:47:05', '2019-04-08 17:47:05', 40, 292),
(147, 'Kenneth Hackford', 'Mon Apr 08 2019', '2019-04-08 17:47:05', '2019-04-08 17:47:05', 69, 166),
(148, 'Kenneth Hackford', 'Mon Apr 08 2019', '2019-04-08 17:47:05', '2019-04-08 17:47:05', 12, 40),
(149, 'Kenneth Hackford', 'Mon Apr 08 2019', '2019-04-08 17:47:05', '2019-04-08 17:47:05', 41, 168),
(150, 'Kenneth Hackford', 'Mon Apr 08 2019', '2019-04-08 17:47:05', '2019-04-08 17:47:05', 70, 296),
(151, 'Kenneth Hackford', 'Mon Apr 08 2019', '2019-04-08 17:47:05', '2019-04-08 17:47:05', 13, 170),
(152, 'Kenneth Hackford', 'Mon Apr 08 2019', '2019-04-08 17:47:05', '2019-04-08 17:47:05', 42, 44),
(153, 'Kenneth Hackford', 'Mon Apr 08 2019', '2019-04-08 17:47:05', '2019-04-08 17:47:05', 71, 172),
(154, 'Kenneth Hackford', 'Mon Apr 08 2019', '2019-04-08 17:47:05', '2019-04-08 17:47:05', 14, 46),
(155, 'Kenneth Hackford', 'Mon Apr 08 2019', '2019-04-08 17:47:05', '2019-04-08 17:47:05', 43, 174),
(156, 'Kenneth Hackford', 'Mon Apr 08 2019', '2019-04-08 17:47:05', '2019-04-08 17:47:05', 72, 175),
(157, 'Kenneth Hackford', 'Mon Apr 08 2019', '2019-04-08 17:47:05', '2019-04-08 17:47:05', 15, 49),
(158, 'Kenneth Hackford', 'Mon Apr 08 2019', '2019-04-08 17:47:05', '2019-04-08 17:47:05', 44, 304),
(159, 'Kenneth Hackford', 'Mon Apr 08 2019', '2019-04-08 17:47:05', '2019-04-08 17:47:05', 73, 305),
(160, 'Kenneth Hackford', 'Mon Apr 08 2019', '2019-04-08 17:47:05', '2019-04-08 17:47:05', 16, 306),
(161, 'Kenneth Hackford', 'Mon Apr 08 2019', '2019-04-08 17:47:05', '2019-04-08 17:47:05', 45, 180),
(162, 'Kenneth Hackford', 'Mon Apr 08 2019', '2019-04-08 17:47:05', '2019-04-08 17:47:05', 74, 181),
(163, 'Kenneth Hackford', 'Mon Apr 08 2019', '2019-04-08 17:47:05', '2019-04-08 17:47:05', 17, 309),
(164, 'Kenneth Hackford', 'Mon Apr 08 2019', '2019-04-08 17:47:05', '2019-04-08 17:47:05', 46, 183),
(165, 'Kenneth Hackford', 'Mon Apr 08 2019', '2019-04-08 17:47:05', '2019-04-08 17:47:05', 75, 311),
(166, 'Kenneth Hackford', 'Mon Apr 08 2019', '2019-04-08 17:47:05', '2019-04-08 17:47:05', 18, 185),
(167, 'Kenneth Hackford', 'Mon Apr 08 2019', '2019-04-08 17:47:05', '2019-04-08 17:47:05', 47, 186),
(168, 'Kenneth Hackford', 'Mon Apr 08 2019', '2019-04-08 17:47:05', '2019-04-08 17:47:05', 76, 60),
(169, 'Kenneth Hackford', 'Mon Apr 08 2019', '2019-04-08 17:47:05', '2019-04-08 17:47:05', 19, 315),
(170, 'Kenneth Hackford', 'Mon Apr 08 2019', '2019-04-08 17:47:05', '2019-04-08 17:47:05', 48, 62),
(171, 'Kenneth Hackford', 'Mon Apr 08 2019', '2019-04-08 17:47:05', '2019-04-08 17:47:05', 77, 190),
(172, 'Kenneth Hackford', 'Mon Apr 08 2019', '2019-04-08 17:47:05', '2019-04-08 17:47:05', 20, 64),
(173, 'Kenneth Hackford', 'Mon Apr 08 2019', '2019-04-08 17:47:05', '2019-04-08 17:47:05', 49, 65),
(174, 'Kenneth Hackford', 'Mon Apr 08 2019', '2019-04-08 17:47:05', '2019-04-08 17:47:05', 78, 320),
(175, 'Kenneth Hackford', 'Mon Apr 08 2019', '2019-04-08 17:47:05', '2019-04-08 17:47:05', 21, 194),
(176, 'Kenneth Hackford', 'Mon Apr 08 2019', '2019-04-08 17:47:05', '2019-04-08 17:47:05', 50, 68),
(177, 'Kenneth Hackford', 'Mon Apr 08 2019', '2019-04-08 17:47:05', '2019-04-08 17:47:05', 79, 196),
(178, 'Kenneth Hackford', 'Mon Apr 08 2019', '2019-04-08 17:47:05', '2019-04-08 17:47:05', 22, 70),
(179, 'Kenneth Hackford', 'Mon Apr 08 2019', '2019-04-08 17:47:05', '2019-04-08 17:47:05', 51, 198),
(180, 'Kenneth Hackford', 'Mon Apr 08 2019', '2019-04-08 17:47:05', '2019-04-08 17:47:05', 80, 199),
(181, 'Kenneth Hackford', 'Mon Apr 08 2019', '2019-04-08 17:47:05', '2019-04-08 17:47:05', 23, 327),
(182, 'Kenneth Hackford', 'Mon Apr 08 2019', '2019-04-08 17:47:05', '2019-04-08 17:47:05', 52, 328),
(183, 'Kenneth Hackford', 'Mon Apr 08 2019', '2019-04-08 17:47:05', '2019-04-08 17:47:05', 81, 75),
(184, 'Kenneth Hackford', 'Mon Apr 08 2019', '2019-04-08 17:47:05', '2019-04-08 17:47:05', 24, 76),
(185, 'Kenneth Hackford', 'Mon Apr 08 2019', '2019-04-08 17:47:05', '2019-04-08 17:47:05', 53, 331),
(186, 'Kenneth Hackford', 'Mon Apr 08 2019', '2019-04-08 17:47:05', '2019-04-08 17:47:05', 82, 332),
(187, 'Kenneth Hackford', 'Mon Apr 08 2019', '2019-04-08 17:47:06', '2019-04-08 17:47:06', 25, 79),
(188, 'Kenneth Hackford', 'Mon Apr 08 2019', '2019-04-08 17:47:06', '2019-04-08 17:47:06', 54, 334),
(189, 'Kenneth Hackford', 'Mon Apr 08 2019', '2019-04-08 17:47:06', '2019-04-08 17:47:06', 83, 81),
(190, 'Kenneth Hackford', 'Mon Apr 08 2019', '2019-04-08 17:47:06', '2019-04-08 17:47:06', 26, 336),
(191, 'Kenneth Hackford', 'Mon Apr 08 2019', '2019-04-08 17:47:06', '2019-04-08 17:47:06', 55, 83),
(192, 'Kenneth Hackford', 'Mon Apr 08 2019', '2019-04-08 17:47:06', '2019-04-08 17:47:06', 84, 211),
(193, 'Kenneth Hackford', 'Mon Apr 08 2019', '2019-04-08 17:47:06', '2019-04-08 17:47:06', 27, 212),
(194, 'Kenneth Hackford', 'Mon Apr 08 2019', '2019-04-08 17:47:06', '2019-04-08 17:47:06', 56, 213),
(195, 'Kenneth Hackford', 'Mon Apr 08 2019', '2019-04-08 17:47:06', '2019-04-08 17:47:06', 85, 214),
(196, 'Kenneth Hackford', 'Mon Apr 08 2019', '2019-04-08 17:47:06', '2019-04-08 17:47:06', 28, 342),
(197, 'Kenneth Hackford', 'Mon Apr 08 2019', '2019-04-08 17:47:06', '2019-04-08 17:47:06', 57, 216),
(198, 'Kenneth Hackford', 'Mon Apr 08 2019', '2019-04-08 17:47:06', '2019-04-08 17:47:06', 86, 344),
(199, 'Kenneth Hackford', 'Mon Apr 08 2019', '2019-04-08 17:47:06', '2019-04-08 17:47:06', 29, 91),
(200, 'Kenneth Hackford', 'Mon Apr 08 2019', '2019-04-08 17:47:06', '2019-04-08 17:47:06', 58, 346),
(201, 'Kenneth Hackford', 'Mon Apr 08 2019', '2019-04-08 17:47:06', '2019-04-08 17:47:06', 87, 220),
(202, 'Kenneth Hackford', 'Mon Apr 08 2019', '2019-04-08 17:47:06', '2019-04-08 17:47:06', 88, 221),
(203, 'Kenneth Hackford', 'Mon Apr 08 2019', '2019-04-08 17:47:06', '2019-04-08 17:47:06', 104, 349),
(204, 'Kenneth Hackford', 'Mon Apr 08 2019', '2019-04-08 17:47:06', '2019-04-08 17:47:06', 113, 223),
(205, 'Kenneth Hackford', 'Mon Apr 08 2019', '2019-04-08 17:47:06', '2019-04-08 17:47:06', 89, 97),
(206, 'Kenneth Hackford', 'Mon Apr 08 2019', '2019-04-08 17:47:06', '2019-04-08 17:47:06', 105, 225),
(207, 'Kenneth Hackford', 'Mon Apr 08 2019', '2019-04-08 17:47:06', '2019-04-08 17:47:06', 114, 226),
(208, 'Kenneth Hackford', 'Mon Apr 08 2019', '2019-04-08 17:47:06', '2019-04-08 17:47:06', 90, 227),
(209, 'Kenneth Hackford', 'Mon Apr 08 2019', '2019-04-08 17:47:06', '2019-04-08 17:47:06', 106, 228),
(210, 'Kenneth Hackford', 'Mon Apr 08 2019', '2019-04-08 17:47:06', '2019-04-08 17:47:06', 115, 229),
(211, 'Kenneth Hackford', 'Mon Apr 08 2019', '2019-04-08 17:47:06', '2019-04-08 17:47:06', 91, 103),
(212, 'Kenneth Hackford', 'Mon Apr 08 2019', '2019-04-08 17:47:06', '2019-04-08 17:47:06', 107, 358),
(213, 'Kenneth Hackford', 'Mon Apr 08 2019', '2019-04-08 17:47:06', '2019-04-08 17:47:06', 116, 232),
(214, 'Kenneth Hackford', 'Mon Apr 08 2019', '2019-04-08 17:47:06', '2019-04-08 17:47:06', 92, 233),
(215, 'Kenneth Hackford', 'Mon Apr 08 2019', '2019-04-08 17:47:06', '2019-04-08 17:47:06', 108, 234),
(216, 'Kenneth Hackford', 'Mon Apr 08 2019', '2019-04-08 17:47:06', '2019-04-08 17:47:06', 117, 108),
(217, 'Kenneth Hackford', 'Mon Apr 08 2019', '2019-04-08 17:47:06', '2019-04-08 17:47:06', 93, 363),
(218, 'Kenneth Hackford', 'Mon Apr 08 2019', '2019-04-08 17:47:06', '2019-04-08 17:47:06', 109, 237),
(219, 'Kenneth Hackford', 'Mon Apr 08 2019', '2019-04-08 17:47:06', '2019-04-08 17:47:06', 118, 238),
(220, 'Kenneth Hackford', 'Mon Apr 08 2019', '2019-04-08 17:47:06', '2019-04-08 17:47:06', 94, 239),
(221, 'Kenneth Hackford', 'Mon Apr 08 2019', '2019-04-08 17:47:06', '2019-04-08 17:47:06', 110, 367),
(222, 'Kenneth Hackford', 'Mon Apr 08 2019', '2019-04-08 17:47:06', '2019-04-08 17:47:06', 119, 241),
(223, 'Kenneth Hackford', 'Mon Apr 08 2019', '2019-04-08 17:47:06', '2019-04-08 17:47:06', 102, 128),
(224, 'Kenneth Hackford', 'Mon Apr 08 2019', '2019-04-08 17:47:06', '2019-04-08 17:47:06', 103, 129),
(225, 'Kenneth Hackford', 'Mon Apr 08 2019', '2019-04-08 17:47:06', '2019-04-08 17:47:06', 111, 130),
(226, 'Kenneth Hackford', 'Mon Apr 08 2019', '2019-04-08 17:47:06', '2019-04-08 17:47:06', 112, 131),
(227, 'Kenneth Hackford', 'Mon Apr 08 2019', '2019-04-08 17:47:06', '2019-04-08 17:47:06', 120, 259),
(228, 'Kenneth Hackford', 'Mon Apr 08 2019', '2019-04-08 17:47:06', '2019-04-08 17:47:06', 121, 133),
(229, 'Darrick Selk', 'Mon Apr 08 2019', '2019-04-08 18:13:15', '2019-04-08 18:13:15', 1, 261),
(230, 'Darrick Selk', 'Mon Apr 08 2019', '2019-04-08 18:13:15', '2019-04-08 18:13:15', 30, 135),
(231, 'Darrick Selk', 'Mon Apr 08 2019', '2019-04-08 18:13:16', '2019-04-08 18:13:16', 59, 9),
(232, 'Darrick Selk', 'Mon Apr 08 2019', '2019-04-08 18:13:16', '2019-04-08 18:13:16', 2, 10),
(233, 'Darrick Selk', 'Mon Apr 08 2019', '2019-04-08 18:13:16', '2019-04-08 18:13:16', 31, 138),
(234, 'Darrick Selk', 'Mon Apr 08 2019', '2019-04-08 18:13:16', '2019-04-08 18:13:16', 60, 139),
(235, 'Darrick Selk', 'Mon Apr 08 2019', '2019-04-08 18:13:16', '2019-04-08 18:13:16', 3, 13),
(236, 'Darrick Selk', 'Mon Apr 08 2019', '2019-04-08 18:13:16', '2019-04-08 18:13:16', 32, 141),
(237, 'Darrick Selk', 'Mon Apr 08 2019', '2019-04-08 18:13:16', '2019-04-08 18:13:16', 61, 142),
(238, 'Darrick Selk', 'Mon Apr 08 2019', '2019-04-08 18:13:16', '2019-04-08 18:13:16', 4, 16),
(239, 'Darrick Selk', 'Mon Apr 08 2019', '2019-04-08 18:13:16', '2019-04-08 18:13:16', 33, 144),
(240, 'Darrick Selk', 'Mon Apr 08 2019', '2019-04-08 18:13:16', '2019-04-08 18:13:16', 62, 145),
(241, 'Darrick Selk', 'Mon Apr 08 2019', '2019-04-08 18:13:16', '2019-04-08 18:13:16', 34, 147),
(242, 'Darrick Selk', 'Mon Apr 08 2019', '2019-04-08 18:13:16', '2019-04-08 18:13:16', 5, 146),
(243, 'Darrick Selk', 'Mon Apr 08 2019', '2019-04-08 18:13:16', '2019-04-08 18:13:16', 63, 21),
(244, 'Darrick Selk', 'Mon Apr 08 2019', '2019-04-08 18:13:16', '2019-04-08 18:13:16', 6, 149),
(245, 'Darrick Selk', 'Mon Apr 08 2019', '2019-04-08 18:13:16', '2019-04-08 18:13:16', 35, 150),
(246, 'Darrick Selk', 'Mon Apr 08 2019', '2019-04-08 18:13:16', '2019-04-08 18:13:16', 64, 24),
(247, 'Darrick Selk', 'Mon Apr 08 2019', '2019-04-08 18:13:16', '2019-04-08 18:13:16', 7, 152),
(248, 'Darrick Selk', 'Mon Apr 08 2019', '2019-04-08 18:13:16', '2019-04-08 18:13:16', 36, 153),
(249, 'Darrick Selk', 'Mon Apr 08 2019', '2019-04-08 18:13:16', '2019-04-08 18:13:16', 65, 154),
(250, 'Darrick Selk', 'Mon Apr 08 2019', '2019-04-08 18:13:16', '2019-04-08 18:13:16', 37, 156),
(251, 'Darrick Selk', 'Mon Apr 08 2019', '2019-04-08 18:13:16', '2019-04-08 18:13:16', 66, 30),
(252, 'Darrick Selk', 'Mon Apr 08 2019', '2019-04-08 18:13:16', '2019-04-08 18:13:16', 8, 28),
(253, 'Darrick Selk', 'Mon Apr 08 2019', '2019-04-08 18:13:16', '2019-04-08 18:13:16', 38, 32),
(254, 'Darrick Selk', 'Mon Apr 08 2019', '2019-04-08 18:13:16', '2019-04-08 18:13:16', 9, 285),
(255, 'Darrick Selk', 'Mon Apr 08 2019', '2019-04-08 18:13:16', '2019-04-08 18:13:16', 67, 160),
(256, 'Darrick Selk', 'Mon Apr 08 2019', '2019-04-08 18:13:16', '2019-04-08 18:13:16', 10, 288),
(257, 'Darrick Selk', 'Mon Apr 08 2019', '2019-04-08 18:13:16', '2019-04-08 18:13:16', 39, 289),
(258, 'Darrick Selk', 'Mon Apr 08 2019', '2019-04-08 18:13:16', '2019-04-08 18:13:16', 68, 36),
(259, 'Darrick Selk', 'Mon Apr 08 2019', '2019-04-08 18:13:16', '2019-04-08 18:13:16', 11, 164),
(260, 'Darrick Selk', 'Mon Apr 08 2019', '2019-04-08 18:13:16', '2019-04-08 18:13:16', 40, 165),
(261, 'Darrick Selk', 'Mon Apr 08 2019', '2019-04-08 18:13:16', '2019-04-08 18:13:16', 69, 39),
(262, 'Darrick Selk', 'Mon Apr 08 2019', '2019-04-08 18:13:16', '2019-04-08 18:13:16', 41, 41),
(263, 'Darrick Selk', 'Mon Apr 08 2019', '2019-04-08 18:13:16', '2019-04-08 18:13:16', 70, 169),
(264, 'Darrick Selk', 'Mon Apr 08 2019', '2019-04-08 18:13:16', '2019-04-08 18:13:16', 12, 40),
(265, 'Darrick Selk', 'Mon Apr 08 2019', '2019-04-08 18:13:16', '2019-04-08 18:13:16', 13, 170),
(266, 'Darrick Selk', 'Mon Apr 08 2019', '2019-04-08 18:13:16', '2019-04-08 18:13:16', 42, 44),
(267, 'Darrick Selk', 'Mon Apr 08 2019', '2019-04-08 18:13:16', '2019-04-08 18:13:16', 71, 45),
(268, 'Darrick Selk', 'Mon Apr 08 2019', '2019-04-08 18:13:16', '2019-04-08 18:13:16', 14, 46),
(269, 'Darrick Selk', 'Mon Apr 08 2019', '2019-04-08 18:13:16', '2019-04-08 18:13:16', 43, 301),
(270, 'Darrick Selk', 'Mon Apr 08 2019', '2019-04-08 18:13:16', '2019-04-08 18:13:16', 72, 302),
(271, 'Darrick Selk', 'Mon Apr 08 2019', '2019-04-08 18:13:16', '2019-04-08 18:13:16', 15, 303),
(272, 'Darrick Selk', 'Mon Apr 08 2019', '2019-04-08 18:13:16', '2019-04-08 18:13:16', 44, 50),
(273, 'Darrick Selk', 'Mon Apr 08 2019', '2019-04-08 18:13:16', '2019-04-08 18:13:16', 73, 51),
(274, 'Darrick Selk', 'Mon Apr 08 2019', '2019-04-08 18:13:16', '2019-04-08 18:13:16', 16, 52),
(275, 'Darrick Selk', 'Mon Apr 08 2019', '2019-04-08 18:13:17', '2019-04-08 18:13:17', 45, 180),
(276, 'Darrick Selk', 'Mon Apr 08 2019', '2019-04-08 18:13:17', '2019-04-08 18:13:17', 74, 181),
(277, 'Darrick Selk', 'Mon Apr 08 2019', '2019-04-08 18:13:17', '2019-04-08 18:13:17', 17, 182),
(278, 'Darrick Selk', 'Mon Apr 08 2019', '2019-04-08 18:13:17', '2019-04-08 18:13:17', 46, 56),
(279, 'Darrick Selk', 'Mon Apr 08 2019', '2019-04-08 18:13:17', '2019-04-08 18:13:17', 75, 184),
(280, 'Darrick Selk', 'Mon Apr 08 2019', '2019-04-08 18:13:17', '2019-04-08 18:13:17', 18, 58),
(281, 'Darrick Selk', 'Mon Apr 08 2019', '2019-04-08 18:13:17', '2019-04-08 18:13:17', 47, 186),
(282, 'Darrick Selk', 'Mon Apr 08 2019', '2019-04-08 18:13:17', '2019-04-08 18:13:17', 76, 187),
(283, 'Darrick Selk', 'Mon Apr 08 2019', '2019-04-08 18:13:17', '2019-04-08 18:13:17', 19, 315),
(284, 'Darrick Selk', 'Mon Apr 08 2019', '2019-04-08 18:13:17', '2019-04-08 18:13:17', 77, 63),
(285, 'Darrick Selk', 'Mon Apr 08 2019', '2019-04-08 18:13:17', '2019-04-08 18:13:17', 48, 189),
(286, 'Darrick Selk', 'Mon Apr 08 2019', '2019-04-08 18:13:17', '2019-04-08 18:13:17', 20, 64),
(287, 'Darrick Selk', 'Mon Apr 08 2019', '2019-04-08 18:13:17', '2019-04-08 18:13:17', 49, 192),
(288, 'Darrick Selk', 'Mon Apr 08 2019', '2019-04-08 18:13:17', '2019-04-08 18:13:17', 78, 193),
(289, 'Darrick Selk', 'Mon Apr 08 2019', '2019-04-08 18:13:17', '2019-04-08 18:13:17', 21, 67),
(290, 'Darrick Selk', 'Mon Apr 08 2019', '2019-04-08 18:13:17', '2019-04-08 18:13:17', 50, 322),
(291, 'Darrick Selk', 'Mon Apr 08 2019', '2019-04-08 18:13:17', '2019-04-08 18:13:17', 79, 196),
(292, 'Darrick Selk', 'Mon Apr 08 2019', '2019-04-08 18:13:17', '2019-04-08 18:13:17', 22, 197),
(293, 'Darrick Selk', 'Mon Apr 08 2019', '2019-04-08 18:13:17', '2019-04-08 18:13:17', 51, 71),
(294, 'Darrick Selk', 'Mon Apr 08 2019', '2019-04-08 18:13:17', '2019-04-08 18:13:17', 80, 326),
(295, 'Darrick Selk', 'Mon Apr 08 2019', '2019-04-08 18:13:17', '2019-04-08 18:13:17', 23, 73),
(296, 'Darrick Selk', 'Mon Apr 08 2019', '2019-04-08 18:13:17', '2019-04-08 18:13:17', 81, 75),
(297, 'Darrick Selk', 'Mon Apr 08 2019', '2019-04-08 18:13:17', '2019-04-08 18:13:17', 52, 74),
(298, 'Darrick Selk', 'Mon Apr 08 2019', '2019-04-08 18:13:17', '2019-04-08 18:13:17', 24, 203),
(299, 'Darrick Selk', 'Mon Apr 08 2019', '2019-04-08 18:13:17', '2019-04-08 18:13:17', 53, 77),
(300, 'Darrick Selk', 'Mon Apr 08 2019', '2019-04-08 18:13:17', '2019-04-08 18:13:17', 82, 78),
(301, 'Darrick Selk', 'Mon Apr 08 2019', '2019-04-08 18:13:17', '2019-04-08 18:13:17', 25, 333),
(302, 'Darrick Selk', 'Mon Apr 08 2019', '2019-04-08 18:13:17', '2019-04-08 18:13:17', 54, 207),
(303, 'Darrick Selk', 'Mon Apr 08 2019', '2019-04-08 18:13:17', '2019-04-08 18:13:17', 83, 81),
(304, 'Darrick Selk', 'Mon Apr 08 2019', '2019-04-08 18:13:17', '2019-04-08 18:13:17', 26, 209),
(305, 'Darrick Selk', 'Mon Apr 08 2019', '2019-04-08 18:13:17', '2019-04-08 18:13:17', 84, 338),
(306, 'Darrick Selk', 'Mon Apr 08 2019', '2019-04-08 18:13:17', '2019-04-08 18:13:17', 55, 83),
(307, 'Darrick Selk', 'Mon Apr 08 2019', '2019-04-08 18:13:17', '2019-04-08 18:13:17', 27, 212),
(308, 'Darrick Selk', 'Mon Apr 08 2019', '2019-04-08 18:13:17', '2019-04-08 18:13:17', 56, 213),
(309, 'Darrick Selk', 'Mon Apr 08 2019', '2019-04-08 18:13:17', '2019-04-08 18:13:17', 85, 341),
(310, 'Darrick Selk', 'Mon Apr 08 2019', '2019-04-08 18:13:17', '2019-04-08 18:13:17', 28, 215),
(311, 'Darrick Selk', 'Mon Apr 08 2019', '2019-04-08 18:13:17', '2019-04-08 18:13:17', 57, 89),
(312, 'Darrick Selk', 'Mon Apr 08 2019', '2019-04-08 18:13:17', '2019-04-08 18:13:17', 86, 90),
(313, 'Darrick Selk', 'Mon Apr 08 2019', '2019-04-08 18:13:17', '2019-04-08 18:13:17', 29, 218),
(314, 'Darrick Selk', 'Mon Apr 08 2019', '2019-04-08 18:13:17', '2019-04-08 18:13:17', 58, 219),
(315, 'Darrick Selk', 'Mon Apr 08 2019', '2019-04-08 18:13:17', '2019-04-08 18:13:17', 87, 93),
(316, 'Darrick Selk', 'Mon Apr 08 2019', '2019-04-08 18:13:17', '2019-04-08 18:13:17', 88, 94),
(317, 'Darrick Selk', 'Mon Apr 08 2019', '2019-04-08 18:13:17', '2019-04-08 18:13:17', 104, 222),
(318, 'Darrick Selk', 'Mon Apr 08 2019', '2019-04-08 18:13:17', '2019-04-08 18:13:17', 113, 96),
(319, 'Darrick Selk', 'Mon Apr 08 2019', '2019-04-08 18:13:17', '2019-04-08 18:13:17', 89, 351),
(320, 'Darrick Selk', 'Mon Apr 08 2019', '2019-04-08 18:13:18', '2019-04-08 18:13:18', 105, 225),
(321, 'Darrick Selk', 'Mon Apr 08 2019', '2019-04-08 18:13:18', '2019-04-08 18:13:18', 114, 226),
(322, 'Darrick Selk', 'Mon Apr 08 2019', '2019-04-08 18:13:18', '2019-04-08 18:13:18', 90, 227),
(323, 'Darrick Selk', 'Mon Apr 08 2019', '2019-04-08 18:13:18', '2019-04-08 18:13:18', 106, 101),
(324, 'Darrick Selk', 'Mon Apr 08 2019', '2019-04-08 18:13:18', '2019-04-08 18:13:18', 115, 356),
(325, 'Darrick Selk', 'Mon Apr 08 2019', '2019-04-08 18:13:18', '2019-04-08 18:13:18', 91, 103),
(326, 'Darrick Selk', 'Mon Apr 08 2019', '2019-04-08 18:13:18', '2019-04-08 18:13:18', 116, 359),
(327, 'Darrick Selk', 'Mon Apr 08 2019', '2019-04-08 18:13:18', '2019-04-08 18:13:18', 107, 231),
(328, 'Darrick Selk', 'Mon Apr 08 2019', '2019-04-08 18:13:18', '2019-04-08 18:13:18', 92, 233),
(329, 'Darrick Selk', 'Mon Apr 08 2019', '2019-04-08 18:13:18', '2019-04-08 18:13:18', 108, 234),
(330, 'Darrick Selk', 'Mon Apr 08 2019', '2019-04-08 18:13:18', '2019-04-08 18:13:18', 117, 108),
(331, 'Darrick Selk', 'Mon Apr 08 2019', '2019-04-08 18:13:18', '2019-04-08 18:13:18', 93, 236),
(332, 'Darrick Selk', 'Mon Apr 08 2019', '2019-04-08 18:13:18', '2019-04-08 18:13:18', 109, 364),
(333, 'Darrick Selk', 'Mon Apr 08 2019', '2019-04-08 18:13:18', '2019-04-08 18:13:18', 118, 238),
(334, 'Darrick Selk', 'Mon Apr 08 2019', '2019-04-08 18:13:18', '2019-04-08 18:13:18', 94, 112),
(335, 'Darrick Selk', 'Mon Apr 08 2019', '2019-04-08 18:13:18', '2019-04-08 18:13:18', 110, 240),
(336, 'Darrick Selk', 'Mon Apr 08 2019', '2019-04-08 18:13:18', '2019-04-08 18:13:18', 119, 241),
(337, 'Darrick Selk', 'Mon Apr 08 2019', '2019-04-08 18:13:18', '2019-04-08 18:13:18', 102, 1),
(338, 'Darrick Selk', 'Mon Apr 08 2019', '2019-04-08 18:13:18', '2019-04-08 18:13:18', 103, 256),
(339, 'Darrick Selk', 'Mon Apr 08 2019', '2019-04-08 18:13:18', '2019-04-08 18:13:18', 111, 130),
(340, 'Darrick Selk', 'Mon Apr 08 2019', '2019-04-08 18:13:18', '2019-04-08 18:13:18', 112, 131),
(341, 'Darrick Selk', 'Mon Apr 08 2019', '2019-04-08 18:13:18', '2019-04-08 18:13:18', 120, 5),
(342, 'Darrick Selk', 'Mon Apr 08 2019', '2019-04-08 18:13:18', '2019-04-08 18:13:18', 121, 133),
(343, 'Jefferey Newcomb', 'Tue Apr 09 2019', '2019-04-09 11:21:06', '2019-04-09 11:21:06', 1, 134),
(344, 'Jefferey Newcomb', 'Tue Apr 09 2019', '2019-04-09 11:21:06', '2019-04-09 11:21:06', 30, 135),
(345, 'Jefferey Newcomb', 'Tue Apr 09 2019', '2019-04-09 11:21:06', '2019-04-09 11:21:06', 59, 9),
(346, 'Jefferey Newcomb', 'Tue Apr 09 2019', '2019-04-09 11:21:06', '2019-04-09 11:21:06', 2, 137),
(347, 'Jefferey Newcomb', 'Tue Apr 09 2019', '2019-04-09 11:21:06', '2019-04-09 11:21:06', 31, 138),
(348, 'Jefferey Newcomb', 'Tue Apr 09 2019', '2019-04-09 11:21:06', '2019-04-09 11:21:06', 60, 12),
(349, 'Jefferey Newcomb', 'Tue Apr 09 2019', '2019-04-09 11:21:06', '2019-04-09 11:21:06', 3, 13),
(350, 'Jefferey Newcomb', 'Tue Apr 09 2019', '2019-04-09 11:21:06', '2019-04-09 11:21:06', 32, 141),
(351, 'Jefferey Newcomb', 'Tue Apr 09 2019', '2019-04-09 11:21:06', '2019-04-09 11:21:06', 61, 142),
(352, 'Jefferey Newcomb', 'Tue Apr 09 2019', '2019-04-09 11:21:06', '2019-04-09 11:21:06', 4, 143),
(353, 'Jefferey Newcomb', 'Tue Apr 09 2019', '2019-04-09 11:21:06', '2019-04-09 11:21:06', 62, 18),
(354, 'Jefferey Newcomb', 'Tue Apr 09 2019', '2019-04-09 11:21:06', '2019-04-09 11:21:06', 33, 144),
(355, 'Jefferey Newcomb', 'Tue Apr 09 2019', '2019-04-09 11:21:06', '2019-04-09 11:21:06', 5, 146),
(356, 'Jefferey Newcomb', 'Tue Apr 09 2019', '2019-04-09 11:21:06', '2019-04-09 11:21:06', 34, 147),
(357, 'Jefferey Newcomb', 'Tue Apr 09 2019', '2019-04-09 11:21:06', '2019-04-09 11:21:06', 63, 21),
(358, 'Jefferey Newcomb', 'Tue Apr 09 2019', '2019-04-09 11:21:06', '2019-04-09 11:21:06', 6, 149),
(359, 'Jefferey Newcomb', 'Tue Apr 09 2019', '2019-04-09 11:21:06', '2019-04-09 11:21:06', 35, 150),
(360, 'Jefferey Newcomb', 'Tue Apr 09 2019', '2019-04-09 11:21:06', '2019-04-09 11:21:06', 64, 24),
(361, 'Jefferey Newcomb', 'Tue Apr 09 2019', '2019-04-09 11:21:06', '2019-04-09 11:21:06', 7, 152),
(362, 'Jefferey Newcomb', 'Tue Apr 09 2019', '2019-04-09 11:21:06', '2019-04-09 11:21:06', 36, 153),
(363, 'Jefferey Newcomb', 'Tue Apr 09 2019', '2019-04-09 11:21:06', '2019-04-09 11:21:06', 65, 27),
(364, 'Jefferey Newcomb', 'Tue Apr 09 2019', '2019-04-09 11:21:06', '2019-04-09 11:21:06', 8, 155),
(365, 'Jefferey Newcomb', 'Tue Apr 09 2019', '2019-04-09 11:21:06', '2019-04-09 11:21:06', 37, 156),
(366, 'Jefferey Newcomb', 'Tue Apr 09 2019', '2019-04-09 11:21:06', '2019-04-09 11:21:06', 66, 30),
(367, 'Jefferey Newcomb', 'Tue Apr 09 2019', '2019-04-09 11:21:06', '2019-04-09 11:21:06', 67, 33),
(368, 'Jefferey Newcomb', 'Tue Apr 09 2019', '2019-04-09 11:21:06', '2019-04-09 11:21:06', 38, 159),
(369, 'Jefferey Newcomb', 'Tue Apr 09 2019', '2019-04-09 11:21:06', '2019-04-09 11:21:06', 39, 35),
(370, 'Jefferey Newcomb', 'Tue Apr 09 2019', '2019-04-09 11:21:06', '2019-04-09 11:21:06', 10, 161),
(371, 'Jefferey Newcomb', 'Tue Apr 09 2019', '2019-04-09 11:21:07', '2019-04-09 11:21:07', 68, 163),
(372, 'Jefferey Newcomb', 'Tue Apr 09 2019', '2019-04-09 11:21:07', '2019-04-09 11:21:07', 11, 164),
(373, 'Jefferey Newcomb', 'Tue Apr 09 2019', '2019-04-09 11:21:07', '2019-04-09 11:21:07', 40, 165),
(374, 'Jefferey Newcomb', 'Tue Apr 09 2019', '2019-04-09 11:21:07', '2019-04-09 11:21:07', 69, 39),
(375, 'Jefferey Newcomb', 'Tue Apr 09 2019', '2019-04-09 11:21:07', '2019-04-09 11:21:07', 12, 167),
(376, 'Jefferey Newcomb', 'Tue Apr 09 2019', '2019-04-09 11:21:07', '2019-04-09 11:21:07', 41, 168),
(377, 'Jefferey Newcomb', 'Tue Apr 09 2019', '2019-04-09 11:21:07', '2019-04-09 11:21:07', 70, 42),
(378, 'Jefferey Newcomb', 'Tue Apr 09 2019', '2019-04-09 11:21:07', '2019-04-09 11:21:07', 71, 45),
(379, 'Jefferey Newcomb', 'Tue Apr 09 2019', '2019-04-09 11:21:07', '2019-04-09 11:21:07', 13, 170),
(380, 'Jefferey Newcomb', 'Tue Apr 09 2019', '2019-04-09 11:21:07', '2019-04-09 11:21:07', 42, 171),
(381, 'Jefferey Newcomb', 'Tue Apr 09 2019', '2019-04-09 11:21:07', '2019-04-09 11:21:07', 14, 173),
(382, 'Jefferey Newcomb', 'Tue Apr 09 2019', '2019-04-09 11:21:07', '2019-04-09 11:21:07', 43, 174),
(383, 'Jefferey Newcomb', 'Tue Apr 09 2019', '2019-04-09 11:21:07', '2019-04-09 11:21:07', 72, 48),
(384, 'Jefferey Newcomb', 'Tue Apr 09 2019', '2019-04-09 11:21:07', '2019-04-09 11:21:07', 15, 176),
(385, 'Jefferey Newcomb', 'Tue Apr 09 2019', '2019-04-09 11:21:07', '2019-04-09 11:21:07', 44, 177),
(386, 'Jefferey Newcomb', 'Tue Apr 09 2019', '2019-04-09 11:21:07', '2019-04-09 11:21:07', 73, 51),
(387, 'Jefferey Newcomb', 'Tue Apr 09 2019', '2019-04-09 11:21:07', '2019-04-09 11:21:07', 16, 52),
(388, 'Jefferey Newcomb', 'Tue Apr 09 2019', '2019-04-09 11:21:07', '2019-04-09 11:21:07', 45, 180),
(389, 'Jefferey Newcomb', 'Tue Apr 09 2019', '2019-04-09 11:21:07', '2019-04-09 11:21:07', 74, 54),
(390, 'Jefferey Newcomb', 'Tue Apr 09 2019', '2019-04-09 11:21:07', '2019-04-09 11:21:07', 17, 55),
(391, 'Jefferey Newcomb', 'Tue Apr 09 2019', '2019-04-09 11:21:07', '2019-04-09 11:21:07', 75, 57),
(392, 'Jefferey Newcomb', 'Tue Apr 09 2019', '2019-04-09 11:21:07', '2019-04-09 11:21:07', 46, 183),
(393, 'Jefferey Newcomb', 'Tue Apr 09 2019', '2019-04-09 11:21:07', '2019-04-09 11:21:07', 18, 58),
(394, 'Jefferey Newcomb', 'Tue Apr 09 2019', '2019-04-09 11:21:07', '2019-04-09 11:21:07', 47, 186),
(395, 'Jefferey Newcomb', 'Tue Apr 09 2019', '2019-04-09 11:21:07', '2019-04-09 11:21:07', 76, 314),
(396, 'Jefferey Newcomb', 'Tue Apr 09 2019', '2019-04-09 11:21:07', '2019-04-09 11:21:07', 19, 188),
(397, 'Jefferey Newcomb', 'Tue Apr 09 2019', '2019-04-09 11:21:07', '2019-04-09 11:21:07', 77, 63),
(398, 'Jefferey Newcomb', 'Tue Apr 09 2019', '2019-04-09 11:21:07', '2019-04-09 11:21:07', 48, 189),
(399, 'Jefferey Newcomb', 'Tue Apr 09 2019', '2019-04-09 11:21:07', '2019-04-09 11:21:07', 20, 191),
(400, 'Jefferey Newcomb', 'Tue Apr 09 2019', '2019-04-09 11:21:07', '2019-04-09 11:21:07', 49, 192),
(401, 'Jefferey Newcomb', 'Tue Apr 09 2019', '2019-04-09 11:21:07', '2019-04-09 11:21:07', 78, 66),
(402, 'Jefferey Newcomb', 'Tue Apr 09 2019', '2019-04-09 11:21:07', '2019-04-09 11:21:07', 21, 67),
(403, 'Jefferey Newcomb', 'Tue Apr 09 2019', '2019-04-09 11:21:07', '2019-04-09 11:21:07', 50, 195),
(404, 'Jefferey Newcomb', 'Tue Apr 09 2019', '2019-04-09 11:21:07', '2019-04-09 11:21:07', 79, 196),
(405, 'Jefferey Newcomb', 'Tue Apr 09 2019', '2019-04-09 11:21:07', '2019-04-09 11:21:07', 22, 197),
(406, 'Jefferey Newcomb', 'Tue Apr 09 2019', '2019-04-09 11:21:07', '2019-04-09 11:21:07', 51, 198),
(407, 'Jefferey Newcomb', 'Tue Apr 09 2019', '2019-04-09 11:21:07', '2019-04-09 11:21:07', 80, 72),
(408, 'Jefferey Newcomb', 'Tue Apr 09 2019', '2019-04-09 11:21:07', '2019-04-09 11:21:07', 23, 73),
(409, 'Jefferey Newcomb', 'Tue Apr 09 2019', '2019-04-09 11:21:07', '2019-04-09 11:21:07', 81, 202),
(410, 'Jefferey Newcomb', 'Tue Apr 09 2019', '2019-04-09 11:21:07', '2019-04-09 11:21:07', 52, 201),
(411, 'Jefferey Newcomb', 'Tue Apr 09 2019', '2019-04-09 11:21:07', '2019-04-09 11:21:07', 24, 203),
(412, 'Jefferey Newcomb', 'Tue Apr 09 2019', '2019-04-09 11:21:08', '2019-04-09 11:21:08', 53, 204),
(413, 'Jefferey Newcomb', 'Tue Apr 09 2019', '2019-04-09 11:21:08', '2019-04-09 11:21:08', 82, 78),
(414, 'Jefferey Newcomb', 'Tue Apr 09 2019', '2019-04-09 11:21:08', '2019-04-09 11:21:08', 25, 79),
(415, 'Jefferey Newcomb', 'Tue Apr 09 2019', '2019-04-09 11:21:08', '2019-04-09 11:21:08', 54, 207),
(416, 'Jefferey Newcomb', 'Tue Apr 09 2019', '2019-04-09 11:21:08', '2019-04-09 11:21:08', 83, 335),
(417, 'Jefferey Newcomb', 'Tue Apr 09 2019', '2019-04-09 11:21:08', '2019-04-09 11:21:08', 26, 336),
(418, 'Jefferey Newcomb', 'Tue Apr 09 2019', '2019-04-09 11:21:08', '2019-04-09 11:21:08', 84, 84),
(419, 'Jefferey Newcomb', 'Tue Apr 09 2019', '2019-04-09 11:21:08', '2019-04-09 11:21:08', 55, 210),
(420, 'Jefferey Newcomb', 'Tue Apr 09 2019', '2019-04-09 11:21:08', '2019-04-09 11:21:08', 27, 212),
(421, 'Jefferey Newcomb', 'Tue Apr 09 2019', '2019-04-09 11:21:08', '2019-04-09 11:21:08', 56, 213),
(422, 'Jefferey Newcomb', 'Tue Apr 09 2019', '2019-04-09 11:21:08', '2019-04-09 11:21:08', 85, 87),
(423, 'Jefferey Newcomb', 'Tue Apr 09 2019', '2019-04-09 11:21:08', '2019-04-09 11:21:08', 28, 342),
(424, 'Jefferey Newcomb', 'Tue Apr 09 2019', '2019-04-09 11:21:08', '2019-04-09 11:21:08', 86, 90),
(425, 'Jefferey Newcomb', 'Tue Apr 09 2019', '2019-04-09 11:21:08', '2019-04-09 11:21:08', 57, 216),
(426, 'Jefferey Newcomb', 'Tue Apr 09 2019', '2019-04-09 11:21:08', '2019-04-09 11:21:08', 29, 218),
(427, 'Jefferey Newcomb', 'Tue Apr 09 2019', '2019-04-09 11:21:08', '2019-04-09 11:21:08', 58, 219),
(428, 'Jefferey Newcomb', 'Tue Apr 09 2019', '2019-04-09 11:21:08', '2019-04-09 11:21:08', 87, 93),
(429, 'Jefferey Newcomb', 'Tue Apr 09 2019', '2019-04-09 11:21:08', '2019-04-09 11:21:08', 88, 221),
(430, 'Jefferey Newcomb', 'Tue Apr 09 2019', '2019-04-09 11:21:08', '2019-04-09 11:21:08', 104, 222),
(431, 'Jefferey Newcomb', 'Tue Apr 09 2019', '2019-04-09 11:21:08', '2019-04-09 11:21:08', 113, 223),
(432, 'Jefferey Newcomb', 'Tue Apr 09 2019', '2019-04-09 11:21:08', '2019-04-09 11:21:08', 89, 224),
(433, 'Jefferey Newcomb', 'Tue Apr 09 2019', '2019-04-09 11:21:08', '2019-04-09 11:21:08', 105, 225),
(434, 'Jefferey Newcomb', 'Tue Apr 09 2019', '2019-04-09 11:21:08', '2019-04-09 11:21:08', 114, 226),
(435, 'Jefferey Newcomb', 'Tue Apr 09 2019', '2019-04-09 11:21:08', '2019-04-09 11:21:08', 90, 227),
(436, 'Jefferey Newcomb', 'Tue Apr 09 2019', '2019-04-09 11:21:08', '2019-04-09 11:21:08', 106, 228),
(437, 'Jefferey Newcomb', 'Tue Apr 09 2019', '2019-04-09 11:21:08', '2019-04-09 11:21:08', 115, 229),
(438, 'Jefferey Newcomb', 'Tue Apr 09 2019', '2019-04-09 11:21:08', '2019-04-09 11:21:08', 91, 230),
(439, 'Jefferey Newcomb', 'Tue Apr 09 2019', '2019-04-09 11:21:08', '2019-04-09 11:21:08', 107, 231),
(440, 'Jefferey Newcomb', 'Tue Apr 09 2019', '2019-04-09 11:21:08', '2019-04-09 11:21:08', 116, 232),
(441, 'Jefferey Newcomb', 'Tue Apr 09 2019', '2019-04-09 11:21:08', '2019-04-09 11:21:08', 92, 233),
(442, 'Jefferey Newcomb', 'Tue Apr 09 2019', '2019-04-09 11:21:08', '2019-04-09 11:21:08', 108, 234),
(443, 'Jefferey Newcomb', 'Tue Apr 09 2019', '2019-04-09 11:21:08', '2019-04-09 11:21:08', 117, 235),
(444, 'Jefferey Newcomb', 'Tue Apr 09 2019', '2019-04-09 11:21:08', '2019-04-09 11:21:08', 93, 236),
(445, 'Jefferey Newcomb', 'Tue Apr 09 2019', '2019-04-09 11:21:08', '2019-04-09 11:21:08', 109, 237),
(446, 'Jefferey Newcomb', 'Tue Apr 09 2019', '2019-04-09 11:21:08', '2019-04-09 11:21:08', 118, 238),
(447, 'Jefferey Newcomb', 'Tue Apr 09 2019', '2019-04-09 11:21:08', '2019-04-09 11:21:08', 94, 239),
(448, 'Jefferey Newcomb', 'Tue Apr 09 2019', '2019-04-09 11:21:08', '2019-04-09 11:21:08', 110, 240),
(449, 'Jefferey Newcomb', 'Tue Apr 09 2019', '2019-04-09 11:21:08', '2019-04-09 11:21:08', 119, 241),
(450, 'Jefferey Newcomb', 'Tue Apr 09 2019', '2019-04-09 11:21:08', '2019-04-09 11:21:08', 102, 128),
(451, 'Jefferey Newcomb', 'Tue Apr 09 2019', '2019-04-09 11:21:08', '2019-04-09 11:21:08', 103, 129),
(452, 'Jefferey Newcomb', 'Tue Apr 09 2019', '2019-04-09 11:21:08', '2019-04-09 11:21:08', 111, 130),
(453, 'Jefferey Newcomb', 'Tue Apr 09 2019', '2019-04-09 11:21:08', '2019-04-09 11:21:08', 112, 131),
(454, 'Jefferey Newcomb', 'Tue Apr 09 2019', '2019-04-09 11:21:08', '2019-04-09 11:21:08', 120, 132),
(455, 'Jefferey Newcomb', 'Tue Apr 09 2019', '2019-04-09 11:21:09', '2019-04-09 11:21:09', 121, 133),
(456, 'Jefferey Newcomb', 'Tue Apr 09 2019', '2019-04-09 11:21:09', '2019-04-09 11:21:09', 9, 158),
(457, 'Theron Prokes', 'Tue Apr 09 2019', '2019-04-09 11:21:11', '2019-04-09 11:21:11', 1, 7),
(458, 'Theron Prokes', 'Tue Apr 09 2019', '2019-04-09 11:21:11', '2019-04-09 11:21:11', 30, 8),
(459, 'Theron Prokes', 'Tue Apr 09 2019', '2019-04-09 11:21:11', '2019-04-09 11:21:11', 59, 263),
(460, 'Theron Prokes', 'Tue Apr 09 2019', '2019-04-09 11:21:11', '2019-04-09 11:21:11', 2, 137),
(461, 'Theron Prokes', 'Tue Apr 09 2019', '2019-04-09 11:21:11', '2019-04-09 11:21:11', 31, 11),
(462, 'Theron Prokes', 'Tue Apr 09 2019', '2019-04-09 11:21:11', '2019-04-09 11:21:11', 60, 12),
(463, 'Theron Prokes', 'Tue Apr 09 2019', '2019-04-09 11:21:11', '2019-04-09 11:21:11', 61, 15),
(464, 'Theron Prokes', 'Tue Apr 09 2019', '2019-04-09 11:21:11', '2019-04-09 11:21:11', 32, 14),
(465, 'Theron Prokes', 'Tue Apr 09 2019', '2019-04-09 11:21:11', '2019-04-09 11:21:11', 3, 267),
(466, 'Theron Prokes', 'Tue Apr 09 2019', '2019-04-09 11:21:11', '2019-04-09 11:21:11', 4, 143),
(467, 'Theron Prokes', 'Tue Apr 09 2019', '2019-04-09 11:21:11', '2019-04-09 11:21:11', 33, 17),
(468, 'Theron Prokes', 'Tue Apr 09 2019', '2019-04-09 11:21:11', '2019-04-09 11:21:11', 62, 145),
(469, 'Theron Prokes', 'Tue Apr 09 2019', '2019-04-09 11:21:11', '2019-04-09 11:21:11', 5, 19),
(470, 'Theron Prokes', 'Tue Apr 09 2019', '2019-04-09 11:21:11', '2019-04-09 11:21:11', 34, 20),
(471, 'Theron Prokes', 'Tue Apr 09 2019', '2019-04-09 11:21:11', '2019-04-09 11:21:11', 63, 148),
(472, 'Theron Prokes', 'Tue Apr 09 2019', '2019-04-09 11:21:12', '2019-04-09 11:21:12', 6, 149),
(473, 'Theron Prokes', 'Tue Apr 09 2019', '2019-04-09 11:21:12', '2019-04-09 11:21:12', 35, 150),
(474, 'Theron Prokes', 'Tue Apr 09 2019', '2019-04-09 11:21:12', '2019-04-09 11:21:12', 64, 24),
(475, 'Theron Prokes', 'Tue Apr 09 2019', '2019-04-09 11:21:12', '2019-04-09 11:21:12', 7, 279),
(476, 'Theron Prokes', 'Tue Apr 09 2019', '2019-04-09 11:21:12', '2019-04-09 11:21:12', 65, 154),
(477, 'Theron Prokes', 'Tue Apr 09 2019', '2019-04-09 11:21:12', '2019-04-09 11:21:12', 36, 26),
(478, 'Theron Prokes', 'Tue Apr 09 2019', '2019-04-09 11:21:12', '2019-04-09 11:21:12', 8, 28),
(479, 'Theron Prokes', 'Tue Apr 09 2019', '2019-04-09 11:21:12', '2019-04-09 11:21:12', 37, 156),
(480, 'Theron Prokes', 'Tue Apr 09 2019', '2019-04-09 11:21:12', '2019-04-09 11:21:12', 66, 30),
(481, 'Theron Prokes', 'Tue Apr 09 2019', '2019-04-09 11:21:12', '2019-04-09 11:21:12', 9, 158),
(482, 'Theron Prokes', 'Tue Apr 09 2019', '2019-04-09 11:21:12', '2019-04-09 11:21:12', 38, 32),
(483, 'Theron Prokes', 'Tue Apr 09 2019', '2019-04-09 11:21:12', '2019-04-09 11:21:12', 67, 33),
(484, 'Theron Prokes', 'Tue Apr 09 2019', '2019-04-09 11:21:12', '2019-04-09 11:21:12', 10, 161),
(485, 'Theron Prokes', 'Tue Apr 09 2019', '2019-04-09 11:21:12', '2019-04-09 11:21:12', 39, 35),
(486, 'Theron Prokes', 'Tue Apr 09 2019', '2019-04-09 11:21:12', '2019-04-09 11:21:12', 68, 36),
(487, 'Theron Prokes', 'Tue Apr 09 2019', '2019-04-09 11:21:12', '2019-04-09 11:21:12', 11, 164),
(488, 'Theron Prokes', 'Tue Apr 09 2019', '2019-04-09 11:21:12', '2019-04-09 11:21:12', 40, 38),
(489, 'Theron Prokes', 'Tue Apr 09 2019', '2019-04-09 11:21:12', '2019-04-09 11:21:12', 69, 39),
(490, 'Theron Prokes', 'Tue Apr 09 2019', '2019-04-09 11:21:12', '2019-04-09 11:21:12', 41, 168),
(491, 'Theron Prokes', 'Tue Apr 09 2019', '2019-04-09 11:21:12', '2019-04-09 11:21:12', 12, 40),
(492, 'Theron Prokes', 'Tue Apr 09 2019', '2019-04-09 11:21:12', '2019-04-09 11:21:12', 70, 169),
(493, 'Theron Prokes', 'Tue Apr 09 2019', '2019-04-09 11:21:12', '2019-04-09 11:21:12', 13, 43),
(494, 'Theron Prokes', 'Tue Apr 09 2019', '2019-04-09 11:21:12', '2019-04-09 11:21:12', 42, 298),
(495, 'Theron Prokes', 'Tue Apr 09 2019', '2019-04-09 11:21:12', '2019-04-09 11:21:12', 71, 172),
(496, 'Theron Prokes', 'Tue Apr 09 2019', '2019-04-09 11:21:12', '2019-04-09 11:21:12', 14, 46),
(497, 'Theron Prokes', 'Tue Apr 09 2019', '2019-04-09 11:21:12', '2019-04-09 11:21:12', 43, 47),
(498, 'Theron Prokes', 'Tue Apr 09 2019', '2019-04-09 11:21:12', '2019-04-09 11:21:12', 72, 175),
(499, 'Theron Prokes', 'Tue Apr 09 2019', '2019-04-09 11:21:12', '2019-04-09 11:21:12', 15, 49),
(500, 'Theron Prokes', 'Tue Apr 09 2019', '2019-04-09 11:21:12', '2019-04-09 11:21:12', 44, 304),
(501, 'Theron Prokes', 'Tue Apr 09 2019', '2019-04-09 11:21:12', '2019-04-09 11:21:12', 73, 51),
(502, 'Theron Prokes', 'Tue Apr 09 2019', '2019-04-09 11:21:12', '2019-04-09 11:21:12', 16, 52),
(503, 'Theron Prokes', 'Tue Apr 09 2019', '2019-04-09 11:21:12', '2019-04-09 11:21:12', 45, 180),
(504, 'Theron Prokes', 'Tue Apr 09 2019', '2019-04-09 11:21:12', '2019-04-09 11:21:12', 74, 181),
(505, 'Theron Prokes', 'Tue Apr 09 2019', '2019-04-09 11:21:12', '2019-04-09 11:21:12', 17, 55),
(506, 'Theron Prokes', 'Tue Apr 09 2019', '2019-04-09 11:21:12', '2019-04-09 11:21:12', 46, 183),
(507, 'Theron Prokes', 'Tue Apr 09 2019', '2019-04-09 11:21:12', '2019-04-09 11:21:12', 75, 57),
(508, 'Theron Prokes', 'Tue Apr 09 2019', '2019-04-09 11:21:12', '2019-04-09 11:21:12', 18, 58),
(509, 'Theron Prokes', 'Tue Apr 09 2019', '2019-04-09 11:21:12', '2019-04-09 11:21:12', 47, 186),
(510, 'Theron Prokes', 'Tue Apr 09 2019', '2019-04-09 11:21:12', '2019-04-09 11:21:12', 76, 60),
(511, 'Theron Prokes', 'Tue Apr 09 2019', '2019-04-09 11:21:12', '2019-04-09 11:21:12', 19, 315),
(512, 'Theron Prokes', 'Tue Apr 09 2019', '2019-04-09 11:21:12', '2019-04-09 11:21:12', 48, 62),
(513, 'Theron Prokes', 'Tue Apr 09 2019', '2019-04-09 11:21:13', '2019-04-09 11:21:13', 77, 190),
(514, 'Theron Prokes', 'Tue Apr 09 2019', '2019-04-09 11:21:13', '2019-04-09 11:21:13', 20, 64),
(515, 'Theron Prokes', 'Tue Apr 09 2019', '2019-04-09 11:21:13', '2019-04-09 11:21:13', 78, 66),
(516, 'Theron Prokes', 'Tue Apr 09 2019', '2019-04-09 11:21:13', '2019-04-09 11:21:13', 49, 319),
(517, 'Theron Prokes', 'Tue Apr 09 2019', '2019-04-09 11:21:13', '2019-04-09 11:21:13', 21, 67),
(518, 'Theron Prokes', 'Tue Apr 09 2019', '2019-04-09 11:21:13', '2019-04-09 11:21:13', 50, 68),
(519, 'Theron Prokes', 'Tue Apr 09 2019', '2019-04-09 11:21:13', '2019-04-09 11:21:13', 79, 196),
(520, 'Theron Prokes', 'Tue Apr 09 2019', '2019-04-09 11:21:13', '2019-04-09 11:21:13', 22, 70),
(521, 'Theron Prokes', 'Tue Apr 09 2019', '2019-04-09 11:21:13', '2019-04-09 11:21:13', 51, 325),
(522, 'Theron Prokes', 'Tue Apr 09 2019', '2019-04-09 11:21:13', '2019-04-09 11:21:13', 80, 199),
(523, 'Theron Prokes', 'Tue Apr 09 2019', '2019-04-09 11:21:13', '2019-04-09 11:21:13', 23, 327),
(524, 'Theron Prokes', 'Tue Apr 09 2019', '2019-04-09 11:21:13', '2019-04-09 11:21:13', 52, 74),
(525, 'Theron Prokes', 'Tue Apr 09 2019', '2019-04-09 11:21:13', '2019-04-09 11:21:13', 81, 75),
(526, 'Theron Prokes', 'Tue Apr 09 2019', '2019-04-09 11:21:13', '2019-04-09 11:21:13', 24, 203),
(527, 'Theron Prokes', 'Tue Apr 09 2019', '2019-04-09 11:21:13', '2019-04-09 11:21:13', 53, 77),
(528, 'Theron Prokes', 'Tue Apr 09 2019', '2019-04-09 11:21:13', '2019-04-09 11:21:13', 82, 78),
(529, 'Theron Prokes', 'Tue Apr 09 2019', '2019-04-09 11:21:13', '2019-04-09 11:21:13', 25, 79),
(530, 'Theron Prokes', 'Tue Apr 09 2019', '2019-04-09 11:21:13', '2019-04-09 11:21:13', 54, 80),
(531, 'Theron Prokes', 'Tue Apr 09 2019', '2019-04-09 11:21:13', '2019-04-09 11:21:13', 26, 209),
(532, 'Theron Prokes', 'Tue Apr 09 2019', '2019-04-09 11:21:13', '2019-04-09 11:21:13', 55, 83),
(533, 'Theron Prokes', 'Tue Apr 09 2019', '2019-04-09 11:21:13', '2019-04-09 11:21:13', 84, 211),
(534, 'Theron Prokes', 'Tue Apr 09 2019', '2019-04-09 11:21:13', '2019-04-09 11:21:13', 27, 85),
(535, 'Theron Prokes', 'Tue Apr 09 2019', '2019-04-09 11:21:13', '2019-04-09 11:21:13', 56, 213),
(536, 'Theron Prokes', 'Tue Apr 09 2019', '2019-04-09 11:21:13', '2019-04-09 11:21:13', 85, 214),
(537, 'Theron Prokes', 'Tue Apr 09 2019', '2019-04-09 11:21:13', '2019-04-09 11:21:13', 28, 215),
(538, 'Theron Prokes', 'Tue Apr 09 2019', '2019-04-09 11:21:13', '2019-04-09 11:21:13', 57, 89),
(539, 'Theron Prokes', 'Tue Apr 09 2019', '2019-04-09 11:21:13', '2019-04-09 11:21:13', 86, 90),
(540, 'Theron Prokes', 'Tue Apr 09 2019', '2019-04-09 11:21:13', '2019-04-09 11:21:13', 29, 218),
(541, 'Theron Prokes', 'Tue Apr 09 2019', '2019-04-09 11:21:13', '2019-04-09 11:21:13', 58, 92),
(542, 'Theron Prokes', 'Tue Apr 09 2019', '2019-04-09 11:21:13', '2019-04-09 11:21:13', 87, 93),
(543, 'Theron Prokes', 'Tue Apr 09 2019', '2019-04-09 11:21:13', '2019-04-09 11:21:13', 88, 94),
(544, 'Theron Prokes', 'Tue Apr 09 2019', '2019-04-09 11:21:13', '2019-04-09 11:21:13', 104, 349),
(545, 'Theron Prokes', 'Tue Apr 09 2019', '2019-04-09 11:21:13', '2019-04-09 11:21:13', 113, 350),
(546, 'Theron Prokes', 'Tue Apr 09 2019', '2019-04-09 11:21:13', '2019-04-09 11:21:13', 89, 224),
(547, 'Theron Prokes', 'Tue Apr 09 2019', '2019-04-09 11:21:13', '2019-04-09 11:21:13', 105, 98),
(548, 'Theron Prokes', 'Tue Apr 09 2019', '2019-04-09 11:21:13', '2019-04-09 11:21:13', 114, 99),
(549, 'Theron Prokes', 'Tue Apr 09 2019', '2019-04-09 11:21:13', '2019-04-09 11:21:13', 106, 228),
(550, 'Theron Prokes', 'Tue Apr 09 2019', '2019-04-09 11:21:13', '2019-04-09 11:21:13', 90, 100),
(551, 'Theron Prokes', 'Tue Apr 09 2019', '2019-04-09 11:21:13', '2019-04-09 11:21:13', 115, 229),
(552, 'Theron Prokes', 'Tue Apr 09 2019', '2019-04-09 11:21:13', '2019-04-09 11:21:13', 91, 230),
(553, 'Theron Prokes', 'Tue Apr 09 2019', '2019-04-09 11:21:13', '2019-04-09 11:21:13', 107, 104),
(554, 'Theron Prokes', 'Tue Apr 09 2019', '2019-04-09 11:21:13', '2019-04-09 11:21:13', 116, 232),
(555, 'Theron Prokes', 'Tue Apr 09 2019', '2019-04-09 11:21:13', '2019-04-09 11:21:13', 92, 233),
(556, 'Theron Prokes', 'Tue Apr 09 2019', '2019-04-09 11:21:13', '2019-04-09 11:21:13', 108, 107),
(557, 'Theron Prokes', 'Tue Apr 09 2019', '2019-04-09 11:21:14', '2019-04-09 11:21:14', 117, 362),
(558, 'Theron Prokes', 'Tue Apr 09 2019', '2019-04-09 11:21:14', '2019-04-09 11:21:14', 93, 109),
(559, 'Theron Prokes', 'Tue Apr 09 2019', '2019-04-09 11:21:14', '2019-04-09 11:21:14', 109, 364),
(560, 'Theron Prokes', 'Tue Apr 09 2019', '2019-04-09 11:21:14', '2019-04-09 11:21:14', 118, 365),
(561, 'Theron Prokes', 'Tue Apr 09 2019', '2019-04-09 11:21:14', '2019-04-09 11:21:14', 94, 239),
(562, 'Theron Prokes', 'Tue Apr 09 2019', '2019-04-09 11:21:14', '2019-04-09 11:21:14', 110, 240),
(563, 'Theron Prokes', 'Tue Apr 09 2019', '2019-04-09 11:21:14', '2019-04-09 11:21:14', 119, 114),
(564, 'Theron Prokes', 'Tue Apr 09 2019', '2019-04-09 11:21:14', '2019-04-09 11:21:14', 102, 128),
(565, 'Theron Prokes', 'Tue Apr 09 2019', '2019-04-09 11:21:14', '2019-04-09 11:21:14', 103, 129),
(566, 'Theron Prokes', 'Tue Apr 09 2019', '2019-04-09 11:21:14', '2019-04-09 11:21:14', 111, 130),
(567, 'Theron Prokes', 'Tue Apr 09 2019', '2019-04-09 11:21:14', '2019-04-09 11:21:14', 112, 131),
(568, 'Theron Prokes', 'Tue Apr 09 2019', '2019-04-09 11:21:14', '2019-04-09 11:21:14', 120, 5),
(569, 'Theron Prokes', 'Tue Apr 09 2019', '2019-04-09 11:21:14', '2019-04-09 11:21:14', 121, 6),
(570, 'Theron Prokes', 'Tue Apr 09 2019', '2019-04-09 11:21:14', '2019-04-09 11:21:14', 83, 208);

-- 
-- Dumping data for table codemasters
--
INSERT INTO codemasters VALUES
(1, 'contractindex', '1904040001', '2019-03-25 00:00:00', '2019-04-04 11:28:17'),
(2, 'bankname', 'ХААНБАНК', '2019-03-26 00:00:00', '2019-03-26 00:00:00'),
(3, 'accountno', '5055369874', '2019-03-26 00:00:00', '2019-03-26 00:00:00');

-- 
-- Restore previous SQL mode
-- 

-- 
-- Enable foreign keys
-- 
